{"id":90833,"date":"2026-03-20T04:01:17","date_gmt":"2026-03-20T04:01:17","guid":{"rendered":"https:\/\/soydeaqui.ddns.net\/pachuca\/index.php\/producto\/sistema-telefonico-inalambrico-sip-de-largo-alcance-incluye-base-y-dos-telefonos-inalambricos-soporta-10-cuentas-sip-hasta-4-llamadas-simultaneas\/"},"modified":"2026-03-20T04:01:24","modified_gmt":"2026-03-20T04:01:24","slug":"sistema-telefonico-inalambrico-sip-de-largo-alcance-incluye-base-y-dos-telefonos-inalambricos-soporta-10-cuentas-sip-hasta-4-llamadas-simultaneas","status":"publish","type":"product","link":"https:\/\/soydeaqui.ddns.net\/pachuca\/index.php\/producto\/sistema-telefonico-inalambrico-sip-de-largo-alcance-incluye-base-y-dos-telefonos-inalambricos-soporta-10-cuentas-sip-hasta-4-llamadas-simultaneas\/","title":{"rendered":"Sistema Telef\u00f3nico Inal\u00e1mbrico SIP de Largo Alcance, Incluye Base y Dos Tel\u00e9fonos Inal\u00e1mbricos, Soporta 10 Cuentas SIP, Hasta 4 Llamadas Simultaneas,"},"content":{"rendered":"<div style='width: 100%; max-width: 1200px; margin: 0 auto; font-family: sans-serif; line-height: 1.6; color: inherit; background-color: transparent;'>\n<div style='display: flex; flex-direction: column; align-items: center; text-align: center; margin-bottom: 30px;'>\n<h2 style='font-size: 24px; margin: 0 0 20px; color: inherit; opacity: 0.9;'>El FreeStyl SIP brinda cobertura de largo alcance<\/h2>\n<p> <img style='width: 100%; max-width: 650px; height: auto; border: 1px solid rgba(150&comma;150&comma;150&comma;0.3); border-radius: 8px;' src='https:\/\/ftp3.syscom.mx\/usuarios\/fotos\/FREESTYLSIP2\/211744-freestyl-sip2.jpg' alt='Sistema Telef\u00f3nico Inal\u00e1mbrico SIP'> <\/div>\n<div style='display: grid; grid-template-columns: repeat(auto-fit&comma; minmax(280px&comma; 1fr)); gap: 30px; margin-bottom: 30px;'> <img style='width: 100%; height: auto; border: 1px solid rgba(150&comma;150&comma;150&comma;0.3); border-radius: 8px;' src='https:\/\/ftp3.syscom.mx\/usuarios\/fotos\/FREESTYLSIP2\/211744-freestyl-sip-diagram.jpg' alt='Diagrama del sistema'> <img style='width: 100%; height: auto; border: 1px solid rgba(150&comma;150&comma;150&comma;0.3); border-radius: 8px;' src='https:\/\/ftp3.syscom.mx\/usuarios\/fotos\/FREESTYLSIP2\/211744-freestyl-sip2-verticals.jpg' alt='Tel\u00e9fonos verticales'> <\/div>\n<div style='display: flex; flex-wrap: wrap; gap: 30px; margin-bottom: 30px;'>\n<div style='flex: 1 1 300px; min-width: 280px;'>\n<h3 style='font-size: 20px; border-bottom: 2px solid currentColor; padding-bottom: 5px; margin-top: 0; color: inherit; opacity: 0.8;'>Especificaciones de la base<\/h3>\n<ul style='padding-left: 20px; font-size: 15px; color: inherit;'>\n<li style='margin-bottom: 8px;'><strong>Frecuencia:<\/strong> 902-928 MHz<\/li>\n<li style='margin-bottom: 8px;'><strong>Conector:<\/strong> TNC inverso<\/li>\n<li style='margin-bottom: 8px;'><strong>Ganancia de la Antena:<\/strong> 2 dBi<\/li>\n<li style='margin-bottom: 8px;'><strong>Rango de control de potencia TX:<\/strong> 19~27dBm<\/li>\n<li style='margin-bottom: 8px;'><strong>Interfaz de Ethernet:<\/strong> 1 RJ45<\/li>\n<li style='margin-bottom: 8px;'><strong>Fuente de alimentaci\u00f3n:<\/strong> Adaptador de 100~240V a 5V&comma;1A<\/li>\n<li style='margin-bottom: 8px;'><strong>Temperatura de funcionamiento:<\/strong> 0 &#8211; 50\u00b0C<\/li>\n<li style='margin-bottom: 8px;'><strong>Temperatura de almacenamiento:<\/strong> -40 &#8211; 70\u00b0C<\/li>\n<li style='margin-bottom: 8px;'><strong>Humedad:<\/strong> 20 \u2013 75 %<\/li>\n<li style='margin-bottom: 8px;'><strong>Garant\u00eda:<\/strong> 1 A\u00f1o<\/li>\n<\/ul><\/div>\n<div style='flex: 1 1 300px; min-width: 280px;'>\n<h3 style='font-size: 20px; border-bottom: 2px solid currentColor; padding-bottom: 5px; margin-top: 0; color: inherit; opacity: 0.8;'>Especificaciones del tel\u00e9fono<\/h3>\n<ul style='padding-left: 20px; font-size: 15px; color: inherit;'>\n<li style='margin-bottom: 8px;'><strong>Frecuencia:<\/strong> 902-928 MHz<\/li>\n<li style='margin-bottom: 8px;'><strong>Ganancia de la Antena:<\/strong> 1&comma;5 dBi (antena corta)&comma; 2&comma;5 dBi (antena larga)<\/li>\n<li style='margin-bottom: 8px;'><strong>Rango de control de potencia TX:<\/strong> 19~26dBm<\/li>\n<li style='margin-bottom: 8px;'><strong>Fuente de alimentaci\u00f3n:<\/strong> Bater\u00eda de iones de litio de 3&comma;7 V\/1100 mAh (Opcional: 3&comma;7 V\/1700 mAh)<\/li>\n<li style='margin-bottom: 8px;'><strong>Temperatura de funcionamiento:<\/strong> -10 &#8211; 60\u00b0C<\/li>\n<li style='margin-bottom: 8px;'><strong>Temperatura de almacenamiento:<\/strong> -40 &#8211; 70\u00b0C<\/li>\n<li style='margin-bottom: 8px;'><strong>Humedad:<\/strong> 20 &#8211; 75 %<\/li>\n<\/ul><\/div>\n<\/p><\/div>\n<div style='margin-bottom: 30px;'>\n<h3 style='font-size: 20px; border-bottom: 2px solid currentColor; padding-bottom: 5px; margin-top: 0; margin-bottom: 15px; color: inherit; opacity: 0.8;'>El paquete incluye<\/h3>\n<ul style='padding-left: 20px; font-size: 15px; color: inherit;'>\n<li style='margin-bottom: 8px;'>1 &#8211; Base de tel\u00e9fono SIP con antena<\/li>\n<li style='margin-bottom: 8px;'>1 &#8211; Adaptador de CA de la base<\/li>\n<li style='margin-bottom: 8px;'>2 &#8211; Tel\u00e9fonos SIP con antenas y tapas de bater\u00eda<\/li>\n<li style='margin-bottom: 8px;'>2 &#8211; Paquetes de bater\u00edas<\/li>\n<li style='margin-bottom: 8px;'>2 &#8211; Bases de carga del tel\u00e9fono<\/li>\n<li style='margin-bottom: 8px;'>2 &#8211; Adaptadores de CA de la base de carga del tel\u00e9fono<\/li>\n<li style='margin-bottom: 8px;'>2 &#8211; Clips para cintur\u00f3n del tel\u00e9fono<\/li>\n<\/ul><\/div>\n<\/p><\/div>\n","protected":false},"excerpt":{"rendered":"<p>Sistema Telef\u00f3nico Inal\u00e1mbrico SIP de Largo Alcance, Incluye Base y Dos Tel\u00e9fonos Inal\u00e1mbricos, Soporta 10 Cuentas SIP, Hasta 4 Llamadas Simultaneas,<\/p>\n","protected":false},"featured_media":90832,"comment_status":"open","ping_status":"closed","template":"","meta":[],"product_brand":[],"product_cat":[2003],"product_tag":[738,2005,2004],"class_list":{"0":"post-90833","1":"product","2":"type-product","3":"status-publish","4":"has-post-thumbnail","6":"product_cat-telefonos-ip","7":"product_tag-engenius","8":"product_tag-telefonos-ip","9":"product_tag-voip-telefonia-ip-videoconferencia","11":"first","12":"instock","13":"sale","14":"shipping-taxable","15":"purchasable","16":"product-type-simple"},"_links":{"self":[{"href":"https:\/\/soydeaqui.ddns.net\/pachuca\/index.php\/wp-json\/wp\/v2\/product\/90833","targetHints":{"allow":["GET"]}}],"collection":[{"href":"https:\/\/soydeaqui.ddns.net\/pachuca\/index.php\/wp-json\/wp\/v2\/product"}],"about":[{"href":"https:\/\/soydeaqui.ddns.net\/pachuca\/index.php\/wp-json\/wp\/v2\/types\/product"}],"replies":[{"embeddable":true,"href":"https:\/\/soydeaqui.ddns.net\/pachuca\/index.php\/wp-json\/wp\/v2\/comments?post=90833"}],"wp:featuredmedia":[{"embeddable":true,"href":"https:\/\/soydeaqui.ddns.net\/pachuca\/index.php\/wp-json\/wp\/v2\/media\/90832"}],"wp:attachment":[{"href":"https:\/\/soydeaqui.ddns.net\/pachuca\/index.php\/wp-json\/wp\/v2\/media?parent=90833"}],"wp:term":[{"taxonomy":"product_brand","embeddable":true,"href":"https:\/\/soydeaqui.ddns.net\/pachuca\/index.php\/wp-json\/wp\/v2\/product_brand?post=90833"},{"taxonomy":"product_cat","embeddable":true,"href":"https:\/\/soydeaqui.ddns.net\/pachuca\/index.php\/wp-json\/wp\/v2\/product_cat?post=90833"},{"taxonomy":"product_tag","embeddable":true,"href":"https:\/\/soydeaqui.ddns.net\/pachuca\/index.php\/wp-json\/wp\/v2\/product_tag?post=90833"}],"curies":[{"name":"wp","href":"https:\/\/api.w.org\/{rel}","templated":true}]}}