{"id":90772,"date":"2026-03-20T03:58:31","date_gmt":"2026-03-20T03:58:31","guid":{"rendered":"https:\/\/soydeaqui.ddns.net\/pachuca\/index.php\/producto\/carrete-de-4-kilmetros-2-49-millas-de-fibra-ptica-area-adss-g-652d-monomodo-de-96-hilos-exterior-span-200-loose-tube\/"},"modified":"2026-03-20T03:58:32","modified_gmt":"2026-03-20T03:58:32","slug":"carrete-de-4-kilmetros-2-49-millas-de-fibra-ptica-area-adss-g-652d-monomodo-de-96-hilos-exterior-span-200-loose-tube","status":"publish","type":"product","link":"https:\/\/soydeaqui.ddns.net\/pachuca\/index.php\/producto\/carrete-de-4-kilmetros-2-49-millas-de-fibra-ptica-area-adss-g-652d-monomodo-de-96-hilos-exterior-span-200-loose-tube\/","title":{"rendered":"Carrete de 4 Kil?metros (2.49 Millas) de Fibra ?ptica A?rea (ADSS) G.652D, Monomodo de 96 Hilos, Exterior, Span 200, Loose Tube"},"content":{"rendered":"<div style='width: 100%; max-width: 1200px; margin: 0 auto; font-family: sans-serif; line-height: 1.6; color: inherit; background-color: transparent;'> <!-- Descripci\u00f3n principal --> <\/p>\n<div style='margin-bottom: 30px;'>\n<p style='margin: 0 0 15px; color: inherit; font-size: 16px;'> El cable de fibra \u00f3ptica ADSS (All Dielectric Self Supported&comma; completamente diel\u00e9ctrico y autosoportado) est\u00e1 dise\u00f1ado para instalaciones a\u00e9reas entre postes. Los cables ADSS resisten la tracci\u00f3n necesaria gracias a los hilos de aramida&comma; no contiene elementos met\u00e1licos. <\/p>\n<\/p><\/div>\n<p> <!-- Especificaciones t\u00e9cnicas --> <\/p>\n<div style='display: flex; flex-wrap: wrap; gap: 30px; margin-bottom: 30px;'>\n<div style='flex: 1 1 300px; min-width: 280px;'>\n<h3 style='font-size: 20px; border-bottom: 2px solid currentColor; padding-bottom: 5px; margin-top: 0; color: inherit; opacity: 0.8;'>Especificaciones T\u00e9cnicas:<\/h3>\n<ul style='padding-left: 20px; font-size: 15px; color: inherit;'>\n<li style='margin-bottom: 8px;'><strong>Fibra \u00d3ptica:<\/strong> ADSS G.652D Monomodo Loose Tube<\/li>\n<li style='margin-bottom: 8px;'><strong>Cubierta Exterior:<\/strong> HDPE (Polietileno de Alta Densidad)<\/li>\n<li style='margin-bottom: 8px;'><strong>Maxima tensi\u00f3n:<\/strong> 4500N<\/li>\n<li style='margin-bottom: 8px;'><strong>Temperatura de operaci\u00f3n:<\/strong> -20\u00baC ~ +65\u00baC<\/li>\n<li style='margin-bottom: 8px;'><strong>Span:<\/strong> 200 metros<\/li>\n<li style='margin-bottom: 8px;'><strong>Protecci\u00f3n:<\/strong> Rayos UV y humedad<\/li>\n<li style='margin-bottom: 8px;'><strong>Di\u00e1metro nominal:<\/strong> 12.4 \u00b1 0.5 mm<\/li>\n<li style='margin-bottom: 8px;'><strong>Radio m\u00ednimo de curvatura:<\/strong> Instalaci\u00f3n 25D&comma; Operaci\u00f3n 12.5D<\/li>\n<li style='margin-bottom: 8px;'><strong>Resistencia al aplastamiento:<\/strong> 1000N\/10cm<\/li>\n<li style='margin-bottom: 8px;'><strong>Peso nominal:<\/strong> 117 \u00b1 15 kg\/km<\/li>\n<li style='margin-bottom: 8px;'><strong>Hilos:<\/strong> 96<\/li>\n<li style='margin-bottom: 8px;'><strong>Color:<\/strong> Negro<\/li>\n<\/ul><\/div>\n<\/p><\/div>\n<p> <!-- Imagen --> <\/p>\n<div style='margin: 30px 0;'> <img style='width: 100%; height: auto; border: 1px solid rgba(150&comma;150&comma;150&comma;0.3); border-radius: 8px;' src='https:\/\/ftp3.syscom.mx\/usuarios\/fotos\/OCADSS06CS100\/4KM\/196779-cable_performance.png' alt='Cable Performance'> <\/div>\n<p> <!-- Accesorios compatibles --> <\/p>\n<div style='display: flex; flex-wrap: wrap; gap: 20px; margin-bottom: 30px;'>\n<div style='flex: 1 1 300px; min-width: 280px;'>\n<h3 style='font-size: 20px; border-bottom: 2px solid currentColor; padding-bottom: 5px; margin-top: 0; color: inherit; opacity: 0.8;'>Accesorios compatibles<\/h3>\n<ul style='padding-left: 20px; font-size: 15px; color: inherit;'>\n<li style='margin-bottom: 8px;'><strong>Tensor tipo abrazadera:<\/strong> <a href='https:\/\/www.syscom.mx\/producto\/LP-AC1014-LINKEDPRO-BY-EPCOM-225147.html' style='color: inherit; text-decoration: underline; font-weight: 600;'>LP-AC1014<\/a><\/li>\n<li style='margin-bottom: 8px;'><strong>Preformados compatibles:<\/strong> <a href='https:\/\/www.syscom.mx\/producto\/LP-RP1213-LINKEDPRO-BY-EPCOM-236394.html' style='color: inherit; text-decoration: underline; font-weight: 600;'>LP-RP1213<\/a> y <a href='https:\/\/www.syscom.mx\/principal\/searchcont?route=DELT-004-PLP-211357&#038;autodetect=del004' style='color: inherit; text-decoration: underline; font-weight: 600;'>DELT-004<\/a><\/li>\n<\/ul><\/div>\n<\/p><\/div>\n<p> <!-- Separador --> <\/p>\n<hr style='border: 0; border-top: 1px solid rgba(150&comma; 150&comma; 150&comma; 0.3); margin: 30px 0;'> <\/div>\n","protected":false},"excerpt":{"rendered":"<p>Carrete de 4 Kil?metros (2.49 Millas) de Fibra ?ptica A?rea (ADSS) G.652D, Monomodo de 96 Hilos, Exterior, Span 200, Loose Tube<\/p>\n","protected":false},"featured_media":90771,"comment_status":"open","ping_status":"closed","template":"","meta":[],"product_brand":[],"product_cat":[610],"product_tag":[612,611,673],"class_list":{"0":"post-90772","1":"product","2":"type-product","3":"status-publish","4":"has-post-thumbnail","6":"product_cat-cable","7":"product_tag-cable","8":"product_tag-fibra-optica","9":"product_tag-linkedpro-by-fiberhome","11":"first","12":"instock","13":"sale","14":"shipping-taxable","15":"purchasable","16":"product-type-simple"},"_links":{"self":[{"href":"https:\/\/soydeaqui.ddns.net\/pachuca\/index.php\/wp-json\/wp\/v2\/product\/90772","targetHints":{"allow":["GET"]}}],"collection":[{"href":"https:\/\/soydeaqui.ddns.net\/pachuca\/index.php\/wp-json\/wp\/v2\/product"}],"about":[{"href":"https:\/\/soydeaqui.ddns.net\/pachuca\/index.php\/wp-json\/wp\/v2\/types\/product"}],"replies":[{"embeddable":true,"href":"https:\/\/soydeaqui.ddns.net\/pachuca\/index.php\/wp-json\/wp\/v2\/comments?post=90772"}],"wp:featuredmedia":[{"embeddable":true,"href":"https:\/\/soydeaqui.ddns.net\/pachuca\/index.php\/wp-json\/wp\/v2\/media\/90771"}],"wp:attachment":[{"href":"https:\/\/soydeaqui.ddns.net\/pachuca\/index.php\/wp-json\/wp\/v2\/media?parent=90772"}],"wp:term":[{"taxonomy":"product_brand","embeddable":true,"href":"https:\/\/soydeaqui.ddns.net\/pachuca\/index.php\/wp-json\/wp\/v2\/product_brand?post=90772"},{"taxonomy":"product_cat","embeddable":true,"href":"https:\/\/soydeaqui.ddns.net\/pachuca\/index.php\/wp-json\/wp\/v2\/product_cat?post=90772"},{"taxonomy":"product_tag","embeddable":true,"href":"https:\/\/soydeaqui.ddns.net\/pachuca\/index.php\/wp-json\/wp\/v2\/product_tag?post=90772"}],"curies":[{"name":"wp","href":"https:\/\/api.w.org\/{rel}","templated":true}]}}