{"id":90661,"date":"2026-03-20T03:53:11","date_gmt":"2026-03-20T03:53:11","guid":{"rendered":"https:\/\/soydeaqui.ddns.net\/pachuca\/index.php\/producto\/kit-con-9125-creditos-para-altaicare-cloud-suscripcion-anual-para-administracion-del-a8n-a8-ein-a8in-a8n-ac-a8-ein-ac-a8in-ac\/"},"modified":"2026-03-20T03:53:13","modified_gmt":"2026-03-20T03:53:13","slug":"kit-con-9125-creditos-para-altaicare-cloud-suscripcion-anual-para-administracion-del-a8n-a8-ein-a8in-a8n-ac-a8-ein-ac-a8in-ac","status":"publish","type":"product","link":"https:\/\/soydeaqui.ddns.net\/pachuca\/index.php\/producto\/kit-con-9125-creditos-para-altaicare-cloud-suscripcion-anual-para-administracion-del-a8n-a8-ein-a8in-a8n-ac-a8-ein-ac-a8in-ac\/","title":{"rendered":"Kit con 9,125 Cr\u00e9ditos Para AltaiCare Cloud (Suscripci\u00f3n Anual Para Administraci\u00f3n del A8n\/A8-Ein\/A8in\/A8n-ac\/A8-Ein-ac\/A8in-ac)"},"content":{"rendered":"<div style='width: 100%; max-width: 1200px; margin: 0 auto; font-family: sans-serif; line-height: 1.6; color: inherit; background-color: transparent;'> <!-- Nota importante --> <\/p>\n<div style='background-color: rgba(192&comma;57&comma;43&comma;0.1); border-left: 4px solid #c0392b; padding: 15px 20px; margin-bottom: 25px; border-radius: 4px;'>\n<p style='margin: 0; font-size: 16px; color: #c0392b;'> <strong>NOTA:<\/strong> Enviar a su ejecutivo de ventas la siguiente informaci\u00f3n para crear y\/o enviar los cr\u00e9ditos a su plataforma AltaiCare: <\/p>\n<ul style='padding-left: 25px; margin-top: 15px; color: #c0392b;'>\n<li style='margin-bottom: 8px;'>Nombre de cliente<\/li>\n<li style='margin-bottom: 8px;'>Nombre de proyecto<\/li>\n<li style='margin-bottom: 8px;'>Correo electr\u00f3nico<\/li>\n<li style='margin-bottom: 8px;'>Factura<\/li>\n<\/ul><\/div>\n<p> <!-- Logos --> <\/p>\n<div style='text-align: center; margin: 30px 0;'> <img style='width: 100%; max-width: 300px; height: auto; border: 1px solid rgba(150&comma;150&comma;150&comma;0.3); border-radius: 8px;' src='https:\/\/ftp3.syscom.mx\/usuarios\/hortega\/Altai\/Altai.png' alt='Logo Altai'> <\/div>\n<p> <!-- Descripci\u00f3n principal --> <\/p>\n<div style='margin: 30px 0;'>\n<p style='text-align: center; font-size: 16px; margin: 0 0 20px;'> Sistema de cr\u00e9ditos para plataforma AltaiCare Cloud <\/p>\n<p style='font-size: 14px; margin: 0 0 20px; text-align: justify;'> La plataforma de gesti\u00f3n AltaiCare Cloud&comma; permite a los administradores de la red&comma; un completo control de toda la red de puntos de acceso de Altai&comma; para gestionar&comma; monitorear la red&comma; generar reportes y estad\u00edsticas&comma; cambios y actualizaciones masivos&comma; an\u00e1lisis&comma; gestionar servicios pre y post pago&comma; portal cautivo&comma; etc. un sistema completo de administraci\u00f3n desde cualquier parte del mundo con solo una conexi\u00f3n a internet. <\/p>\n<\/p><\/div>\n<p> <!-- Tabla de consumos de cr\u00e9ditos --> <\/p>\n<div style='margin: 30px 0;'>\n<h3 style='text-align: center; font-size: 18px; border-bottom: 2px solid currentColor; padding-bottom: 5px; margin: 0 0 20px; color: inherit; opacity: 0.8;'> Consumos de cr\u00e9ditos de AltaiCare Cloud por serie de puntos de acceso <\/h3>\n<div style='display: flex; flex-wrap: wrap; gap: 20px; justify-content: center;'>\n<div style='flex: 1 1 250px; border: 1px solid rgba(150&comma; 150&comma; 150&comma; 0.4); border-radius: 8px; padding: 15px; text-align: center;'> <strong style='font-size: 20px; display: block; margin-bottom: 10px;'>25<\/strong> <\/p>\n<p style='margin: 0;'>cr\u00e9ditos por d\u00eda por cada equipo A8n\/A8-Ein\/A8in\/A8n-ac\/A8-Ein-ac\/A8in-ac<\/p>\n<\/p><\/div>\n<div style='flex: 1 1 250px; border: 1px solid rgba(150&comma; 150&comma; 150&comma; 0.4); border-radius: 8px; padding: 15px; text-align: center;'> <strong style='font-size: 20px; display: block; margin-bottom: 10px;'>8<\/strong> <\/p>\n<p style='margin: 0;'>cr\u00e9ditos por d\u00eda por cada equipo A2-Ei\/A3-Ei\/AX500-S\/AX500-T\/AX500-X<\/p>\n<\/p><\/div>\n<div style='flex: 1 1 250px; border: 1px solid rgba(150&comma; 150&comma; 150&comma; 0.4); border-radius: 8px; padding: 15px; text-align: center;'> <strong style='font-size: 20px; display: block; margin-bottom: 10px;'>6<\/strong> <\/p>\n<p style='margin: 0;'>cr\u00e9ditos por d\u00eda por cada equipo A2\/A2e\/A3c\/A3w<\/p>\n<\/p><\/div>\n<div style='flex: 1 1 250px; border: 1px solid rgba(150&comma; 150&comma; 150&comma; 0.4); border-radius: 8px; padding: 15px; text-align: center;'> <strong style='font-size: 20px; display: block; margin-bottom: 10px;'>2<\/strong> <\/p>\n<p style='margin: 0;'>cr\u00e9ditos por d\u00eda por cada equipo IX500\/C2s\/A2c\/CX200<\/p>\n<\/p><\/div>\n<div style='flex: 1 1 250px; border: 1px solid rgba(150&comma; 150&comma; 150&comma; 0.4); border-radius: 8px; padding: 15px; text-align: center;'> <strong style='font-size: 20px; display: block; margin-bottom: 10px;'>1<\/strong> <\/p>\n<p style='margin: 0;'>cr\u00e9dito por d\u00eda por cada equipo C1n\/C1an\/C1xn\/C1xan<\/p>\n<\/p><\/div>\n<\/p><\/div>\n<\/p><\/div>\n<p> <!-- Imagen AltaiCare --> <\/p>\n<div style='text-align: center; margin: 30px 0;'> <img style='width: 100%; max-width: 800px; height: auto; border: 1px solid rgba(150&comma;150&comma;150&comma;0.3); border-radius: 8px;' src='https:\/\/ftp3.syscom.mx\/usuarios\/fotos\/SDAN5S1600\/76925-altaicare.jpg' alt='Plataforma AltaiCare'> <\/div>\n<p> <!-- Videos de YouTube --> <\/p>\n<div style='display: flex; flex-wrap: wrap; gap: 30px; justify-content: center; margin: 40px 0;'>\n<div style='flex: 1 1 560px; min-width: 300px; position: relative; padding-bottom: 56.25%; height: 0; overflow: hidden;'>   <\/div>\n<div style='flex: 1 1 560px; min-width: 300px; position: relative; padding-bottom: 56.25%; height: 0; overflow: hidden;'>   <\/div>\n<\/p><\/div>\n<\/p><\/div>\n","protected":false},"excerpt":{"rendered":"<p>Kit con 9,125 Cr\u00e9ditos Para AltaiCare Cloud (Suscripci\u00f3n Anual Para Administraci\u00f3n del A8n\/A8-Ein\/A8in\/A8n-ac\/A8-Ein-ac\/A8in-ac)<\/p>\n","protected":false},"featured_media":90660,"comment_status":"open","ping_status":"closed","template":"","meta":[],"product_brand":[],"product_cat":[1996],"product_tag":[1950,1997,664],"class_list":{"0":"post-90661","1":"product","2":"type-product","3":"status-publish","4":"has-post-thumbnail","6":"product_cat-licencias-suscripciones","7":"product_tag-altai-technologies","8":"product_tag-licencias-suscripciones","9":"product_tag-networking","11":"first","12":"instock","13":"sale","14":"shipping-taxable","15":"purchasable","16":"product-type-simple"},"_links":{"self":[{"href":"https:\/\/soydeaqui.ddns.net\/pachuca\/index.php\/wp-json\/wp\/v2\/product\/90661","targetHints":{"allow":["GET"]}}],"collection":[{"href":"https:\/\/soydeaqui.ddns.net\/pachuca\/index.php\/wp-json\/wp\/v2\/product"}],"about":[{"href":"https:\/\/soydeaqui.ddns.net\/pachuca\/index.php\/wp-json\/wp\/v2\/types\/product"}],"replies":[{"embeddable":true,"href":"https:\/\/soydeaqui.ddns.net\/pachuca\/index.php\/wp-json\/wp\/v2\/comments?post=90661"}],"wp:featuredmedia":[{"embeddable":true,"href":"https:\/\/soydeaqui.ddns.net\/pachuca\/index.php\/wp-json\/wp\/v2\/media\/90660"}],"wp:attachment":[{"href":"https:\/\/soydeaqui.ddns.net\/pachuca\/index.php\/wp-json\/wp\/v2\/media?parent=90661"}],"wp:term":[{"taxonomy":"product_brand","embeddable":true,"href":"https:\/\/soydeaqui.ddns.net\/pachuca\/index.php\/wp-json\/wp\/v2\/product_brand?post=90661"},{"taxonomy":"product_cat","embeddable":true,"href":"https:\/\/soydeaqui.ddns.net\/pachuca\/index.php\/wp-json\/wp\/v2\/product_cat?post=90661"},{"taxonomy":"product_tag","embeddable":true,"href":"https:\/\/soydeaqui.ddns.net\/pachuca\/index.php\/wp-json\/wp\/v2\/product_tag?post=90661"}],"curies":[{"name":"wp","href":"https:\/\/api.w.org\/{rel}","templated":true}]}}