{"id":90580,"date":"2026-03-20T03:49:23","date_gmt":"2026-03-20T03:49:23","guid":{"rendered":"https:\/\/soydeaqui.ddns.net\/pachuca\/index.php\/producto\/netfiber-9-switch-5-puertos-sfp-1gbps-4-puertos-sfp-10gbps\/"},"modified":"2026-03-20T03:49:33","modified_gmt":"2026-03-20T03:49:33","slug":"netfiber-9-switch-5-puertos-sfp-1gbps-4-puertos-sfp-10gbps","status":"publish","type":"product","link":"https:\/\/soydeaqui.ddns.net\/pachuca\/index.php\/producto\/netfiber-9-switch-5-puertos-sfp-1gbps-4-puertos-sfp-10gbps\/","title":{"rendered":"(netFiber 9) Switch 5 puertos SFP 1Gbps, 4 puertos SFP+ 10Gbps"},"content":{"rendered":"<div style='width: 100%; max-width: 1200px; margin: 0 auto; font-family: sans-serif; line-height: 1.6; color: inherit; background-color: transparent;'>\n<div style='margin-bottom: 30px;'>\n<h2 style='font-size: 28px; margin-top: 0; margin-bottom: 15px; color: inherit; opacity: 0.9; border-bottom: 2px solid currentColor; padding-bottom: 8px; font-weight: 600;'> netFiber 9 <\/h2>\n<p style='font-size: 15px; color: inherit; opacity: 0.8; margin-bottom: 20px;'> Un notable interruptor para exteriores para configurar una red \u00f3ptica 10G que incluso puede realizar un enrutamiento ligero. El sucesor espiritual del querido FiberBox. Gigabit Ethernet&comma; SFP\/SFP+&comma; PoE. <\/p>\n<\/p><\/div>\n<div style='display: grid; grid-template-columns: 1fr; gap: 30px; margin-bottom: 30px;'>\n<div>\n<p style='margin-bottom: 15px; font-size: 15px; color: inherit;'> netFiber 9 es un potente switch para exteriores con SFP&comma; SFP+ y Gigabit Ethernet. Cuenta con una potente CPU ARM v7&comma; 256 MB de RAM&comma; 4 puertos SFP+ de 10G y un chip de conmutaci\u00f3n Marvell avanzado que puede manejar incluso las cargas m\u00e1s pesadas. El puerto Gigabit Ethernet no es solo para fines de gesti\u00f3n. Tiene una conexi\u00f3n directa al chip del interruptor&comma; para que puedas disfrutar de una velocidad total de gigabit. Este puerto tambi\u00e9n es compatible con PoE-in&comma; por lo que no tiene que depender del conector de CC para alimentar en lugares estrechos y de dif\u00edcil acceso. <\/p>\n<p style='margin-bottom: 15px; font-size: 15px; color: inherit;'> Hay un puerto de consola&comma; seguido de cinco puertos SFP normales y cuatro puertos SFP+ para esa dulce red de 10 Gbps. Esto significa que puede haber bastantes cables para que los organices en alg\u00fan momento. Es por eso que dise\u00f1amos el estuche para tener algunas peque\u00f1as caracter\u00edsticas adicionales \u00fatiles en la parte inferior de la carcasa para ayudarte a mantener todo ordenado y ordenado. <\/p>\n<p style='margin-bottom: 15px; font-size: 15px; color: inherit;'> La robusta funda proporciona una protecci\u00f3n decente en ambientes polvorientos con salpicaduras ocasionales de agua. Perfecto para exteriores con un poco de cobertura ligera&comma; como un voladizo de techo o un simple armario. Hay un enorme disipador de calor en la parte posterior que sirve para dos prop\u00f3sitos. No solo proporciona una disipaci\u00f3n de calor excepcional&comma; sino que tambi\u00e9n mueve el centro de masa hacia el lado con todas las opciones de montaje&comma; manteniendo la placa firme y fuerte durante la instalaci\u00f3n. El paquete incluye abrazaderas y tornillos de manguera de metal&comma; para que pueda conectar la netFiber a un poste&comma; pared o m\u00e1stil de inmediato. <\/p>\n<p style='margin-bottom: 15px; font-size: 15px; color: inherit;'> netFiber 9 es una herramienta incre\u00edble para cualquier persona que trabaje con conexiones de m\u00e1s de 100 metros mientras mantiene la p\u00e9rdida de datos y el ping bajos. La fibra \u00f3ptica puede ser una gran alternativa al cobre si le preocupa la interferencia electromagn\u00e9tica o tal vez incluso la manipulaci\u00f3n y la escucha. Con 10 puertos&comma; una potente CPU y una carcasa resistente&comma; netFiber 9 es una verdadera ganga que har\u00e1 que la gesti\u00f3n de su red sea mucho m\u00e1s f\u00e1cil. <\/p>\n<\/p><\/div>\n<\/p><\/div>\n<hr style='border: 0; border-top: 1px solid rgba(150&comma; 150&comma; 150&comma; 0.3); margin: 30px 0;'>\n<div style='display: flex; flex-wrap: wrap; gap: 20px; margin-bottom: 30px;'>\n<div style='flex: 1 1 250px; border: 1px solid rgba(150&comma; 150&comma; 150&comma; 0.4); border-radius: 8px; overflow: hidden; display: flex; flex-direction: column;'>\n<div style='padding: 15px; border-bottom: 1px solid rgba(150&comma; 150&comma; 150&comma; 0.2); font-weight: bold; font-size: 18px; color: inherit;'>Especificaciones<\/div>\n<div style='padding: 15px; color: inherit;'>\n<ul style='padding-left: 20px; margin: 0; font-size: 14px; list-style-type: disc;'>\n<li style='margin-bottom: 5px;'><strong>C\u00f3digo del producto:<\/strong> CRS310-1G-5S-4S+OUT<\/li>\n<li style='margin-bottom: 5px;'><strong>Arquitectura:<\/strong> ARM 32 bits<\/li>\n<li style='margin-bottom: 5px;'><strong>CPU:<\/strong> 98DX226S<\/li>\n<li style='margin-bottom: 5px;'><strong>N\u00facleos de CPU:<\/strong> 1<\/li>\n<li style='margin-bottom: 5px;'><strong>Frecuencia CPU:<\/strong> 800 MHz<\/li>\n<li style='margin-bottom: 5px;'><strong>Licencia RouterOS:<\/strong> 5<\/li>\n<li style='margin-bottom: 5px;'><strong>Sistema operativo:<\/strong> <a href='https:\/\/wiki.mikrotik.com\/wiki\/Manual:TOC' target='_blank' rel='noopener' style='color: inherit; text-decoration: underline;'>RouterOS<\/a><\/li>\n<li style='margin-bottom: 5px;'><strong>RAM:<\/strong> 256 MB<\/li>\n<li style='margin-bottom: 5px;'><strong>Almacenamiento:<\/strong> 16 MB<\/li>\n<li style='margin-bottom: 5px;'><strong>Tipo de almacenamiento:<\/strong> Flash<\/li>\n<li style='margin-bottom: 5px;'><strong>MTBF:<\/strong> Aproximadamente 200&#8217;000 horas en 25\u00b0C<\/li>\n<li style='margin-bottom: 15px;'><strong>Temperatura ambiente:<\/strong> -40 \u00b0C a 70 \u00b0C<\/li>\n<\/ul><\/div>\n<\/p><\/div>\n<div style='flex: 1 1 250px; border: 1px solid rgba(150&comma; 150&comma; 150&comma; 0.4); border-radius: 8px; overflow: hidden; display: flex; flex-direction: column;'>\n<div style='padding: 15px; border-bottom: 1px solid rgba(150&comma; 150&comma; 150&comma; 0.2); font-weight: bold; font-size: 18px; color: inherit;'>Alimentaci\u00f3n<\/div>\n<div style='padding: 15px; color: inherit;'>\n<ul style='padding-left: 20px; margin: 0; font-size: 14px; list-style-type: disc;'>\n<li style='margin-bottom: 5px;'><strong>Entradas de CC:<\/strong> 2 (PoE-IN&comma; conector de CC)<\/li>\n<li style='margin-bottom: 5px;'><strong>Voltaje entrada:<\/strong> 18-57 V<\/li>\n<li style='margin-bottom: 5px;'><strong>Consumo m\u00e1ximo:<\/strong> 16&comma;3 W<\/li>\n<li style='margin-bottom: 5px;'><strong>Consumo sin accesorios:<\/strong> 10 W<\/li>\n<li style='margin-bottom: 5px;'><strong>Refrigeraci\u00f3n:<\/strong> Pasivo<\/li>\n<li style='margin-bottom: 5px;'><strong>PoE in:<\/strong> 802.3af\/at<\/li>\n<li style='margin-bottom: 15px;'><strong>Voltaje PoE in:<\/strong> 18-57 V<\/li>\n<\/ul><\/div>\n<\/p><\/div>\n<div style='flex: 1 1 250px; border: 1px solid rgba(150&comma; 150&comma; 150&comma; 0.4); border-radius: 8px; overflow: hidden; display: flex; flex-direction: column;'>\n<div style='padding: 15px; border-bottom: 1px solid rgba(150&comma; 150&comma; 150&comma; 0.2); font-weight: bold; font-size: 18px; color: inherit;'>Red<\/div>\n<div style='padding: 15px; color: inherit;'>\n<ul style='padding-left: 20px; margin: 0; font-size: 14px; list-style-type: disc;'>\n<li style='margin-bottom: 5px;'><strong>Ethernet 10\/100\/1000:<\/strong> 1 puerto<\/li>\n<li style='margin-bottom: 5px;'><strong>Puertos SFP:<\/strong> 5<\/li>\n<li style='margin-bottom: 15px;'><strong>Puertos SFP+:<\/strong> 4<\/li>\n<\/ul><\/div>\n<\/p><\/div>\n<div style='flex: 1 1 250px; border: 1px solid rgba(150&comma; 150&comma; 150&comma; 0.4); border-radius: 8px; overflow: hidden; display: flex; flex-direction: column;'>\n<div style='padding: 15px; border-bottom: 1px solid rgba(150&comma; 150&comma; 150&comma; 0.2); font-weight: bold; font-size: 18px; color: inherit;'>Perif\u00e9ricos<\/div>\n<div style='padding: 15px; color: inherit;'>\n<ul style='padding-left: 20px; margin: 0; font-size: 14px; list-style-type: disc;'>\n<li style='margin-bottom: 15px;'><strong>Puerto de consola:<\/strong> RJ45<\/li>\n<\/ul><\/div>\n<\/p><\/div>\n<div style='flex: 1 1 250px; border: 1px solid rgba(150&comma; 150&comma; 150&comma; 0.4); border-radius: 8px; overflow: hidden; display: flex; flex-direction: column;'>\n<div style='padding: 15px; border-bottom: 1px solid rgba(150&comma; 150&comma; 150&comma; 0.2); font-weight: bold; font-size: 18px; color: inherit;'>Monitoreo<\/div>\n<div style='padding: 15px; color: inherit;'>\n<ul style='padding-left: 20px; margin: 0; font-size: 14px; list-style-type: disc;'>\n<li style='margin-bottom: 5px;'><strong>Temperatura CPU:<\/strong> S\u00ed<\/li>\n<li style='margin-bottom: 15px;'><strong>Voltaje:<\/strong> S\u00ed<\/li>\n<\/ul><\/div>\n<\/p><\/div>\n<div style='flex: 1 1 250px; border: 1px solid rgba(150&comma; 150&comma; 150&comma; 0.4); border-radius: 8px; overflow: hidden; display: flex; flex-direction: column;'>\n<div style='padding: 15px; border-bottom: 1px solid rgba(150&comma; 150&comma; 150&comma; 0.2); font-weight: bold; font-size: 18px; color: inherit;'>Certificaciones<\/div>\n<div style='padding: 15px; color: inherit;'>\n<ul style='padding-left: 20px; margin: 0; font-size: 14px; list-style-type: disc;'>\n<li style='margin-bottom: 5px;'><strong>Certificaciones:<\/strong> CE&comma; EAC&comma; ROHS<\/li>\n<li style='margin-bottom: 15px;'><strong>Protecci\u00f3n IP:<\/strong> IP54<\/li>\n<\/ul><\/div>\n<\/p><\/div>\n<\/p><\/div>\n<hr style='border: 0; border-top: 1px solid rgba(150&comma; 150&comma; 150&comma; 0.3); margin: 30px 0;'>\n<div style='margin-bottom: 30px;'>\n<h3 style='font-size: 22px; border-bottom: 2px solid currentColor; padding-bottom: 5px; margin-top: 0; margin-bottom: 20px; color: inherit; opacity: 0.8;'>Piezas incluidas<\/h3>\n<div style='display: grid; grid-template-columns: repeat(auto-fill&comma; minmax(150px&comma; 1fr)); gap: 20px;'>\n<div style='text-align: center;'> <a href='https:\/\/i.mt.lv\/cdn\/rb_images\/part981579608552m.jpg' style='color: inherit; text-decoration: none;'> <img style='width: 100%; height: auto; border: 1px solid rgba(150&comma;150&comma;150&comma;0.3); border-radius: 8px; margin-bottom: 10px;' src='https:\/\/i.mt.lv\/cdn\/rb_images\/part981579608552s.jpg' alt=''> <\/p>\n<div style='font-size: 14px;'>Adaptador de corriente de 48 V 0&comma;95 A<\/div>\n<p> <\/a> <\/div>\n<div style='text-align: center;'> <a href='https:\/\/i.mt.lv\/cdn\/rb_images\/part111600929333m.jpg' style='color: inherit; text-decoration: none;'> <img style='width: 100%; height: auto; border: 1px solid rgba(150&comma;150&comma;150&comma;0.3); border-radius: 8px; margin-bottom: 10px;' src='https:\/\/i.mt.lv\/cdn\/rb_images\/part111600929333s.jpg' alt=''> <\/p>\n<div style='font-size: 14px;'>Inyector PoE Gigabit<\/div>\n<p> <\/a> <\/div>\n<div style='text-align: center;'> <a href='https:\/\/i.mt.lv\/cdn\/rb_images\/part1051634111457m.jpg' style='color: inherit; text-decoration: none;'> <img style='width: 100%; height: auto; border: 1px solid rgba(150&comma;150&comma;150&comma;0.3); border-radius: 8px; margin-bottom: 10px;' src='https:\/\/i.mt.lv\/cdn\/rb_images\/part1051634111457s.jpg' alt=''> <\/p>\n<div style='font-size: 14px;'>Juego de fijaci\u00f3n K-66<\/div>\n<p> <\/a> <\/div>\n<div style='text-align: center;'> <a href='https:\/\/i.mt.lv\/cdn\/rb_images\/part1031582186492m.jpg' style='color: inherit; text-decoration: none;'> <img style='width: 100%; height: auto; border: 1px solid rgba(150&comma;150&comma;150&comma;0.3); border-radius: 8px; margin-bottom: 10px;' src='https:\/\/i.mt.lv\/cdn\/rb_images\/part1031582186492s.jpg' alt=''> <\/p>\n<div style='font-size: 14px;'>Abrazadera de manguera 2<\/div>\n<p> <\/a> <\/div>\n<\/p><\/div>\n<\/p><\/div>\n<div style='margin-bottom: 30px; font-size: 14px; color: inherit; opacity: 0.8;'> <em> El dispositivo tiene un sistema operativo preinstalado y con licencia. No es necesaria una compra por separado y el producto est\u00e1 listo para usar. El dispositivo incluye actualizaciones de software gratuitas durante la vida \u00fatil del producto o un m\u00ednimo de 5 a\u00f1os a partir de la fecha de compra. <\/em> <\/div>\n<\/p><\/div>\n","protected":false},"excerpt":{"rendered":"<p>(netFiber 9) Switch 5 puertos SFP 1Gbps, 4 puertos SFP+ 10Gbps<\/p>\n","protected":false},"featured_media":90579,"comment_status":"open","ping_status":"closed","template":"","meta":[],"product_brand":[],"product_cat":[1970],"product_tag":[643,664,1971],"class_list":{"0":"post-90580","1":"product","2":"type-product","3":"status-publish","4":"has-post-thumbnail","6":"product_cat-switches","7":"product_tag-mikrotik","8":"product_tag-networking","9":"product_tag-switches","11":"first","12":"outofstock","13":"sale","14":"shipping-taxable","15":"purchasable","16":"product-type-simple"},"_links":{"self":[{"href":"https:\/\/soydeaqui.ddns.net\/pachuca\/index.php\/wp-json\/wp\/v2\/product\/90580","targetHints":{"allow":["GET"]}}],"collection":[{"href":"https:\/\/soydeaqui.ddns.net\/pachuca\/index.php\/wp-json\/wp\/v2\/product"}],"about":[{"href":"https:\/\/soydeaqui.ddns.net\/pachuca\/index.php\/wp-json\/wp\/v2\/types\/product"}],"replies":[{"embeddable":true,"href":"https:\/\/soydeaqui.ddns.net\/pachuca\/index.php\/wp-json\/wp\/v2\/comments?post=90580"}],"wp:featuredmedia":[{"embeddable":true,"href":"https:\/\/soydeaqui.ddns.net\/pachuca\/index.php\/wp-json\/wp\/v2\/media\/90579"}],"wp:attachment":[{"href":"https:\/\/soydeaqui.ddns.net\/pachuca\/index.php\/wp-json\/wp\/v2\/media?parent=90580"}],"wp:term":[{"taxonomy":"product_brand","embeddable":true,"href":"https:\/\/soydeaqui.ddns.net\/pachuca\/index.php\/wp-json\/wp\/v2\/product_brand?post=90580"},{"taxonomy":"product_cat","embeddable":true,"href":"https:\/\/soydeaqui.ddns.net\/pachuca\/index.php\/wp-json\/wp\/v2\/product_cat?post=90580"},{"taxonomy":"product_tag","embeddable":true,"href":"https:\/\/soydeaqui.ddns.net\/pachuca\/index.php\/wp-json\/wp\/v2\/product_tag?post=90580"}],"curies":[{"name":"wp","href":"https:\/\/api.w.org\/{rel}","templated":true}]}}