{"id":90508,"date":"2026-03-20T03:45:53","date_gmt":"2026-03-20T03:45:53","guid":{"rendered":"https:\/\/soydeaqui.ddns.net\/pachuca\/index.php\/producto\/onu-dual-gpon-epon-con-1-puerto-sc-apc-1-puerto-lan-gigabit-1-puerto-catv\/"},"modified":"2026-03-20T03:46:02","modified_gmt":"2026-03-20T03:46:02","slug":"onu-dual-gpon-epon-con-1-puerto-sc-apc-1-puerto-lan-gigabit-1-puerto-catv","status":"publish","type":"product","link":"https:\/\/soydeaqui.ddns.net\/pachuca\/index.php\/producto\/onu-dual-gpon-epon-con-1-puerto-sc-apc-1-puerto-lan-gigabit-1-puerto-catv\/","title":{"rendered":"ONU Dual GPON\/EPON con 1 Puerto SC\/APC + 1 puerto LAN Gigabit + 1 puerto CATV"},"content":{"rendered":"<div style='width: 100%; max-width: 1200px; margin: 0 auto; font-family: sans-serif; line-height: 1.6; color: inherit; background-color: transparent;'> <!-- Secci\u00f3n de caracter\u00edsticas en grid --> <\/p>\n<div style='display: grid; grid-template-columns: repeat(auto-fit&comma; minmax(280px&comma; 1fr)); gap: 30px; margin-bottom: 30px;'> <!-- Caracter\u00edsticas principales --> <\/p>\n<div style='border-left: 5px solid #ff0000; border-radius: 8px; padding: 15px; background-color: rgba(255&comma; 0&comma; 0&comma; 0.05);'>\n<h3 style='font-size: 20px; margin-top: 0; margin-bottom: 15px; color: inherit; opacity: 0.8;'>Caracter\u00edsticas principales<\/h3>\n<ul style='padding-left: 20px; margin: 0; font-size: 15px; color: inherit;'>\n<li style='margin-bottom: 8px;'>Dimensiones: 100 \u00d7 92 \u00d7 30 mm (largo \u00d7 ancho \u00d7 alto)<\/li>\n<li style='margin-bottom: 8px;'>Aplicaciones Triple Play: <strong style='color: inherit;'>Datos y Televisi\u00f3n<\/strong><\/li>\n<li style='margin-bottom: 8px;'>Gesti\u00f3n y Monitoreo en l\u00ednea desde la OLT V-SOL<\/li>\n<li style='margin-bottom: 8px;'>Gesti\u00f3n amigable desde: EMS \/ Web \/ Telnet \/ CLI<\/li>\n<\/ul><\/div>\n<p> <!-- Caracter\u00edsticas F\u00edsicas y El\u00e9ctricas --> <\/p>\n<div style='border-left: 5px solid #ff0000; border-radius: 8px; padding: 15px; background-color: rgba(255&comma; 0&comma; 0&comma; 0.05);'>\n<h3 style='font-size: 20px; margin-top: 0; margin-bottom: 15px; color: inherit; opacity: 0.8;'>Caracter\u00edsticas F\u00edsicas y El\u00e9ctricas<\/h3>\n<ul style='padding-left: 20px; margin: 0; font-size: 15px; color: inherit;'>\n<li style='margin-bottom: 8px;'>Alimentaci\u00f3n: 12V .5A (Incluida)<\/li>\n<li style='margin-bottom: 8px;'>Consumo m\u00e1ximo: 4.2W<\/li>\n<li style='margin-bottom: 8px;'>Peso: 0.130 Kg<\/li>\n<li style='margin-bottom: 8px;'>Temperatura de operaci\u00f3n: 0 a 50\u00b0 C<\/li>\n<\/ul><\/div>\n<p> <!-- Caracter\u00edsticas de Red --> <\/p>\n<div style='border-left: 5px solid #ff0000; border-radius: 8px; padding: 15px; background-color: rgba(255&comma; 0&comma; 0&comma; 0.05);'>\n<h3 style='font-size: 20px; margin-top: 0; margin-bottom: 15px; color: inherit; opacity: 0.8;'>Caracter\u00edsticas de Red<\/h3>\n<ul style='padding-left: 20px; margin: 0; font-size: 15px; color: inherit;'>\n<li style='margin-bottom: 8px;'>1 Puerto 1 Gbps RJ45<\/li>\n<li style='margin-bottom: 8px;'>1 Puerto CATV<\/li>\n<li style='margin-bottom: 8px;'>1 Puerto PON SC\/APC<\/li>\n<\/ul><\/div>\n<\/p><\/div>\n<p> <!-- T\u00edtulos y texto adicional --> <\/p>\n<div style='text-align: center; margin: 30px 0;'>\n<h2 style='font-size: 36px; margin: 0 0 8px; color: inherit;'>Dimensiones Reducidas<\/h2>\n<h3 style='font-size: 20px; margin: 0 0 20px; color: inherit; opacity: 0.8;'>XPON Modo Dual | LAN Gigabit | Servicio CATV<\/h3>\n<p> <!-- Imagen --> <img style='width: 100%; height: auto; border: 1px solid rgba(150&comma;150&comma;150&comma;0.3); border-radius: 8px; margin: 15px 0;' src='https:\/\/ueeshop.ly200-cdn.com\/u_file\/UPAH\/UPAH607\/2205\/file\/57d5e839fc.jpg' alt='ONU Dual GPON\/EPON'> <\/p>\n<h2 style='font-size: 28px; margin: 20px 0 10px; color: inherit;'>Hasta 1.25 Gbps Full Duplex<\/h2>\n<h3 style='font-size: 20px; margin: 0 0 20px; color: inherit;'>Soporta el modo Bridge y el modo Router<\/h3>\n<p> <!-- Imagen --> <img style='width: 100%; height: auto; border: 1px solid rgba(150&comma;150&comma;150&comma;0.3); border-radius: 8px; margin: 15px 0;' src='https:\/\/ueeshop.ly200-cdn.com\/u_file\/UPAH\/UPAH607\/2204\/photo\/ec942cf2ee.jpg' alt='Diagrama de conexi\u00f3n'> <\/p>\n<h2 style='font-size: 36px; margin: 30px 0 10px; color: inherit;'>Diagrama de Aplicaci\u00f3n<\/h2>\n<h3 style='font-size: 20px; margin: 0 0 20px; color: inherit; opacity: 0.6;'>F\u00e1cil de desplegar<\/h3>\n<p> <!-- Imagen --> <img style='width: 100%; height: auto; border: 1px solid rgba(150&comma;150&comma;150&comma;0.3); border-radius: 8px; margin: 15px 0;' src='https:\/\/ueeshop.ly200-cdn.com\/u_file\/UPAH\/UPAH607\/2204\/photo\/4af94eb17d.jpg' alt='Diagrama de aplicaci\u00f3n'> <\/div>\n<\/p><\/div>\n","protected":false},"excerpt":{"rendered":"<p>ONU Dual GPON\/EPON con 1 Puerto SC\/APC + 1 puerto LAN Gigabit + 1 puerto CATV<\/p>\n","protected":false},"featured_media":90507,"comment_status":"open","ping_status":"closed","template":"","meta":[],"product_brand":[],"product_cat":[2010],"product_tag":[2012,2011,2013],"class_list":{"0":"post-90508","1":"product","2":"type-product","3":"status-publish","4":"has-post-thumbnail","6":"product_cat-onus-onts","7":"product_tag-onus-onts","8":"product_tag-redes-ftth-pon","9":"product_tag-v-sol","11":"first","12":"instock","13":"sale","14":"shipping-taxable","15":"purchasable","16":"product-type-simple"},"_links":{"self":[{"href":"https:\/\/soydeaqui.ddns.net\/pachuca\/index.php\/wp-json\/wp\/v2\/product\/90508","targetHints":{"allow":["GET"]}}],"collection":[{"href":"https:\/\/soydeaqui.ddns.net\/pachuca\/index.php\/wp-json\/wp\/v2\/product"}],"about":[{"href":"https:\/\/soydeaqui.ddns.net\/pachuca\/index.php\/wp-json\/wp\/v2\/types\/product"}],"replies":[{"embeddable":true,"href":"https:\/\/soydeaqui.ddns.net\/pachuca\/index.php\/wp-json\/wp\/v2\/comments?post=90508"}],"wp:featuredmedia":[{"embeddable":true,"href":"https:\/\/soydeaqui.ddns.net\/pachuca\/index.php\/wp-json\/wp\/v2\/media\/90507"}],"wp:attachment":[{"href":"https:\/\/soydeaqui.ddns.net\/pachuca\/index.php\/wp-json\/wp\/v2\/media?parent=90508"}],"wp:term":[{"taxonomy":"product_brand","embeddable":true,"href":"https:\/\/soydeaqui.ddns.net\/pachuca\/index.php\/wp-json\/wp\/v2\/product_brand?post=90508"},{"taxonomy":"product_cat","embeddable":true,"href":"https:\/\/soydeaqui.ddns.net\/pachuca\/index.php\/wp-json\/wp\/v2\/product_cat?post=90508"},{"taxonomy":"product_tag","embeddable":true,"href":"https:\/\/soydeaqui.ddns.net\/pachuca\/index.php\/wp-json\/wp\/v2\/product_tag?post=90508"}],"curies":[{"name":"wp","href":"https:\/\/api.w.org\/{rel}","templated":true}]}}