{"id":90420,"date":"2026-03-20T03:41:56","date_gmt":"2026-03-20T03:41:56","guid":{"rendered":"https:\/\/soydeaqui.ddns.net\/pachuca\/index.php\/producto\/mochila-vx-sport-evo-con-ruedas-mango-telescopico-y-correas-al-hombro-fabricada-en-poliester-negro-repelente-al-agua-backpack-on-wheels\/"},"modified":"2026-03-20T03:42:07","modified_gmt":"2026-03-20T03:42:07","slug":"mochila-vx-sport-evo-con-ruedas-mango-telescopico-y-correas-al-hombro-fabricada-en-poliester-negro-repelente-al-agua-backpack-on-wheels","status":"publish","type":"product","link":"https:\/\/soydeaqui.ddns.net\/pachuca\/index.php\/producto\/mochila-vx-sport-evo-con-ruedas-mango-telescopico-y-correas-al-hombro-fabricada-en-poliester-negro-repelente-al-agua-backpack-on-wheels\/","title":{"rendered":"Mochila VX Sport EVO con Ruedas, Mango Telesc\u00f3pico y Correas al Hombro. Fabricada en Poli\u00e9ster Negro repelente al Agua. Backpack on Wheels."},"content":{"rendered":"<div style='width: 100%; max-width: 1200px; margin: 0 auto; font-family: sans-serif; line-height: 1.6; color: inherit; background-color: transparent;'>\n<div style='width: 100%; display: flex; justify-content: center; margin: 20px 0;'> <img style='width: 100%; max-width: 300px; height: auto; border: 1px solid rgba(150&comma;150&comma;150&comma;0.3); border-radius: 8px;' src='https:\/\/ftp3.syscom.mx\/usuarios\/fotos\/30163801\/170463-victorinox.png' alt=''> <\/div>\n<div style='display: flex; flex-wrap: wrap; gap: 30px; margin-bottom: 30px;'>\n<div style='flex: 1 1 300px; min-width: 280px;'>\n<h3 style='font-size: 22px; border-bottom: 2px solid currentColor; padding-bottom: 5px; margin-top: 0; color: inherit; opacity: 0.8;'>Caracter\u00edsticas Principales<\/h3>\n<ul style='padding-left: 20px; font-size: 15px; color: inherit;'>\n<li style='margin-bottom: 5px;'>Organizaci\u00f3n multiusos con compartimientos para sus dispositivos tecnol\u00f3gicos.<\/li>\n<li style='margin-bottom: 5px;'>Adornado con la Cross and Shield de Victorinox como marca de calidad.<\/li>\n<li style='margin-bottom: 5px;'>Doble funci\u00f3n para transporte al hombro o deslizarla con ruedas y mango.<\/li>\n<li style='margin-bottom: 5px;'>Con almohadillas para protecci\u00f3n en traslados.<\/li>\n<\/ul><\/div>\n<div style='flex: 1 1 300px; min-width: 280px;'>\n<h3 style='font-size: 22px; border-bottom: 2px solid currentColor; padding-bottom: 5px; margin-top: 0; color: inherit; opacity: 0.8;'>Caracter\u00edsticas F\u00edsicas<\/h3>\n<ul style='padding-left: 20px; font-size: 15px; color: inherit;'>\n<li style='margin-bottom: 5px;'>Material poli\u00e9ster repelente al agua.<\/li>\n<li style='margin-bottom: 5px;'>Mango mono tubo telesc\u00f3pico.<\/li>\n<li style='margin-bottom: 5px;'>Capacidad 37 l.<\/li>\n<li style='margin-bottom: 5px;'>Medidas: Altura 54 cm | Longitud 26 cm | Ancho 38 cm.<\/li>\n<li style='margin-bottom: 5px;'>Peso 2.6 Kg.<\/li>\n<\/ul><\/div>\n<div style='flex: 1 1 300px; min-width: 280px;'>\n<h3 style='font-size: 22px; border-bottom: 2px solid currentColor; padding-bottom: 5px; margin-top: 0; color: inherit; opacity: 0.8;'>Caracter\u00edsticas Destacadas<\/h3>\n<ul style='padding-left: 20px; font-size: 15px; color: inherit;'>\n<li style='margin-bottom: 5px;'>Ofrece funcionalidad suprema y organizaci\u00f3n.<\/li>\n<li style='margin-bottom: 5px;'>Backpack on wheels tiene tanta resistencia como estilo.<\/li>\n<li style='margin-bottom: 5px;'>Elegante exterior y el panel de organizaci\u00f3n mantiene el orden.<\/li>\n<li style='margin-bottom: 5px;'>Correas acolchadas para proporcionar comodidad en hombros.<\/li>\n<\/ul><\/div>\n<\/p><\/div>\n<div style='width: 100%; text-align: center; margin: 30px 0;'>\n<p style='font-size: 16px; margin: 0; color: inherit;'><strong>Ya sea que est\u00e9 llegando a tomar un tren o avi\u00f3n o viajando para tomarse un descanso&comma; esta mochila de doble funci\u00f3n lo acompa\u00f1a.<\/strong><\/p>\n<\/p><\/div>\n<hr style='border: 0; border-top: 1px solid rgba(150&comma; 150&comma; 150&comma; 0.3); margin: 30px 0;'>\n<div style='width: 100%; margin-bottom: 30px;'>\n<h3 style='font-size: 22px; border-bottom: 2px solid currentColor; padding-bottom: 5px; margin-top: 0; color: inherit; opacity: 0.8; text-align: center;'>Pol\u00edtica de Garant\u00eda<\/h3>\n<p style='font-size: 14px; margin: 15px 0; color: inherit; text-align: center;'>SYSCOM se apega a las pol\u00edticas de garant\u00eda de cada proveedor de la marca y\/o f\u00e1brica.<\/p>\n<p style='font-size: 14px; margin: 15px 0; color: inherit; text-align: center;'>La cobertura de garant\u00eda por defecto de f\u00e1brica y\/o mal funcionamiento es de 90 d\u00edas con Syscom. Posterior a este periodo&comma; la garant\u00eda es directa con el fabricante. En quebraduras&comma; da\u00f1os f\u00edsicos de equipo y\/o empaque da\u00f1ado&comma; reportarlo dentro de las 24 horas posteriores a la fecha de recepci\u00f3n para el reclamo a paqueter\u00eda.<\/p>\n<\/p><\/div>\n<\/p><\/div>\n","protected":false},"excerpt":{"rendered":"<p>Mochila VX Sport EVO con Ruedas, Mango Telesc\u00f3pico y Correas al Hombro. Fabricada en Poli\u00e9ster Negro repelente al Agua. Backpack on Wheels.<\/p>\n","protected":false},"featured_media":90419,"comment_status":"open","ping_status":"closed","template":"","meta":[],"product_brand":[],"product_cat":[1212],"product_tag":[1213,1058,1135],"class_list":{"0":"post-90420","1":"product","2":"type-product","3":"status-publish","4":"has-post-thumbnail","6":"product_cat-escaleras-y-almacenamiento","7":"product_tag-escaleras-y-almacenamiento","8":"product_tag-ferreteria","9":"product_tag-victorinox","11":"first","12":"instock","13":"sale","14":"shipping-taxable","15":"purchasable","16":"product-type-simple"},"_links":{"self":[{"href":"https:\/\/soydeaqui.ddns.net\/pachuca\/index.php\/wp-json\/wp\/v2\/product\/90420","targetHints":{"allow":["GET"]}}],"collection":[{"href":"https:\/\/soydeaqui.ddns.net\/pachuca\/index.php\/wp-json\/wp\/v2\/product"}],"about":[{"href":"https:\/\/soydeaqui.ddns.net\/pachuca\/index.php\/wp-json\/wp\/v2\/types\/product"}],"replies":[{"embeddable":true,"href":"https:\/\/soydeaqui.ddns.net\/pachuca\/index.php\/wp-json\/wp\/v2\/comments?post=90420"}],"wp:featuredmedia":[{"embeddable":true,"href":"https:\/\/soydeaqui.ddns.net\/pachuca\/index.php\/wp-json\/wp\/v2\/media\/90419"}],"wp:attachment":[{"href":"https:\/\/soydeaqui.ddns.net\/pachuca\/index.php\/wp-json\/wp\/v2\/media?parent=90420"}],"wp:term":[{"taxonomy":"product_brand","embeddable":true,"href":"https:\/\/soydeaqui.ddns.net\/pachuca\/index.php\/wp-json\/wp\/v2\/product_brand?post=90420"},{"taxonomy":"product_cat","embeddable":true,"href":"https:\/\/soydeaqui.ddns.net\/pachuca\/index.php\/wp-json\/wp\/v2\/product_cat?post=90420"},{"taxonomy":"product_tag","embeddable":true,"href":"https:\/\/soydeaqui.ddns.net\/pachuca\/index.php\/wp-json\/wp\/v2\/product_tag?post=90420"}],"curies":[{"name":"wp","href":"https:\/\/api.w.org\/{rel}","templated":true}]}}