{"id":90418,"date":"2026-03-20T03:41:51","date_gmt":"2026-03-20T03:41:51","guid":{"rendered":"https:\/\/soydeaqui.ddns.net\/pachuca\/index.php\/producto\/esmeriladora-angular-9-6600-rpm-2700w\/"},"modified":"2026-03-20T03:41:53","modified_gmt":"2026-03-20T03:41:53","slug":"esmeriladora-angular-9-6600-rpm-2700w","status":"publish","type":"product","link":"https:\/\/soydeaqui.ddns.net\/pachuca\/index.php\/producto\/esmeriladora-angular-9-6600-rpm-2700w\/","title":{"rendered":"Esmeriladora Angular 9&#8243; 6,600 RPM, 2,700W"},"content":{"rendered":"<div style='width: 100%; max-width: 1200px; margin: 0 auto; font-family: sans-serif; line-height: 1.6; color: inherit; background-color: transparent;'> <!-- Imagen principal --> <\/p>\n<div style='width: 100%; margin-bottom: 30px;'> <img style='width: 100%; height: auto; border: 1px solid rgba(150&comma;150&comma;150&comma;0.3); border-radius: 8px;' src='https:\/\/ftp3.syscom.mx\/usuarios\/nortega\/makita\/imagenes\/makita.png' alt=''> <\/div>\n<p> <!-- Secci\u00f3n de beneficios --> <\/p>\n<div style='margin-bottom: 30px;'>\n<h3 style='font-size: 22px; border-bottom: 2px solid currentColor; padding-bottom: 5px; margin-top: 0; color: inherit; opacity: 0.8;'>BENEFICIOS DEL USUARIO:<\/h3>\n<ul style='padding-left: 20px; font-size: 15px; color: inherit;'>\n<li style='margin-bottom: 5px;'><span style='color: inherit;'>Amoladora 2.700W 230mm.<\/span><\/li>\n<li style='margin-bottom: 5px;'><span style='color: inherit;'>Con interruptor de gatillo grande.<\/span><\/li>\n<li style='margin-bottom: 5px;'><span style='color: inherit;'>Compacta y ligera para una mayor operatividad.<\/span><\/li>\n<li style='margin-bottom: 5px;'><span style='color: inherit;'>Motor m\u00e1s duradero para aplicaciones de trabajo pesado.<\/span><\/li>\n<li style='margin-bottom: 5px;'><span style='color: inherit;'>Dise\u00f1o de capa anti-cortocircuito de la armadura.<\/span><\/li>\n<li style='margin-bottom: 5px;'><span style='color: inherit;'>La cubierta del interruptor y la esponja minimizan la entrada de part\u00edculas met\u00e1licas en los terminales del interruptor mejorando as\u00ed la protecci\u00f3n contra las fugas el\u00e9ctricas.<\/span><\/li>\n<li style='margin-bottom: 5px;'><span style='color: inherit;'>Interruptor de gran tama\u00f1o con una palanca para el bloqueo.<\/span><\/li>\n<li style='margin-bottom: 5px;'><span style='color: inherit;'>El gran soporte de goma de la herramienta protege la pieza de trabajo de los ara\u00f1azos.<\/span><\/li>\n<li style='margin-bottom: 5px;'><span style='color: inherit;'>La carcasa del engranaje puede posicionarse cada 90 grados.<\/span><\/li>\n<li style='margin-bottom: 5px;'><span style='color: inherit;'>Bloqueo del husillo mediante un bot\u00f3n para mayor comodidad del operario.<\/span><\/li>\n<li style='margin-bottom: 5px;'><span style='color: inherit;'>La cubierta de la rueda protege al operario de la dispersi\u00f3n accidental del disco roto o de la pieza de trabajo con un m\u00ednimo movimiento de la cubierta del disco.<\/span><\/li>\n<li style='margin-bottom: 5px;'><span style='color: inherit;'>Cepillos accesibles externamente para facilitar el mantenimiento.<\/span><\/li>\n<li style='margin-bottom: 5px;'><span style='color: inherit;'>Doble aislamiento.<\/span><\/li>\n<\/ul><\/div>\n<p> <!-- Separador --> <\/p>\n<hr style='border: 0; border-top: 1px solid rgba(150&comma; 150&comma; 150&comma; 0.3); margin: 30px 0;'> <!-- Secci\u00f3n de equipo b\u00e1sico --> <\/p>\n<div style='margin-bottom: 30px;'>\n<h3 style='font-size: 22px; border-bottom: 2px solid currentColor; padding-bottom: 5px; margin-top: 0; color: inherit; opacity: 0.8;'>EQUIPO B\u00c1SICO:<\/h3>\n<p style='margin-bottom: 15px; color: inherit;'><span style='color: inherit;'>Protector de disco&comma; empu\u00f1adura y llave de pivotes. No incluye disco.<\/span><\/p>\n<p> <!-- Imagen del equipo --> <\/p>\n<div style='width: 100%; margin-top: 20px;'> <img style='width: 100%; height: auto; border: 1px solid rgba(150&comma;150&comma;150&comma;0.3); border-radius: 8px;' src='https:\/\/es.pdbmakita.com\/images\/1_Makita\/101_machines\/10104_JPG_Product\/GA9082.jpg' alt=''> <\/div>\n<\/p><\/div>\n<\/p><\/div>\n","protected":false},"excerpt":{"rendered":"<p>Esmeriladora Angular 9&#8243; 6,600 RPM, 2,700W<\/p>\n","protected":false},"featured_media":90417,"comment_status":"open","ping_status":"closed","template":"","meta":[],"product_brand":[],"product_cat":[130],"product_tag":[25,131,252],"class_list":{"0":"post-90418","1":"product","2":"type-product","3":"status-publish","4":"has-post-thumbnail","6":"product_cat-herramientas-electricas","7":"product_tag-herramientas","8":"product_tag-herramientas-electricas","9":"product_tag-makita","11":"first","12":"outofstock","13":"sale","14":"shipping-taxable","15":"purchasable","16":"product-type-simple"},"_links":{"self":[{"href":"https:\/\/soydeaqui.ddns.net\/pachuca\/index.php\/wp-json\/wp\/v2\/product\/90418","targetHints":{"allow":["GET"]}}],"collection":[{"href":"https:\/\/soydeaqui.ddns.net\/pachuca\/index.php\/wp-json\/wp\/v2\/product"}],"about":[{"href":"https:\/\/soydeaqui.ddns.net\/pachuca\/index.php\/wp-json\/wp\/v2\/types\/product"}],"replies":[{"embeddable":true,"href":"https:\/\/soydeaqui.ddns.net\/pachuca\/index.php\/wp-json\/wp\/v2\/comments?post=90418"}],"wp:featuredmedia":[{"embeddable":true,"href":"https:\/\/soydeaqui.ddns.net\/pachuca\/index.php\/wp-json\/wp\/v2\/media\/90417"}],"wp:attachment":[{"href":"https:\/\/soydeaqui.ddns.net\/pachuca\/index.php\/wp-json\/wp\/v2\/media?parent=90418"}],"wp:term":[{"taxonomy":"product_brand","embeddable":true,"href":"https:\/\/soydeaqui.ddns.net\/pachuca\/index.php\/wp-json\/wp\/v2\/product_brand?post=90418"},{"taxonomy":"product_cat","embeddable":true,"href":"https:\/\/soydeaqui.ddns.net\/pachuca\/index.php\/wp-json\/wp\/v2\/product_cat?post=90418"},{"taxonomy":"product_tag","embeddable":true,"href":"https:\/\/soydeaqui.ddns.net\/pachuca\/index.php\/wp-json\/wp\/v2\/product_tag?post=90418"}],"curies":[{"name":"wp","href":"https:\/\/api.w.org\/{rel}","templated":true}]}}