{"id":90228,"date":"2026-03-20T03:33:07","date_gmt":"2026-03-20T03:33:07","guid":{"rendered":"https:\/\/soydeaqui.ddns.net\/pachuca\/index.php\/producto\/punto-de-acceso-conectorizado-super-wi-fi-mu-mimo-2x2-doble-banda-en-2-4-y-5-ghz-ac-hasta-1167-mbps-hasta-400-m-de-cobertura\/"},"modified":"2026-03-20T03:33:09","modified_gmt":"2026-03-20T03:33:09","slug":"punto-de-acceso-conectorizado-super-wi-fi-mu-mimo-2x2-doble-banda-en-2-4-y-5-ghz-ac-hasta-1167-mbps-hasta-400-m-de-cobertura","status":"publish","type":"product","link":"https:\/\/soydeaqui.ddns.net\/pachuca\/index.php\/producto\/punto-de-acceso-conectorizado-super-wi-fi-mu-mimo-2x2-doble-banda-en-2-4-y-5-ghz-ac-hasta-1167-mbps-hasta-400-m-de-cobertura\/","title":{"rendered":"Punto de Acceso Conectorizado, Super Wi-Fi MU-MIMO 2&#215;2, Doble Banda en 2.4 y 5 GHz AC, Hasta 1167 Mbps , Hasta 400 m de Cobertura"},"content":{"rendered":"<div style='width: 100%; max-width: 1200px; margin: 0 auto; font-family: sans-serif; line-height: 1.6; color: inherit; background-color: transparent;'>\n<div style='display: flex; flex-direction: column; align-items: center; margin-bottom: 30px;'> <img style='width: 100%; max-width: 300px; height: auto; border: 1px solid rgba(150&comma;150&comma;150&comma;0.3); border-radius: 8px; margin-bottom: 20px;' src='https:\/\/ftp3.syscom.mx\/usuarios\/hortega\/Altai\/Altai.png' alt=''> <img style='width: 100%; max-width: 230px; height: auto; border: 1px solid rgba(150&comma;150&comma;150&comma;0.3); border-radius: 8px;' src='https:\/\/ftp3.syscom.mx\/usuarios\/fotos\/C1N\/74401-image_2019_11_19t22_34_31_506z.png' alt=''> <\/div>\n<hr style='border: 0; border-top: 1px solid rgba(150&comma;150&comma;150&comma;0.3); margin: 30px 0;'>\n<div style='margin-bottom: 30px;'>\n<p style='font-family: arial&comma; helvetica&comma; sans-serif; font-size: 16px; margin-bottom: 15px; color: inherit;'> Dise\u00f1ado para espacios al aire libre de densidad media a alta&comma; el Altai A2x ofrece una experiencia de Wi-Fi incomparable y una conectividad altamente confiable al precio m\u00e1s asequible del mercado. <\/p>\n<p style='font-family: arial&comma; helvetica&comma; sans-serif; font-size: 16px; margin-bottom: 15px; color: inherit;'> El A2x cuenta con tecnolog\u00edas patentadas de Altai para ampliar la cobertura&comma; optimizar la capacidad&comma; mitigar la interferencia y ofrecer una velocidad ultrarr\u00e1pida. <\/p>\n<p style='font-family: arial&comma; helvetica&comma; sans-serif; font-size: 16px; margin-bottom: 15px; color: inherit;'> Con un gabinete resistente a la intemperie con clasificaci\u00f3n IP67 y protecci\u00f3n contra sobretensiones y vibraciones de grado industrial&comma; el A2x es una soluci\u00f3n ideal para condiciones ambientales adversas. <\/p>\n<\/p><\/div>\n<div style='display: flex; flex-wrap: wrap; gap: 30px; margin-bottom: 30px;'>\n<div style='flex: 1 1 300px; min-width: 280px;'>\n<h3 style='font-size: 22px; border-bottom: 2px solid currentColor; padding-bottom: 5px; margin-top: 0; color: inherit; opacity: 0.8;'>Caracter\u00edsticas Principales<\/h3>\n<ul style='padding-left: 20px; font-size: 15px; color: inherit;'>\n<li style='margin-bottom: 5px;'>Modos de operaci\u00f3n como AP&comma; CPE&comma; Bridge&comma; Repetidor<\/li>\n<li style='margin-bottom: 5px;'>Potencia hasta 28 dBm<\/li>\n<li style='margin-bottom: 5px;'>Hasta 32 SSID (16 por radio)<\/li>\n<li style='margin-bottom: 5px;'>Fast Roaming<\/li>\n<li style='margin-bottom: 5px;'>Band Steering<\/li>\n<li style='margin-bottom: 5px;'>M\u00faltiples plataformas de gesti\u00f3n (Standalone&comma; AltaiCare&comma; AltaiGate)<\/li>\n<li style='margin-bottom: 5px;'>Control de Ancho de Banda<\/li>\n<\/ul><\/div>\n<div style='flex: 1 1 300px; min-width: 280px;'>\n<h3 style='font-size: 22px; border-bottom: 2px solid currentColor; padding-bottom: 5px; margin-top: 0; color: inherit; opacity: 0.8;'>Caracter\u00edsticas F\u00edsicas y El\u00e9ctricas<\/h3>\n<ul style='padding-left: 20px; font-size: 15px; color: inherit;'>\n<li style='margin-bottom: 5px;'>2 Conectores de antena N hembra en 2.4 GHz<\/li>\n<li style='margin-bottom: 5px;'>2 Conectores de antena N hembra en 5 GHz<\/li>\n<li style='margin-bottom: 5px;'>Puerto Ethernet 10\/100\/1000 Mbps<\/li>\n<li style='margin-bottom: 5px;'>Dimensiones: 220x220x60 mm<\/li>\n<li style='margin-bottom: 5px;'>Peso: 1.3 Kg<\/li>\n<li style='margin-bottom: 5px;'>Temperatura de operaci\u00f3n 40 \u00b0C a +60 \u00b0C<\/li>\n<li style='margin-bottom: 5px;'>Carcasa con clasificaci\u00f3n <strong style='color: inherit;'>IP67<\/strong><\/li>\n<li style='margin-bottom: 5px;'>Entrada de alimentaci\u00f3n: PoE 802.3at \u00f3 PoE Pasivo de 56 VDC<\/li>\n<li style='margin-bottom: 5px;'><strong style='color: inherit;'>NO INCLUYE FUENTE DE VOLTAJE<\/strong> (PoE Recomendado <a href='https:\/\/www.syscom.mx\/producto\/SD-PE-8N-00-00-ALTAI-TECHNOLOGIES-74406.html' style='color: inherit; text-decoration: underline; font-weight: 600; background-color: transparent;'>SD-PE-8N-00-00<\/a>)<\/li>\n<\/ul><\/div>\n<div style='flex: 1 1 300px; min-width: 280px;'>\n<h3 style='font-size: 22px; border-bottom: 2px solid currentColor; padding-bottom: 5px; margin-top: 0; color: inherit; opacity: 0.8;'>Caracter\u00edsticas Destacadas<\/h3>\n<ul style='padding-left: 20px; font-size: 15px; color: inherit;'>\n<li style='margin-bottom: 5px;'>MU-MIMO mejora significativamente la capacidad de m\u00faltiples clientes y las radios duales brindan velocidades de datos de hasta 867 Mbps en 5 GHz y 300 Mbps en 2&comma;4 GHz.<\/li>\n<li style='margin-bottom: 5px;'>Utilice antenas Omni o sectorizadas de alta ganancia para una cobertura extendida.<\/li>\n<li style='margin-bottom: 5px;'>La funci\u00f3n AlwaysConnected garantiza una conectividad inal\u00e1mbrica redundante y una recuperaci\u00f3n r\u00e1pida para un tiempo de actividad de la red del 100 %<\/li>\n<li style='margin-bottom: 5px;'>La tecnolog\u00eda AirFi mejora el rendimiento del cliente en funci\u00f3n de su velocidad y volumen de datos.<\/li>\n<\/ul><\/div>\n<\/p><\/div>\n<div style='display: grid; grid-template-columns: repeat(auto-fill&comma; minmax(280px&comma; 1fr)); gap: 30px; margin-bottom: 30px;'>\n<div style='border: 1px solid rgba(150&comma;150&comma;150&comma;0.4); border-radius: 8px; overflow: hidden; display: flex; flex-direction: column;'>\n<div style='padding: 15px; border-bottom: 1px solid rgba(150&comma;150&comma;150&comma;0.2); font-weight: bold; font-size: 18px; color: inherit; background-color: rgba(150&comma;150&comma;150&comma;0.1);'>Especificaciones<\/div>\n<div style='padding: 15px; color: inherit;'>\n<ul style='padding-left: 20px; margin: 0; font-size: 14px; list-style-type: disc;'>\n<li style='margin-bottom: 5px;'><strong style='color: inherit;'>Frecuencia:<\/strong> Dual Band 2.4 GHz y 5 GHz<\/li>\n<li style='margin-bottom: 5px;'><strong style='color: inherit;'>Velocidad:<\/strong> Hasta 1167 Mbps<\/li>\n<li style='margin-bottom: 5px;'><strong style='color: inherit;'>Cobertura:<\/strong> Hasta 400 m<\/li>\n<li style='margin-bottom: 5px;'><strong style='color: inherit;'>Est\u00e1ndar:<\/strong> 802.11a\/b\/g\/n\/ac<\/li>\n<li style='margin-bottom: 5px;'><strong style='color: inherit;'>Antenas:<\/strong> 2&#215;2 MIMO<\/li>\n<li style='margin-bottom: 5px;'><strong style='color: inherit;'>Protecci\u00f3n:<\/strong> IP67<\/li>\n<li style='margin-bottom: 5px;'><strong style='color: inherit;'>Montaje:<\/strong> Exterior<\/li>\n<\/ul><\/div>\n<\/p><\/div>\n<\/p><\/div>\n<hr style='border: 0; border-top: 1px solid rgba(150&comma;150&comma;150&comma;0.3); margin: 30px 0;'>\n<div style='display: grid; grid-template-columns: repeat(auto-fill&comma; minmax(280px&comma; 1fr)); gap: 30px; margin-bottom: 30px;'>\n<div style='position: relative; padding-bottom: 56.25%; height: 0; overflow: hidden;'>   <\/div>\n<div style='position: relative; padding-bottom: 56.25%; height: 0; overflow: hidden;'>   <\/div>\n<div style='position: relative; padding-bottom: 56.25%; height: 0; overflow: hidden;'>   <\/div>\n<div style='position: relative; padding-bottom: 56.25%; height: 0; overflow: hidden;'>   <\/div>\n<div style='position: relative; padding-bottom: 56.25%; height: 0; overflow: hidden;'>   <\/div>\n<\/p><\/div>\n<p style='font-family: Arial&comma; Helvetica&comma; sans-serif; font-size: 14px; color: #b8312f; margin-top: 20px;'> <em> La m\u00e1xima distancia en cobertura&comma; capacidad de dispositivos m\u00f3viles WiFi&comma; velocidades de conexi\u00f3n&comma; etc. depender\u00e1 particularmente de cada sitio de instalaci\u00f3n&comma; l\u00ednea de vista plena 100%&comma; niveles de ruido e interferencia&comma; tipo de dispositivos WiFi&comma; alineaci\u00f3n y altura de las antenas. <\/em> <\/p>\n<\/p><\/div>\n","protected":false},"excerpt":{"rendered":"<p>Punto de Acceso Conectorizado, Super Wi-Fi MU-MIMO 2&#215;2, Doble Banda en 2.4 y 5 GHz AC, Hasta 1167 Mbps , Hasta 400 m de Cobertura<\/p>\n","protected":false},"featured_media":90227,"comment_status":"open","ping_status":"closed","template":"","meta":[],"product_brand":[],"product_cat":[1794],"product_tag":[1950,1795,1479],"class_list":{"0":"post-90228","1":"product","2":"type-product","3":"status-publish","4":"has-post-thumbnail","6":"product_cat-puntos-de-acceso","7":"product_tag-altai-technologies","8":"product_tag-puntos-de-acceso","9":"product_tag-redes-wifi","11":"first","12":"outofstock","13":"sale","14":"shipping-taxable","15":"purchasable","16":"product-type-simple"},"_links":{"self":[{"href":"https:\/\/soydeaqui.ddns.net\/pachuca\/index.php\/wp-json\/wp\/v2\/product\/90228","targetHints":{"allow":["GET"]}}],"collection":[{"href":"https:\/\/soydeaqui.ddns.net\/pachuca\/index.php\/wp-json\/wp\/v2\/product"}],"about":[{"href":"https:\/\/soydeaqui.ddns.net\/pachuca\/index.php\/wp-json\/wp\/v2\/types\/product"}],"replies":[{"embeddable":true,"href":"https:\/\/soydeaqui.ddns.net\/pachuca\/index.php\/wp-json\/wp\/v2\/comments?post=90228"}],"wp:featuredmedia":[{"embeddable":true,"href":"https:\/\/soydeaqui.ddns.net\/pachuca\/index.php\/wp-json\/wp\/v2\/media\/90227"}],"wp:attachment":[{"href":"https:\/\/soydeaqui.ddns.net\/pachuca\/index.php\/wp-json\/wp\/v2\/media?parent=90228"}],"wp:term":[{"taxonomy":"product_brand","embeddable":true,"href":"https:\/\/soydeaqui.ddns.net\/pachuca\/index.php\/wp-json\/wp\/v2\/product_brand?post=90228"},{"taxonomy":"product_cat","embeddable":true,"href":"https:\/\/soydeaqui.ddns.net\/pachuca\/index.php\/wp-json\/wp\/v2\/product_cat?post=90228"},{"taxonomy":"product_tag","embeddable":true,"href":"https:\/\/soydeaqui.ddns.net\/pachuca\/index.php\/wp-json\/wp\/v2\/product_tag?post=90228"}],"curies":[{"name":"wp","href":"https:\/\/api.w.org\/{rel}","templated":true}]}}