{"id":90109,"date":"2026-03-20T03:27:40","date_gmt":"2026-03-20T03:27:40","guid":{"rendered":"https:\/\/soydeaqui.ddns.net\/pachuca\/index.php\/producto\/punto-de-acceso-empresarial-hibrido-tq6702-gen2-wi-fi-6-8x8\/"},"modified":"2026-03-20T03:27:41","modified_gmt":"2026-03-20T03:27:41","slug":"punto-de-acceso-empresarial-hibrido-tq6702-gen2-wi-fi-6-8x8","status":"publish","type":"product","link":"https:\/\/soydeaqui.ddns.net\/pachuca\/index.php\/producto\/punto-de-acceso-empresarial-hibrido-tq6702-gen2-wi-fi-6-8x8\/","title":{"rendered":"Punto de Acceso Empresarial H\u00edbrido TQ6702 Gen2 Wi-Fi 6 (8&#215;8)"},"content":{"rendered":"<div style='width: 100%; max-width: 1200px; margin: 0 auto; font-family: sans-serif; line-height: 1.6; color: inherit; background-color: transparent;'> <!-- T\u00edtulo y descripci\u00f3n corta --> <\/p>\n<div style='margin-bottom: 30px;'>\n<h2 style='font-size: 28px; margin: 0 0 10px 0; color: inherit; font-weight: 500;'>TQ6702 GEN2<\/h2>\n<p style='font-size: 16px; margin: 0; color: inherit; opacity: 0.8;'>Punto de acceso h\u00edbrido Wi-Fi 6 (8&#215;8) de ultra alto rendimiento con capacidad de 4&comma;8 Gbps<\/p>\n<\/p><\/div>\n<p> <!-- Descripci\u00f3n principal --> <\/p>\n<div style='margin-bottom: 30px;'>\n<p style='font-size: 15px; margin: 0 0 15px 0; color: inherit;'>El AP inal\u00e1mbrico h\u00edbrido TQ6702 GEN2 de clase empresarial de Allied Telesis cuenta con tecnolog\u00eda Wi-Fi 6 con 8 flujos espaciales (8&#215;8) para ofrecer una capacidad bruta de 4&comma;8 Gigabits.<\/p>\n<p style='font-size: 15px; margin: 0; color: inherit;'>Los puertos de enlace ascendente multigigabit garantizan el m\u00e1ximo rendimiento de la red inal\u00e1mbrica y eliminan los cuellos de botella.<\/p>\n<\/p><\/div>\n<p> <!-- Caracter\u00edsticas principales --> <\/p>\n<div style='margin-bottom: 30px;'>\n<h3 style='font-size: 22px; border-bottom: 2px solid currentColor; padding-bottom: 5px; margin-top: 0; color: inherit; opacity: 0.8;'>Caracter\u00edsticas principales<\/h3>\n<ul style='padding-left: 20px; font-size: 15px; color: inherit; margin-top: 15px;'>\n<li style='margin-bottom: 10px;'>802.11ax (Wi-Fi 6) ofrece cuatro veces el rendimiento del est\u00e1ndar Wi-Fi anterior&comma; lo que permite aplicaciones de experiencia inmersiva y capacidad futura para dispositivos IoT conectados<\/li>\n<li style='margin-bottom: 10px;'>Mejora de la capacidad y el rendimiento gracias a una mayor inteligencia de conectividad multicliente&comma; impulsada por OFDMA y tecnolog\u00eda MIMO multiusuario bidireccional<\/li>\n<li style='margin-bottom: 10px;'>Cobertura inal\u00e1mbrica y conectividad optimizadas autom\u00e1ticamente para una experiencia de usuario superior con Autonomous Wave ControlTM (AWC)<\/li>\n<li style='margin-bottom: 10px;'>Habilite el m\u00e1ximo rendimiento y la itinerancia sin problemas en modo h\u00edbrido con funcionamiento simult\u00e1neo multicanal y de un solo canal (manta de canal)*<\/li>\n<li style='margin-bottom: 10px;'>Crecimiento de la red plug-and-play utilizando enlaces ascendentes inal\u00e1mbricos con AWC Smart Connect*<\/li>\n<li style='margin-bottom: 10px;'>Proporcione conectividad troncal de alta velocidad con 2 puertos de enlace ascendente Multi-Gigabit (1\/2.5\/5G) para eliminar cuellos de botella y maximizar el rendimiento de datos<\/li>\n<li style='margin-bottom: 10px;'>Gesti\u00f3n y supervisi\u00f3n centralizadas de su red Wi-Fi con AWC en Vista Manager&comma; o utilice la interfaz gr\u00e1fica de usuario basada en la web para facilitar la gesti\u00f3n independiente de AP<\/li>\n<li style='margin-bottom: 10px;'>Administre y rastree los dispositivos de los usuarios a medida que se mueven por el piso del edificio y entre pisos con el intercambio multidimensional inal\u00e1mbrico (MDX)&comma; que permite el seguimiento de dispositivos en tiempo real y en el historial completo con fines de seguridad o auditor\u00eda<\/li>\n<li style='margin-bottom: 10px;'>Implementaci\u00f3n flexible con puntos de acceso virtuales con varios SSID<\/li>\n<li style='margin-bottom: 10px;'>F\u00e1cil gesti\u00f3n del acceso de los usuarios con Captive Portal<\/li>\n<li style='margin-bottom: 10px; font-size: 14px; color: inherit; opacity: 0.8;'>* Esta funci\u00f3n ser\u00e1 compatible en una futura versi\u00f3n de firmware<\/li>\n<\/ul><\/div>\n<p> <!-- Separador --> <\/p>\n<hr style='border: 0; border-top: 1px solid rgba(150&comma; 150&comma; 150&comma; 0.3); margin: 30px 0;'> <\/div>\n","protected":false},"excerpt":{"rendered":"<p>Punto de Acceso Empresarial H\u00edbrido TQ6702 Gen2 Wi-Fi 6 (8&#215;8)<\/p>\n","protected":false},"featured_media":90108,"comment_status":"open","ping_status":"closed","template":"","meta":[],"product_brand":[],"product_cat":[1794],"product_tag":[1995,1795,1479],"class_list":{"0":"post-90109","1":"product","2":"type-product","3":"status-publish","4":"has-post-thumbnail","6":"product_cat-puntos-de-acceso","7":"product_tag-allied-telesis","8":"product_tag-puntos-de-acceso","9":"product_tag-redes-wifi","11":"first","12":"instock","13":"sale","14":"shipping-taxable","15":"purchasable","16":"product-type-simple"},"_links":{"self":[{"href":"https:\/\/soydeaqui.ddns.net\/pachuca\/index.php\/wp-json\/wp\/v2\/product\/90109","targetHints":{"allow":["GET"]}}],"collection":[{"href":"https:\/\/soydeaqui.ddns.net\/pachuca\/index.php\/wp-json\/wp\/v2\/product"}],"about":[{"href":"https:\/\/soydeaqui.ddns.net\/pachuca\/index.php\/wp-json\/wp\/v2\/types\/product"}],"replies":[{"embeddable":true,"href":"https:\/\/soydeaqui.ddns.net\/pachuca\/index.php\/wp-json\/wp\/v2\/comments?post=90109"}],"wp:featuredmedia":[{"embeddable":true,"href":"https:\/\/soydeaqui.ddns.net\/pachuca\/index.php\/wp-json\/wp\/v2\/media\/90108"}],"wp:attachment":[{"href":"https:\/\/soydeaqui.ddns.net\/pachuca\/index.php\/wp-json\/wp\/v2\/media?parent=90109"}],"wp:term":[{"taxonomy":"product_brand","embeddable":true,"href":"https:\/\/soydeaqui.ddns.net\/pachuca\/index.php\/wp-json\/wp\/v2\/product_brand?post=90109"},{"taxonomy":"product_cat","embeddable":true,"href":"https:\/\/soydeaqui.ddns.net\/pachuca\/index.php\/wp-json\/wp\/v2\/product_cat?post=90109"},{"taxonomy":"product_tag","embeddable":true,"href":"https:\/\/soydeaqui.ddns.net\/pachuca\/index.php\/wp-json\/wp\/v2\/product_tag?post=90109"}],"curies":[{"name":"wp","href":"https:\/\/api.w.org\/{rel}","templated":true}]}}