{"id":90101,"date":"2026-03-20T03:27:18","date_gmt":"2026-03-20T03:27:18","guid":{"rendered":"https:\/\/soydeaqui.ddns.net\/pachuca\/index.php\/producto\/punto-de-acceso-mu-mimo-8x8-5-1-6-4-ghz-capacidad-de-hasta-6-gbps-antena-integrada-de-24-dbi-angulo-de-apertura-de-90o-punto-multipunto-2-puertos-sfp-y-1-puerto-fast-ethernet\/"},"modified":"2026-03-20T03:27:31","modified_gmt":"2026-03-20T03:27:31","slug":"punto-de-acceso-mu-mimo-8x8-5-1-6-4-ghz-capacidad-de-hasta-6-gbps-antena-integrada-de-24-dbi-angulo-de-apertura-de-90o-punto-multipunto-2-puertos-sfp-y-1-puerto-fast-ethernet","status":"publish","type":"product","link":"https:\/\/soydeaqui.ddns.net\/pachuca\/index.php\/producto\/punto-de-acceso-mu-mimo-8x8-5-1-6-4-ghz-capacidad-de-hasta-6-gbps-antena-integrada-de-24-dbi-angulo-de-apertura-de-90o-punto-multipunto-2-puertos-sfp-y-1-puerto-fast-ethernet\/","title":{"rendered":"Punto de Acceso MU-MIMO 8&#215;8, 5.1-6.4 GHz, Capacidad de hasta 6 Gbps, Antena integrada de 24 dBi, \u00c1ngulo de apertura de 90\u00ba, Punto-Multipunto, 2 puertos SFP+ y 1 puerto fast ethernet."},"content":{"rendered":"<div style='width: 100%; max-width: 1200px; margin: 0 auto; font-family: sans-serif; line-height: 1.6; color: inherit; background-color: transparent;'>\n<div style='display: flex; flex-wrap: wrap; gap: 30px; margin-bottom: 30px;'>\n<div style='flex: 1 1 300px; min-width: 280px;'>\n<h3 style='font-size: 22px; border-bottom: 2px solid currentColor; padding-bottom: 5px; margin-top: 0; color: inherit; opacity: 0.8;'>Notas importantes<\/h3>\n<ul style='padding-left: 20px; font-size: 15px; color: inherit;'>\n<li style='margin-bottom: 5px;'><strong style='color: inherit;'>Nota:<\/strong> Las distancias dependen de las condiciones de cada sitio como disponibilidad de espectro&comma; niveles de ruido&comma; l\u00ednea de vista plena y ancho de banda buscado.<\/li>\n<\/ul><\/div>\n<\/p><\/div>\n<div style='display: flex; flex-wrap: wrap; gap: 20px; margin-bottom: 30px;'>\n<div style='flex: 1 1 250px; border: 1px solid rgba(150&comma; 150&comma; 150&comma; 0.4); border-radius: 8px; overflow: hidden; display: flex; flex-direction: column;'>\n<div style='padding: 15px; border-bottom: 1px solid rgba(150&comma; 150&comma; 150&comma; 0.2); font-weight: bold; font-size: 18px; color: inherit;'>Caracter\u00edsticas principales<\/div>\n<div style='padding: 15px; color: inherit;'>\n<ul style='padding-left: 20px; margin: 0; font-size: 14px; list-style-type: disc;'>\n<li style='margin-bottom: 5px;'><strong style='color: inherit;'>Sistema de GPS + GLONASS<\/strong>: Integrado para sincronizaci\u00f3n eficaz de los paquetes de datos en Tx y Rx.<\/li>\n<li style='margin-bottom: 5px;'><strong style='color: inherit;'>Puerto Ethernet<\/strong>: 1 Gbps<\/li>\n<li style='margin-bottom: 5px;'><strong style='color: inherit;'>Puertos SFP+<\/strong>: 2<\/li>\n<li style='margin-bottom: 5px;'><strong style='color: inherit;'>Seguridad avanzada<\/strong>: WAP3&comma; AES&comma; RADIUS&comma; 802.1X<\/li>\n<li style='margin-bottom: 5px;'><strong style='color: inherit;'>Capacidad de paquetes<\/strong>: Hasta un mill\u00f3n de paquetes por segundo<\/li>\n<li style='margin-bottom: 5px;'><strong style='color: inherit;'>Velocidad<\/strong>: Hasta 7 Gbps de velocidad agregada en DL\/UL<\/li>\n<\/ul><\/div>\n<\/p><\/div>\n<div style='flex: 1 1 250px; border: 1px solid rgba(150&comma; 150&comma; 150&comma; 0.4); border-radius: 8px; overflow: hidden; display: flex; flex-direction: column;'>\n<div style='padding: 15px; border-bottom: 1px solid rgba(150&comma; 150&comma; 150&comma; 0.2); font-weight: bold; font-size: 18px; color: inherit;'>Modo de operaci\u00f3n<\/div>\n<div style='padding: 15px; color: inherit;'>\n<ul style='padding-left: 20px; margin: 0; font-size: 14px; list-style-type: disc;'>\n<li style='margin-bottom: 5px;'><strong style='color: inherit;'>PTMP<\/strong>: Access point<\/li>\n<\/ul><\/div>\n<\/p><\/div>\n<div style='flex: 1 1 250px; border: 1px solid rgba(150&comma; 150&comma; 150&comma; 0.4); border-radius: 8px; overflow: hidden; display: flex; flex-direction: column;'>\n<div style='padding: 15px; border-bottom: 1px solid rgba(150&comma; 150&comma; 150&comma; 0.2); font-weight: bold; font-size: 18px; color: inherit;'>Radio<\/div>\n<div style='padding: 15px; color: inherit;'>\n<ul style='padding-left: 20px; margin: 0; font-size: 14px; list-style-type: disc;'>\n<li style='margin-bottom: 5px;'><strong style='color: inherit;'>MIMO y modulaci\u00f3n<\/strong>: 8&#215;8 MU-MIMO OFDM&comma; BPSK QAM<\/li>\n<li style='margin-bottom: 5px;'><strong style='color: inherit;'>Ancho de canal<\/strong>: 20\/40\/80\/160 MHz<\/li>\n<li style='margin-bottom: 5px;'><strong style='color: inherit;'>Potencia de transmisi\u00f3n<\/strong>: 24 dBm<\/li>\n<li style='margin-bottom: 5px;'><strong style='color: inherit;'>Latencia<\/strong>: < 1 ms<\/li>\n<li style='margin-bottom: 5px;'><strong style='color: inherit;'>Protecci\u00f3n<\/strong>: IP67 para uso exterior<\/li>\n<li style='margin-bottom: 5px;'><strong style='color: inherit;'>Rango de temperatura<\/strong>: -40 a 55 \u00b0C (-40 a 131 \u00b0F)<\/li>\n<li style='margin-bottom: 5px;'><strong style='color: inherit;'>Frecuencia<\/strong>: 4.9 &#8211; 6.4 GHz<\/li>\n<li style='margin-bottom: 5px;'><strong style='color: inherit;'>Compatibilidad<\/strong>: Radios C6x<\/li>\n<\/ul><\/div>\n<\/p><\/div>\n<div style='flex: 1 1 250px; border: 1px solid rgba(150&comma; 150&comma; 150&comma; 0.4); border-radius: 8px; overflow: hidden; display: flex; flex-direction: column;'>\n<div style='padding: 15px; border-bottom: 1px solid rgba(150&comma; 150&comma; 150&comma; 0.2); font-weight: bold; font-size: 18px; color: inherit;'>Caracter\u00edsticas f\u00edsicas y el\u00e9ctricas<\/div>\n<div style='padding: 15px; color: inherit;'>\n<ul style='padding-left: 20px; margin: 0; font-size: 14px; list-style-type: disc;'>\n<li style='margin-bottom: 5px;'><strong style='color: inherit;'>Consumo m\u00e1ximo<\/strong>: 40 W<\/li>\n<li style='margin-bottom: 5px;'><strong style='color: inherit;'>Alimentaci\u00f3n<\/strong>: POE pasivo&comma; 48-56 Vcc<\/li>\n<li style='margin-bottom: 5px;'><strong style='color: inherit;'>inyector PoE<\/strong>: pasivo POE56V (No incluido)<\/li>\n<li style='margin-bottom: 5px;'><strong style='color: inherit;'>Dimensiones<\/strong>: 75 mm (profundidad) x 295 mm (ancho) x 490 mm (altura)<\/li>\n<li style='margin-bottom: 5px;'><strong style='color: inherit;'>Peso<\/strong>: 3.95 kg (8.7 lbs)<\/li>\n<\/ul><\/div>\n<\/p><\/div>\n<\/p><\/div>\n<div style='display: flex; flex-wrap: wrap; gap: 30px; margin-bottom: 30px;'>\n<div style='flex: 1 1 300px; min-width: 280px;'>\n<h3 style='font-size: 22px; border-bottom: 2px solid currentColor; padding-bottom: 5px; margin-top: 0; color: inherit; opacity: 0.8;'>Notas adicionales<\/h3>\n<ul style='padding-left: 20px; font-size: 15px; color: inherit;'>\n<li style='margin-bottom: 5px;'><strong style='color: inherit;'>Nota:<\/strong> El equipo incluye internamente un protector contra descargas&comma; se recomienda aterrizar a una tierra f\u00edsica.<\/li>\n<li style='margin-bottom: 5px;'><strong style='color: inherit;'>Modo de operaci\u00f3n:<\/strong> Solo funciona como AP&comma; no puede trabajar como enlace PTP<\/li>\n<\/ul><\/div>\n<\/p><\/div>\n<div style='display: flex; flex-wrap: wrap; gap: 20px; margin-bottom: 30px;'>\n<div style='flex: 1 1 300px; min-width: 280px;'> <img style='width: 100%; height: auto; border: 1px solid rgba(150&comma;150&comma;150&comma;0.3); border-radius: 8px;' src='https:\/\/ftp3.syscom.mx\/usuarios\/fotos\/A5C\/87556-garantia1.png' alt=''> <\/div>\n<div style='flex: 1 1 300px; min-width: 280px;'> <img style='width: 100%; height: auto; border: 1px solid rgba(150&comma;150&comma;150&comma;0.3); border-radius: 8px;' src='https:\/\/ftp3.syscom.mx\/usuarios\/fotos\/A6XAP\/205924-captura_de_pantalla_2022-03-04_a_la(s)_17.14.18.png' alt=''> <\/div>\n<div style='flex: 1 1 300px; min-width: 280px;'> <img style='width: 100%; height: auto; border: 1px solid rgba(150&comma;150&comma;150&comma;0.3); border-radius: 8px;' src='https:\/\/ftp3.syscom.mx\/usuarios\/fotos\/A6XAP\/205924-captura_de_pantalla_2022-03-04_a_la(s)_17.14.34.png' alt=''> <\/div>\n<div style='flex: 1 1 300px; min-width: 280px;'> <img style='width: 100%; height: auto; border: 1px solid rgba(150&comma;150&comma;150&comma;0.3); border-radius: 8px;' src='https:\/\/ftp3.syscom.mx\/usuarios\/fotos\/A6XAP\/205924-captura_de_pantalla_2022-03-04_a_la(s)_17.14.42.png' alt=''> <\/div>\n<div style='flex: 1 1 300px; min-width: 280px;'> <img style='width: 100%; height: auto; border: 1px solid rgba(150&comma;150&comma;150&comma;0.3); border-radius: 8px;' src='https:\/\/ftp3.syscom.mx\/usuarios\/fotos\/A6XAP\/205924-captura_de_pantalla_2022-03-04_a_la(s)_17.14.57.png' alt=''> <\/div>\n<div style='flex: 1 1 300px; min-width: 280px;'> <img style='width: 100%; height: auto; border: 1px solid rgba(150&comma;150&comma;150&comma;0.3); border-radius: 8px;' src='https:\/\/ftp3.syscom.mx\/usuarios\/fotos\/A6XAP\/205924-captura_de_pantalla_2022-03-04_a_la(s)_17.15.09.png' alt=''> <\/div>\n<div style='flex: 1 1 300px; min-width: 280px;'> <img style='width: 100%; height: auto; border: 1px solid rgba(150&comma;150&comma;150&comma;0.3); border-radius: 8px;' src='https:\/\/ftp3.syscom.mx\/usuarios\/fotos\/A6XAP\/205924-captura_de_pantalla_2022-03-04_a_la(s)_17.15.20.png' alt=''> <\/div>\n<div style='flex: 1 1 300px; min-width: 280px;'> <img style='width: 100%; height: auto; border: 1px solid rgba(150&comma;150&comma;150&comma;0.3); border-radius: 8px;' src='https:\/\/ftp3.syscom.mx\/usuarios\/fotos\/A6XAP\/205924-captura_de_pantalla_2022-03-04_a_la(s)_17.15.28.png' alt=''> <\/div>\n<div style='flex: 1 1 300px; min-width: 280px;'> <img style='width: 100%; height: auto; border: 1px solid rgba(150&comma;150&comma;150&comma;0.3); border-radius: 8px;' src='https:\/\/ftp3.syscom.mx\/usuarios\/fotos\/A6XAP\/205924-captura_de_pantalla_2022-03-04_a_la(s)_17.15.39.png' alt=''> <\/div>\n<div style='flex: 1 1 300px; min-width: 280px;'> <img style='width: 100%; height: auto; border: 1px solid rgba(150&comma;150&comma;150&comma;0.3); border-radius: 8px;' src='https:\/\/ftp3.syscom.mx\/usuarios\/fotos\/A6XAP\/205924-captura_de_pantalla_2022-03-04_a_la(s)_17.15.51.png' alt=''> <\/div>\n<\/p><\/div>\n<hr style='border: 0; border-top: 1px solid rgba(150&comma; 150&comma; 150&comma; 0.3); margin: 30px 0;'> <\/div>\n","protected":false},"excerpt":{"rendered":"<p>Punto de Acceso MU-MIMO 8&#215;8, 5.1-6.4 GHz, Capacidad de hasta 6 Gbps, Antena integrada de 24 dBi, \u00c1ngulo de apertura de 90\u00ba, Punto-Multipunto, 2 puertos SFP+ y 1 puerto fast ethernet.<\/p>\n","protected":false},"featured_media":90100,"comment_status":"open","ping_status":"closed","template":"","meta":[],"product_brand":[],"product_cat":[1998],"product_tag":[1999,1980,2046],"class_list":{"0":"post-90101","1":"product","2":"type-product","3":"status-publish","4":"has-post-thumbnail","6":"product_cat-5-y-6-ghz","7":"product_tag-5-y-6-ghz","8":"product_tag-enlaces-ptp-y-ptmp","9":"product_tag-mimosa-networks","11":"first","12":"instock","13":"sale","14":"shipping-taxable","15":"purchasable","16":"product-type-simple"},"_links":{"self":[{"href":"https:\/\/soydeaqui.ddns.net\/pachuca\/index.php\/wp-json\/wp\/v2\/product\/90101","targetHints":{"allow":["GET"]}}],"collection":[{"href":"https:\/\/soydeaqui.ddns.net\/pachuca\/index.php\/wp-json\/wp\/v2\/product"}],"about":[{"href":"https:\/\/soydeaqui.ddns.net\/pachuca\/index.php\/wp-json\/wp\/v2\/types\/product"}],"replies":[{"embeddable":true,"href":"https:\/\/soydeaqui.ddns.net\/pachuca\/index.php\/wp-json\/wp\/v2\/comments?post=90101"}],"wp:featuredmedia":[{"embeddable":true,"href":"https:\/\/soydeaqui.ddns.net\/pachuca\/index.php\/wp-json\/wp\/v2\/media\/90100"}],"wp:attachment":[{"href":"https:\/\/soydeaqui.ddns.net\/pachuca\/index.php\/wp-json\/wp\/v2\/media?parent=90101"}],"wp:term":[{"taxonomy":"product_brand","embeddable":true,"href":"https:\/\/soydeaqui.ddns.net\/pachuca\/index.php\/wp-json\/wp\/v2\/product_brand?post=90101"},{"taxonomy":"product_cat","embeddable":true,"href":"https:\/\/soydeaqui.ddns.net\/pachuca\/index.php\/wp-json\/wp\/v2\/product_cat?post=90101"},{"taxonomy":"product_tag","embeddable":true,"href":"https:\/\/soydeaqui.ddns.net\/pachuca\/index.php\/wp-json\/wp\/v2\/product_tag?post=90101"}],"curies":[{"name":"wp","href":"https:\/\/api.w.org\/{rel}","templated":true}]}}