{"id":90019,"date":"2026-03-20T03:23:31","date_gmt":"2026-03-20T03:23:31","guid":{"rendered":"https:\/\/soydeaqui.ddns.net\/pachuca\/index.php\/producto\/telefono-wifi-portatil-empresarial-con-diseno-resistente-ip67-conectividad-a-la-red-voip-via-wifi\/"},"modified":"2026-03-20T03:23:38","modified_gmt":"2026-03-20T03:23:38","slug":"telefono-wifi-portatil-empresarial-con-diseno-resistente-ip67-conectividad-a-la-red-voip-via-wifi","status":"publish","type":"product","link":"https:\/\/soydeaqui.ddns.net\/pachuca\/index.php\/producto\/telefono-wifi-portatil-empresarial-con-diseno-resistente-ip67-conectividad-a-la-red-voip-via-wifi\/","title":{"rendered":"Tel\u00e9fono WiFi port\u00e1til empresarial con dise\u00f1o resistente IP67, conectividad a la red VoIP v\u00eda WiFi"},"content":{"rendered":"<div style='width: 100%; max-width: 1200px; margin: 0 auto; font-family: sans-serif; line-height: 1.6; color: inherit; background-color: transparent;'> <!-- Secci\u00f3n de descripci\u00f3n --> <\/p>\n<div style='margin-bottom: 30px;'>\n<p style='font-size: 15px; margin-bottom: 15px; color: inherit;'>El WP825 es un tel\u00e9fono IP Wi-Fi port\u00e1til resistente dise\u00f1ado para adaptarse a una variedad de empresas y aplicaciones de mercados verticales&comma; incluyendo comercio&comma; log\u00edstica&comma; salud y seguridad. Este tel\u00e9fono Wi-Fi inal\u00e1mbrico viene equipado con Wi-Fi 802.11a\/b\/g\/n\/ac de doble banda integrado&comma; un dise\u00f1o avanzado de antena y soporte de roaming. Al agregar un tiempo de conversaci\u00f3n de 8 horas y voz HD con micr\u00f3fonos duales&comma; el WP825 ofrece una opci\u00f3n econ\u00f3mica equipada con una combinaci\u00f3n de caracter\u00edsticas&comma; movilidad y durabilidad para satisfacer todas las necesidades de telefon\u00eda port\u00e1til.<\/p>\n<\/p><\/div>\n<p> <!-- Secci\u00f3n de caracter\u00edsticas --> <\/p>\n<div style='display: flex; flex-wrap: wrap; gap: 30px; margin-bottom: 30px;'>\n<div style='flex: 1 1 300px; min-width: 280px;'>\n<h3 style='font-size: 22px; border-bottom: 2px solid currentColor; padding-bottom: 5px; margin-top: 0; color: inherit; opacity: 0.8;'>Caracter\u00edsticas principales<\/h3>\n<ul style='padding-left: 20px; font-size: 15px; color: inherit;'>\n<li style='margin-bottom: 5px;'>Wi-Fi de doble banda con dise\u00f1o avanzado de antena y soporte de roaming eficiente<\/li>\n<li style='margin-bottom: 5px;'>2 cuentas SIP&comma; 2 l\u00edneas<\/li>\n<li style='margin-bottom: 5px;'>Dise\u00f1o de voz HD y micr\u00f3fonos duales con AEC y tecnolog\u00eda Noise Shield<\/li>\n<li style='margin-bottom: 5px;'>Bater\u00eda recargable de 2000 mAh&comma; tiempo de conversaci\u00f3n de 8 horas&comma; tiempo en reposo de 200-horas<\/li>\n<li style='margin-bottom: 5px;'>Bluetooth integrado para conectar los aud\u00edfonos<\/li>\n<li style='margin-bottom: 5px;'>Bot\u00f3n configurable de micr\u00f3fono<\/li>\n<li style='margin-bottom: 5px;'>Puerto micro USB y conector para aud\u00edfonos de 3.5 mm<\/li>\n<li style='margin-bottom: 5px;'>Dise\u00f1o resistente. Resistencia al agua&comma; al polvo y a ca\u00eddas desde 2.5 metros<\/li>\n<\/ul><\/div>\n<\/p><\/div>\n<p> <!-- Separador --> <\/p>\n<hr style='border: 0; border-top: 1px solid rgba(150&comma; 150&comma; 150&comma; 0.3); margin: 30px 0;'> <!-- Secci\u00f3n de especificaciones --> <\/p>\n<div style='display: flex; flex-wrap: wrap; gap: 20px; margin-bottom: 30px;'>\n<div style='flex: 1 1 250px; border: 1px solid rgba(150&comma; 150&comma; 150&comma; 0.4); border-radius: 8px; overflow: hidden; display: flex; flex-direction: column;'>\n<div style='padding: 15px; border-bottom: 1px solid rgba(150&comma; 150&comma; 150&comma; 0.2); font-weight: bold; font-size: 18px; color: inherit;'>Conectividad<\/div>\n<div style='padding: 15px; color: inherit;'>\n<ul style='padding-left: 20px; margin: 0; font-size: 14px; list-style-type: disc;'>\n<li style='margin-bottom: 5px;'><strong>Wi-Fi:<\/strong> S\u00ed&comma; Wi-Fi de doble banda integrado 802.11 a\/b\/g\/n\/ac (2&comma;4 GHz y 5 GHz). 802.11r<\/li>\n<li style='margin-bottom: 5px;'><strong>Bluetooth:<\/strong> S\u00ed<\/li>\n<\/ul><\/div>\n<\/p><\/div>\n<div style='flex: 1 1 250px; border: 1px solid rgba(150&comma; 150&comma; 150&comma; 0.4); border-radius: 8px; overflow: hidden; display: flex; flex-direction: column;'>\n<div style='padding: 15px; border-bottom: 1px solid rgba(150&comma; 150&comma; 150&comma; 0.2); font-weight: bold; font-size: 18px; color: inherit;'>Pantalla<\/div>\n<div style='padding: 15px; color: inherit;'>\n<ul style='padding-left: 20px; margin: 0; font-size: 14px; list-style-type: disc;'>\n<li style='margin-bottom: 5px;'><strong>Tipo:<\/strong> LCD en color TFT de 2&comma;4 pulgadas (240 x 320)<\/li>\n<\/ul><\/div>\n<\/p><\/div>\n<div style='flex: 1 1 250px; border: 1px solid rgba(150&comma; 150&comma; 150&comma; 0.4); border-radius: 8px; overflow: hidden; display: flex; flex-direction: column;'>\n<div style='padding: 15px; border-bottom: 1px solid rgba(150&comma; 150&comma; 150&comma; 0.2); font-weight: bold; font-size: 18px; color: inherit;'>Perif\u00e9ricos<\/div>\n<div style='padding: 15px; color: inherit;'>\n<ul style='padding-left: 20px; margin: 0; font-size: 14px; list-style-type: disc;'>\n<li style='margin-bottom: 5px;'>3 teclas programables&comma; marcar&comma; colgar&comma; altavoz&comma; agenda telef\u00f3nica&comma; teclado retroiluminado&comma; sensor de proximidad&comma; motor de vibraci\u00f3n&comma; bot\u00f3n de volumen&comma; teclas de navegaci\u00f3n y aceler\u00f3metro<\/li>\n<\/ul><\/div>\n<\/p><\/div>\n<div style='flex: 1 1 250px; border: 1px solid rgba(150&comma; 150&comma; 150&comma; 0.4); border-radius: 8px; overflow: hidden; display: flex; flex-direction: column;'>\n<div style='padding: 15px; border-bottom: 1px solid rgba(150&comma; 150&comma; 150&comma; 0.2); font-weight: bold; font-size: 18px; color: inherit;'>Puertos Auxiliares<\/div>\n<div style='padding: 15px; color: inherit;'>\n<ul style='padding-left: 20px; margin: 0; font-size: 14px; list-style-type: disc;'>\n<li style='margin-bottom: 5px;'><strong>Conector para auriculares:<\/strong> 3&comma;5 mm<\/li>\n<li style='margin-bottom: 5px;'><strong>Puerto:<\/strong> Micro USB para carga<\/li>\n<li style='margin-bottom: 5px;'><strong>Otros:<\/strong> MIC doble&comma; LED MWI de dos colores<\/li>\n<\/ul><\/div>\n<\/p><\/div>\n<div style='flex: 1 1 250px; border: 1px solid rgba(150&comma; 150&comma; 150&comma; 0.4); border-radius: 8px; overflow: hidden; display: flex; flex-direction: column;'>\n<div style='padding: 15px; border-bottom: 1px solid rgba(150&comma; 150&comma; 150&comma; 0.2); font-weight: bold; font-size: 18px; color: inherit;'>Telefon\u00eda<\/div>\n<div style='padding: 15px; color: inherit;'>\n<ul style='padding-left: 20px; margin: 0; font-size: 14px; list-style-type: disc;'>\n<li style='margin-bottom: 5px;'>Retener&comma; transferir&comma; reenviar&comma; conferencia de audio de 3 v\u00edas&comma; llamada en espera&comma; registro de llamadas (hasta 100 registros)&comma; directorio telef\u00f3nico descargable (XML&comma; hasta 500 elementos)&comma; marcaci\u00f3n autom\u00e1tica con descolgado&comma; respuesta&comma; plan de marcaci\u00f3n flexible&comma; tonos de llamada de m\u00fasica personalizados&comma; redundancia de servidor y conmutaci\u00f3n por error&comma; pulsar para hablar&comma; LDAP<\/li>\n<\/ul><\/div>\n<\/p><\/div>\n<div style='flex: 1 1 250px; border: 1px solid rgba(150&comma; 150&comma; 150&comma; 0.4); border-radius: 8px; overflow: hidden; display: flex; flex-direction: column;'>\n<div style='padding: 15px; border-bottom: 1px solid rgba(150&comma; 150&comma; 150&comma; 0.2); font-weight: bold; font-size: 18px; color: inherit;'>Grado de Impermeabilidad<\/div>\n<div style='padding: 15px; color: inherit;'>\n<ul style='padding-left: 20px; margin: 0; font-size: 14px; list-style-type: disc;'>\n<li style='margin-bottom: 5px;'>Grado de protecci\u00f3n IP67 contra el agua y el polvo<\/li>\n<li style='margin-bottom: 5px;'>Resistente a qu\u00edmicos de limpieza<\/li>\n<li style='margin-bottom: 5px;'>Carcasa antimicrobiana<\/li>\n<li style='margin-bottom: 5px;'>Resistente a ca\u00eddas de 2.5 metros<\/li>\n<\/ul><\/div>\n<\/p><\/div>\n<div style='flex: 1 1 250px; border: 1px solid rgba(150&comma; 150&comma; 150&comma; 0.4); border-radius: 8px; overflow: hidden; display: flex; flex-direction: column;'>\n<div style='padding: 15px; border-bottom: 1px solid rgba(150&comma; 150&comma; 150&comma; 0.2); font-weight: bold; font-size: 18px; color: inherit;'>Alimentaci\u00f3n y Eficiencia de Energ\u00eda<\/div>\n<div style='padding: 15px; color: inherit;'>\n<ul style='padding-left: 20px; margin: 0; font-size: 14px; list-style-type: disc;'>\n<li style='margin-bottom: 5px;'><strong>Adaptador de corriente:<\/strong> Universal incluido (Entrada: 100-240 VCA; Salida: +5 V CC&comma; 1 A (5 W))<\/li>\n<li style='margin-bottom: 5px;'><strong>Bater\u00eda:<\/strong> 2000 mAh (Tiempo de espera: 200 h&comma; Tiempo de conversaci\u00f3n: 8 h)<\/li>\n<\/ul><\/div>\n<\/p><\/div>\n<div style='flex: 1 1 250px; border: 1px solid rgba(150&comma; 150&comma; 150&comma; 0.4); border-radius: 8px; overflow: hidden; display: flex; flex-direction: column;'>\n<div style='padding: 15px; border-bottom: 1px solid rgba(150&comma; 150&comma; 150&comma; 0.2); font-weight: bold; font-size: 18px; color: inherit;'>Caracter\u00edsticas F\u00edsicas<\/div>\n<div style='padding: 15px; color: inherit;'>\n<ul style='padding-left: 20px; margin: 0; font-size: 14px; list-style-type: disc;'>\n<li style='margin-bottom: 5px;'><strong>Auricular:<\/strong> 166.0 x 57.80 x 26.30 mm<\/li>\n<li style='margin-bottom: 5px;'><strong>Base del cargador:<\/strong> 82.00 x 80.00 x 30.60 mm<\/li>\n<li style='margin-bottom: 5px;'><strong>Peso del auricular:<\/strong> 220.0 g<\/li>\n<li style='margin-bottom: 5px;'><strong>Peso del paquete:<\/strong> 433.60 g (sin Gu\u00eda de Inicio R\u00e1pido)<\/li>\n<\/ul><\/div>\n<\/p><\/div>\n<div style='flex: 1 1 250px; border: 1px solid rgba(150&comma; 150&comma; 150&comma; 0.4); border-radius: 8px; overflow: hidden; display: flex; flex-direction: column;'>\n<div style='padding: 15px; border-bottom: 1px solid rgba(150&comma; 150&comma; 150&comma; 0.2); font-weight: bold; font-size: 18px; color: inherit;'>Contenido del Paquete<\/div>\n<div style='padding: 15px; color: inherit;'>\n<ul style='padding-left: 20px; margin: 0; font-size: 14px; list-style-type: disc;'>\n<li style='margin-bottom: 5px;'>Unidad de auricular<\/li>\n<li style='margin-bottom: 5px;'>Fuente de alimentaci\u00f3n universal<\/li>\n<li style='margin-bottom: 5px;'>Base de cargador<\/li>\n<li style='margin-bottom: 5px;'>Clip para cintur\u00f3n<\/li>\n<li style='margin-bottom: 5px;'>1 bater\u00eda Li-Ion<\/li>\n<li style='margin-bottom: 5px;'>Gu\u00eda de Inicio R\u00e1pido<\/li>\n<li style='margin-bottom: 5px;'><strong>Ganrant\u00eda:<\/strong> 1 a\u00f1o<\/li>\n<\/ul><\/div>\n<\/p><\/div>\n<\/p><\/div>\n<\/p><\/div>\n","protected":false},"excerpt":{"rendered":"<p>Tel\u00e9fono WiFi port\u00e1til empresarial con dise\u00f1o resistente IP67, conectividad a la red VoIP v\u00eda WiFi<\/p>\n","protected":false},"featured_media":90018,"comment_status":"open","ping_status":"closed","template":"","meta":[],"product_brand":[],"product_cat":[2003],"product_tag":[909,2005,2004],"class_list":{"0":"post-90019","1":"product","2":"type-product","3":"status-publish","4":"has-post-thumbnail","6":"product_cat-telefonos-ip","7":"product_tag-grandstream","8":"product_tag-telefonos-ip","9":"product_tag-voip-telefonia-ip-videoconferencia","11":"first","12":"instock","13":"sale","14":"shipping-taxable","15":"purchasable","16":"product-type-simple"},"_links":{"self":[{"href":"https:\/\/soydeaqui.ddns.net\/pachuca\/index.php\/wp-json\/wp\/v2\/product\/90019","targetHints":{"allow":["GET"]}}],"collection":[{"href":"https:\/\/soydeaqui.ddns.net\/pachuca\/index.php\/wp-json\/wp\/v2\/product"}],"about":[{"href":"https:\/\/soydeaqui.ddns.net\/pachuca\/index.php\/wp-json\/wp\/v2\/types\/product"}],"replies":[{"embeddable":true,"href":"https:\/\/soydeaqui.ddns.net\/pachuca\/index.php\/wp-json\/wp\/v2\/comments?post=90019"}],"wp:featuredmedia":[{"embeddable":true,"href":"https:\/\/soydeaqui.ddns.net\/pachuca\/index.php\/wp-json\/wp\/v2\/media\/90018"}],"wp:attachment":[{"href":"https:\/\/soydeaqui.ddns.net\/pachuca\/index.php\/wp-json\/wp\/v2\/media?parent=90019"}],"wp:term":[{"taxonomy":"product_brand","embeddable":true,"href":"https:\/\/soydeaqui.ddns.net\/pachuca\/index.php\/wp-json\/wp\/v2\/product_brand?post=90019"},{"taxonomy":"product_cat","embeddable":true,"href":"https:\/\/soydeaqui.ddns.net\/pachuca\/index.php\/wp-json\/wp\/v2\/product_cat?post=90019"},{"taxonomy":"product_tag","embeddable":true,"href":"https:\/\/soydeaqui.ddns.net\/pachuca\/index.php\/wp-json\/wp\/v2\/product_tag?post=90019"}],"curies":[{"name":"wp","href":"https:\/\/api.w.org\/{rel}","templated":true}]}}