{"id":89929,"date":"2026-03-20T03:19:19","date_gmt":"2026-03-20T03:19:19","guid":{"rendered":"https:\/\/soydeaqui.ddns.net\/pachuca\/index.php\/producto\/remate-preformado-para-cable-guia-de-acero-diametros-1-2-1-3-mm\/"},"modified":"2026-03-20T03:19:26","modified_gmt":"2026-03-20T03:19:26","slug":"remate-preformado-para-cable-guia-de-acero-diametros-1-2-1-3-mm","status":"publish","type":"product","link":"https:\/\/soydeaqui.ddns.net\/pachuca\/index.php\/producto\/remate-preformado-para-cable-guia-de-acero-diametros-1-2-1-3-mm\/","title":{"rendered":"Remate preformado para cable guia de acero, di\u00e1metros 1.2 -1.3 mm"},"content":{"rendered":"<div style='width: 100%; max-width: 1200px; margin: 0 auto; font-family: sans-serif; line-height: 1.6; color: inherit; background-color: transparent;'>\n<div style='display: flex; flex-wrap: wrap; gap: 30px; margin-bottom: 30px; align-items: center;'>\n<div style='flex: 1 1 300px; min-width: 280px;'> <img style='width: 100%; max-width: 180px; height: auto; border: 1px solid rgba(150&comma;150&comma;150&comma;0.3); border-radius: 8px;' src='https:\/\/ftp3.syscom.mx\/usuarios\/orobles\/PLP\/plp-logo.png' alt='Logo PLP'> <\/div>\n<div style='flex: 2 1 400px; min-width: 300px;'>\n<p style='font-size: 16px; color: inherit; margin: 0 0 15px 0;'>El Remate Preformado DE-2525 es fabricado en acero galvanizado para alta durabilidad. Est\u00e1 dise\u00f1ado para uso con cable guia de acero con di\u00e1metro de 1.2 &#8211; 1.3 mm.<\/p>\n<p style='font-size: 18px; color: inherit; margin: 0 0 10px 0; font-weight: bold;'>Compatible con:<\/p>\n<p style='margin: 0 0 15px 0;'><a href='https:\/\/www.syscom.mx\/producto\/PRO-CAT-6-AIR-LINKEDPRO-BY-EPCOM-167016.html' style='color: #0066cc; text-decoration: underline; font-size: 16px;'>PRO-CAT-6-AIR<\/a><\/p>\n<\/p><\/div>\n<\/p><\/div>\n<div style='display: flex; flex-wrap: wrap; gap: 20px; margin-bottom: 30px;'>\n<div style='flex: 1 1 250px; border: 1px solid rgba(150&comma; 150&comma; 150&comma; 0.4); border-radius: 8px; overflow: hidden; display: flex; flex-direction: column;'>\n<div style='padding: 15px; border-bottom: 1px solid rgba(150&comma; 150&comma; 150&comma; 0.2); font-weight: bold; font-size: 18px; color: inherit;'>Caracter\u00edsticas<\/div>\n<div style='padding: 15px; color: inherit;'>\n<ul style='padding-left: 20px; margin: 0; font-size: 14px; list-style-type: disc;'>\n<li style='margin-bottom: 5px;'><span style='color: inherit;'>Tensi\u00f3n M\u00e1xima: 1300N<\/span><\/li>\n<li style='margin-bottom: 5px;'><span style='color: inherit;'>Marca de color azul<\/span><\/li>\n<li style='margin-bottom: 5px;'><span style='color: inherit;'>Longitud Total: 160 mm (6.2&#8242;)<\/span><\/li>\n<li style='margin-bottom: 5px;'><span style='color: inherit;'>Para cable guia de acero: \u00d8 1.2 &#8211; 1.3 mm<\/span><\/li>\n<li style='margin-bottom: 5px;'><span style='color: inherit;'>Pierna Dispareja para facilitar su instalaci\u00f3n<\/span><\/li>\n<li style='margin-bottom: 5px;'><span style='color: inherit;'>Proporciona un agarre uniforme a lo largo del remate que no da\u00f1a el cable<\/span><\/li>\n<li style='margin-bottom: 5px;'><span style='color: inherit;'>F\u00e1cil instalaci\u00f3n&comma; puede ser instalado y desinstalado sin herramientas<\/span><\/li>\n<li style='margin-bottom: 5px;'><span style='color: inherit;'>Fabricado en Acero Galvanizado que soporta ambientes costeros<\/span><\/li>\n<li style='margin-bottom: 5px;'><span style='color: inherit;'>No requiere guardacabo<\/span><\/li>\n<li style='margin-bottom: 5px;'><span style='color: inherit;'>Peso: 10 gramos<\/span><\/li>\n<\/ul><\/div>\n<\/p><\/div>\n<\/p><\/div>\n<div style='margin-bottom: 30px;'> <img style='width: 100%; height: auto; border: 1px solid rgba(150&comma;150&comma;150&comma;0.3); border-radius: 8px;' src='https:\/\/ftp3.syscom.mx\/usuarios\/fotos\/GDEADS060\/191447-poste.png.jpg' alt='Remate preformado instalado'> <\/div>\n<\/p><\/div>\n","protected":false},"excerpt":{"rendered":"<p>Remate preformado para cable guia de acero, di\u00e1metros 1.2 -1.3 mm<\/p>\n","protected":false},"featured_media":89928,"comment_status":"open","ping_status":"closed","template":"","meta":[],"product_brand":[],"product_cat":[2016],"product_tag":[2017,2020,2011],"class_list":{"0":"post-89929","1":"product","2":"type-product","3":"status-publish","4":"has-post-thumbnail","6":"product_cat-herrajes","7":"product_tag-herrajes","8":"product_tag-plp","9":"product_tag-redes-ftth-pon","11":"first","12":"instock","13":"sale","14":"shipping-taxable","15":"purchasable","16":"product-type-simple"},"_links":{"self":[{"href":"https:\/\/soydeaqui.ddns.net\/pachuca\/index.php\/wp-json\/wp\/v2\/product\/89929","targetHints":{"allow":["GET"]}}],"collection":[{"href":"https:\/\/soydeaqui.ddns.net\/pachuca\/index.php\/wp-json\/wp\/v2\/product"}],"about":[{"href":"https:\/\/soydeaqui.ddns.net\/pachuca\/index.php\/wp-json\/wp\/v2\/types\/product"}],"replies":[{"embeddable":true,"href":"https:\/\/soydeaqui.ddns.net\/pachuca\/index.php\/wp-json\/wp\/v2\/comments?post=89929"}],"wp:featuredmedia":[{"embeddable":true,"href":"https:\/\/soydeaqui.ddns.net\/pachuca\/index.php\/wp-json\/wp\/v2\/media\/89928"}],"wp:attachment":[{"href":"https:\/\/soydeaqui.ddns.net\/pachuca\/index.php\/wp-json\/wp\/v2\/media?parent=89929"}],"wp:term":[{"taxonomy":"product_brand","embeddable":true,"href":"https:\/\/soydeaqui.ddns.net\/pachuca\/index.php\/wp-json\/wp\/v2\/product_brand?post=89929"},{"taxonomy":"product_cat","embeddable":true,"href":"https:\/\/soydeaqui.ddns.net\/pachuca\/index.php\/wp-json\/wp\/v2\/product_cat?post=89929"},{"taxonomy":"product_tag","embeddable":true,"href":"https:\/\/soydeaqui.ddns.net\/pachuca\/index.php\/wp-json\/wp\/v2\/product_tag?post=89929"}],"curies":[{"name":"wp","href":"https:\/\/api.w.org\/{rel}","templated":true}]}}