{"id":89831,"date":"2026-03-20T03:14:48","date_gmt":"2026-03-20T03:14:48","guid":{"rendered":"https:\/\/soydeaqui.ddns.net\/pachuca\/index.php\/producto\/ups-industrial-para-rut2xx-rut9xx-rutxxx-trbxxx-2300-mah-17-wh-12-volts-de-salida\/"},"modified":"2026-03-20T03:14:55","modified_gmt":"2026-03-20T03:14:55","slug":"ups-industrial-para-rut2xx-rut9xx-rutxxx-trbxxx-2300-mah-17-wh-12-volts-de-salida","status":"publish","type":"product","link":"https:\/\/soydeaqui.ddns.net\/pachuca\/index.php\/producto\/ups-industrial-para-rut2xx-rut9xx-rutxxx-trbxxx-2300-mah-17-wh-12-volts-de-salida\/","title":{"rendered":"UPS industrial para (RUT2xx, RUT9xx, RUTXxx, TRBxxx) 2300 mAh 17 Wh, 12 volts de salida"},"content":{"rendered":"<div style='width: 100%; max-width: 1200px; margin: 0 auto; font-family: sans-serif; line-height: 1.6; color: inherit; background-color: transparent;'> <!-- Secci\u00f3n Energ\u00eda --> <\/p>\n<div style='display: flex; flex-wrap: wrap; gap: 30px; margin-bottom: 30px;'>\n<div style='flex: 1 1 300px; min-width: 280px;'>\n<h3 style='font-size: 22px; border-bottom: 2px solid currentColor; padding-bottom: 5px; margin-top: 0; color: inherit; opacity: 0.8;'>ENERG\u00cdA<\/h3>\n<ul style='padding-left: 20px; font-size: 15px; color: inherit;'>\n<li style='margin-bottom: 5px;'><strong>Conector:<\/strong> Toma de corriente CC industrial de 4 pines<\/li>\n<li style='margin-bottom: 5px;'><strong>Potencia de entrada\/corriente de carga m\u00e1xima:<\/strong> Cargador: m\u00e1x. 4 W\/300 mA (corriente m\u00e1xima de carga de la bater\u00eda)<\/li>\n<li style='margin-bottom: 5px;'><strong>Rango de voltaje de entrada:<\/strong> 9 &#8211; 30 VCC<\/li>\n<li style='margin-bottom: 5px;'><strong>Protecci\u00f3n de entrada:<\/strong> Protecci\u00f3n contra polaridad inversa&comma; Protecci\u00f3n contra sobrevoltaje<\/li>\n<li style='margin-bottom: 5px;'><strong>Tensi\u00f3n de salida en modo de passthrough (en IN PWR):<\/strong> 9 &#8211; 30 VCC (depende del voltaje de la Fuente de Alimentaci\u00f3n)<\/li>\n<li style='margin-bottom: 5px;'><strong>Voltaje de salida en modo bater\u00eda:<\/strong> 12 VCC<\/li>\n<li style='margin-bottom: 5px;'><strong>Protecci\u00f3n de salida:<\/strong> Protecci\u00f3n contra sobrecorriente 3A<\/li>\n<li style='margin-bottom: 5px;'><strong>Potencia\/corriente de salida m\u00e1xima en modo bater\u00eda:<\/strong> 22 W\/1&comma;8 A<\/li>\n<li style='margin-bottom: 5px;'><strong>Capacidad de la bater\u00eda:<\/strong> 2300 mAh 17 Wh<\/li>\n<\/ul><\/div>\n<\/p><\/div>\n<p> <!-- Secci\u00f3n Interfaces F\u00edsicas --> <\/p>\n<div style='display: flex; flex-wrap: wrap; gap: 30px; margin-bottom: 30px;'>\n<div style='flex: 1 1 300px; min-width: 280px;'>\n<h3 style='font-size: 22px; border-bottom: 2px solid currentColor; padding-bottom: 5px; margin-top: 0; color: inherit; opacity: 0.8;'>INTERFACES F\u00cdSICAS (PUERTOS&comma; LEDS&comma; BOTONES)<\/h3>\n<ul style='padding-left: 20px; font-size: 15px; color: inherit;'>\n<li style='margin-bottom: 5px;'><strong>ENTRADA DE ENERG\u00cdA:<\/strong> 1 conector de CC de 4 pines<\/li>\n<li style='margin-bottom: 5px;'><strong>Sin electricidad:<\/strong> 1 conector de CC de 4 pines<\/li>\n<li style='margin-bottom: 5px;'><strong>LED de estado:<\/strong> 1 x IN PWR LED&comma; 1 x OUT PWR LED&comma; 4 x LED de estado de energ\u00eda<\/li>\n<li style='margin-bottom: 5px;'><strong>Cambiar:<\/strong> Interruptor deslizante de encendido\/apagado<\/li>\n<\/ul><\/div>\n<\/p><\/div>\n<p> <!-- Secci\u00f3n Salida de Alarma --> <\/p>\n<div style='display: flex; flex-wrap: wrap; gap: 30px; margin-bottom: 30px;'>\n<div style='flex: 1 1 300px; min-width: 280px;'>\n<h3 style='font-size: 22px; border-bottom: 2px solid currentColor; padding-bottom: 5px; margin-top: 0; color: inherit; opacity: 0.8;'>SALIDA DE ALARMA<\/h3>\n<ul style='padding-left: 20px; font-size: 15px; color: inherit;'>\n<li style='margin-bottom: 5px;'><strong>Salida de alarma:<\/strong> 1 salida ALTA activa&comma; salida m\u00e1x. 12 V&comma; 2&comma;5 mA<\/li>\n<\/ul><\/div>\n<\/p><\/div>\n<p> <!-- Secci\u00f3n Caracter\u00edsticas Generales --> <\/p>\n<div style='display: flex; flex-wrap: wrap; gap: 30px; margin-bottom: 30px;'>\n<div style='flex: 1 1 300px; min-width: 280px;'>\n<h3 style='font-size: 22px; border-bottom: 2px solid currentColor; padding-bottom: 5px; margin-top: 0; color: inherit; opacity: 0.8;'>CARACTER\u00cdSTICAS GENERALES<\/h3>\n<ul style='padding-left: 20px; font-size: 15px; color: inherit;'>\n<li style='margin-bottom: 5px;'><strong>celdas de litio:<\/strong> 2 x 18650 celdas de iones de litio<\/li>\n<li style='margin-bottom: 5px;'><strong>Dispositivos compatibles:<\/strong> RUT2xx&comma; RUT95x&comma; RUT3xx&comma; RUTXxx&comma; TRB14x&comma; TRB2xx&comma; TSW110&comma; TCR100<\/li>\n<\/ul><\/div>\n<\/p><\/div>\n<p> <!-- Secci\u00f3n Especificaci\u00f3n F\u00edsica --> <\/p>\n<div style='display: flex; flex-wrap: wrap; gap: 30px; margin-bottom: 30px;'>\n<div style='flex: 1 1 300px; min-width: 280px;'>\n<h3 style='font-size: 22px; border-bottom: 2px solid currentColor; padding-bottom: 5px; margin-top: 0; color: inherit; opacity: 0.8;'>ESPECIFICACI\u00d3N F\u00cdSICA<\/h3>\n<ul style='padding-left: 20px; font-size: 15px; color: inherit;'>\n<li style='margin-bottom: 5px;'><strong>Material de la carcasa:<\/strong> Carcasa de aluminio<\/li>\n<li style='margin-bottom: 5px;'><strong>Dimensiones (An. x Al. x Pr.):<\/strong> 100x30x85mm<\/li>\n<li style='margin-bottom: 5px;'><strong>Peso:<\/strong> 315g<\/li>\n<li style='margin-bottom: 5px;'><strong>Opciones de montaje:<\/strong> Carril DIN&comma; colocaci\u00f3n en superficie plana<\/li>\n<\/ul><\/div>\n<\/p><\/div>\n<p> <!-- Secci\u00f3n Entorno Operativo --> <\/p>\n<div style='display: flex; flex-wrap: wrap; gap: 30px; margin-bottom: 30px;'>\n<div style='flex: 1 1 300px; min-width: 280px;'>\n<h3 style='font-size: 22px; border-bottom: 2px solid currentColor; padding-bottom: 5px; margin-top: 0; color: inherit; opacity: 0.8;'>ENTORNO OPERATIVO<\/h3>\n<ul style='padding-left: 20px; font-size: 15px; color: inherit;'>\n<li style='margin-bottom: 5px;'><strong>Temperatura de funcionamiento:<\/strong> 0 \u00b0C a 45 \u00b0C<\/li>\n<\/ul><\/div>\n<\/p><\/div>\n<p> <!-- Secci\u00f3n Aprobaciones Reglamentarias --> <\/p>\n<div style='display: flex; flex-wrap: wrap; gap: 30px; margin-bottom: 30px;'>\n<div style='flex: 1 1 300px; min-width: 280px;'>\n<h3 style='font-size: 22px; border-bottom: 2px solid currentColor; padding-bottom: 5px; margin-top: 0; color: inherit; opacity: 0.8;'>APROBACIONES REGLAMENTARIAS Y DE TIPO<\/h3>\n<ul style='padding-left: 20px; font-size: 15px; color: inherit;'>\n<li style='margin-bottom: 5px;'><strong>Regulador:<\/strong> CE\/ROJO&comma; UKCA&comma; EAC<\/li>\n<\/ul><\/div>\n<\/p><\/div>\n<\/p><\/div>\n","protected":false},"excerpt":{"rendered":"<p>UPS industrial para (RUT2xx, RUT9xx, RUTXxx, TRBxxx) 2300 mAh 17 Wh, 12 volts de salida<\/p>\n","protected":false},"featured_media":89830,"comment_status":"open","ping_status":"closed","template":"","meta":[],"product_brand":[],"product_cat":[1984],"product_tag":[1985,664,1430],"class_list":{"0":"post-89831","1":"product","2":"type-product","3":"status-publish","4":"has-post-thumbnail","6":"product_cat-industrial","7":"product_tag-industrial","8":"product_tag-networking","9":"product_tag-teltonika","11":"first","12":"instock","13":"sale","14":"shipping-taxable","15":"purchasable","16":"product-type-simple"},"_links":{"self":[{"href":"https:\/\/soydeaqui.ddns.net\/pachuca\/index.php\/wp-json\/wp\/v2\/product\/89831","targetHints":{"allow":["GET"]}}],"collection":[{"href":"https:\/\/soydeaqui.ddns.net\/pachuca\/index.php\/wp-json\/wp\/v2\/product"}],"about":[{"href":"https:\/\/soydeaqui.ddns.net\/pachuca\/index.php\/wp-json\/wp\/v2\/types\/product"}],"replies":[{"embeddable":true,"href":"https:\/\/soydeaqui.ddns.net\/pachuca\/index.php\/wp-json\/wp\/v2\/comments?post=89831"}],"wp:featuredmedia":[{"embeddable":true,"href":"https:\/\/soydeaqui.ddns.net\/pachuca\/index.php\/wp-json\/wp\/v2\/media\/89830"}],"wp:attachment":[{"href":"https:\/\/soydeaqui.ddns.net\/pachuca\/index.php\/wp-json\/wp\/v2\/media?parent=89831"}],"wp:term":[{"taxonomy":"product_brand","embeddable":true,"href":"https:\/\/soydeaqui.ddns.net\/pachuca\/index.php\/wp-json\/wp\/v2\/product_brand?post=89831"},{"taxonomy":"product_cat","embeddable":true,"href":"https:\/\/soydeaqui.ddns.net\/pachuca\/index.php\/wp-json\/wp\/v2\/product_cat?post=89831"},{"taxonomy":"product_tag","embeddable":true,"href":"https:\/\/soydeaqui.ddns.net\/pachuca\/index.php\/wp-json\/wp\/v2\/product_tag?post=89831"}],"curies":[{"name":"wp","href":"https:\/\/api.w.org\/{rel}","templated":true}]}}