{"id":89675,"date":"2026-03-20T03:07:34","date_gmt":"2026-03-20T03:07:34","guid":{"rendered":"https:\/\/soydeaqui.ddns.net\/pachuca\/index.php\/producto\/licencia-vrf-lite-para-sbx908-gen2\/"},"modified":"2026-03-20T03:07:36","modified_gmt":"2026-03-20T03:07:36","slug":"licencia-vrf-lite-para-sbx908-gen2","status":"publish","type":"product","link":"https:\/\/soydeaqui.ddns.net\/pachuca\/index.php\/producto\/licencia-vrf-lite-para-sbx908-gen2\/","title":{"rendered":"Licencia VRF-Lite para SBx908 GEN2"},"content":{"rendered":"<div style='width: 100%; max-width: 1200px; margin: 0 auto; font-family: sans-serif; line-height: 1.6; color: inherit; background-color: transparent;'>\n<div style='display: flex; flex-wrap: wrap; gap: 30px; margin-bottom: 30px;'>\n<div style='flex: 1 1 300px; min-width: 280px;'>\n<h3 style='font-size: 22px; border-bottom: 2px solid currentColor; padding-bottom: 5px; margin-top: 0; color: inherit; opacity: 0.8;'>Introducci\u00f3n<\/h3>\n<p style='font-size: 15px; color: inherit; margin-bottom: 15px;'>VRF-lite se utiliza para aislar las redes de los clientes: permite que m\u00faltiples dominios de enrutamiento de clientes seguros&comma; que permanecen completamente aislados entre s\u00ed&comma; coexistan en un dispositivo f\u00edsico simult\u00e1neamente.<\/p>\n<p style='font-size: 15px; color: inherit; margin-bottom: 15px;'>VRF-lite tambi\u00e9n permite la reutilizaci\u00f3n de direcciones IP en el mismo dispositivo f\u00edsico. Un rango de direcciones IP en una interfaz de red utilizada en un dominio VRF se puede usar simult\u00e1neamente en otra interfaz de red en un dominio VRF diferente dentro del mismo dispositivo. Si bien VRF-lite segregar\u00e1 el tr\u00e1fico de diferentes clientes\/clientes&comma; VRF-lite tambi\u00e9n puede permitir el acceso entre dominios VRF (comunicaci\u00f3n entre VRF)&comma; mediante el uso de rutas est\u00e1ticas entre VRF. Esto proporciona acceso controlado desde un dominio de enrutamiento VRF a otro donde los rangos de direcciones IP no se superponen.<\/p>\n<p style='font-size: 15px; color: inherit; margin-bottom: 0;'>VRF-lite se puede usar junto con funciones de firewall mientras se mantiene la seguridad. Adem\u00e1s&comma; los dominios de enrutamiento VRF se pueden transportar a trav\u00e9s de redes privadas virtuales&comma; asociando VPN individuales con una o m\u00e1s instancias VRF.<\/p>\n<\/p><\/div>\n<\/p><\/div>\n<\/p><\/div>\n","protected":false},"excerpt":{"rendered":"<p>Licencia VRF-Lite para SBx908 GEN2<\/p>\n","protected":false},"featured_media":32,"comment_status":"open","ping_status":"closed","template":"","meta":[],"product_brand":[],"product_cat":[1996],"product_tag":[1995,1997,664],"class_list":{"0":"post-89675","1":"product","2":"type-product","3":"status-publish","4":"has-post-thumbnail","6":"product_cat-licencias-suscripciones","7":"product_tag-allied-telesis","8":"product_tag-licencias-suscripciones","9":"product_tag-networking","11":"first","12":"outofstock","13":"sale","14":"shipping-taxable","15":"purchasable","16":"product-type-simple"},"_links":{"self":[{"href":"https:\/\/soydeaqui.ddns.net\/pachuca\/index.php\/wp-json\/wp\/v2\/product\/89675","targetHints":{"allow":["GET"]}}],"collection":[{"href":"https:\/\/soydeaqui.ddns.net\/pachuca\/index.php\/wp-json\/wp\/v2\/product"}],"about":[{"href":"https:\/\/soydeaqui.ddns.net\/pachuca\/index.php\/wp-json\/wp\/v2\/types\/product"}],"replies":[{"embeddable":true,"href":"https:\/\/soydeaqui.ddns.net\/pachuca\/index.php\/wp-json\/wp\/v2\/comments?post=89675"}],"wp:featuredmedia":[{"embeddable":true,"href":"https:\/\/soydeaqui.ddns.net\/pachuca\/index.php\/wp-json\/wp\/v2\/media\/32"}],"wp:attachment":[{"href":"https:\/\/soydeaqui.ddns.net\/pachuca\/index.php\/wp-json\/wp\/v2\/media?parent=89675"}],"wp:term":[{"taxonomy":"product_brand","embeddable":true,"href":"https:\/\/soydeaqui.ddns.net\/pachuca\/index.php\/wp-json\/wp\/v2\/product_brand?post=89675"},{"taxonomy":"product_cat","embeddable":true,"href":"https:\/\/soydeaqui.ddns.net\/pachuca\/index.php\/wp-json\/wp\/v2\/product_cat?post=89675"},{"taxonomy":"product_tag","embeddable":true,"href":"https:\/\/soydeaqui.ddns.net\/pachuca\/index.php\/wp-json\/wp\/v2\/product_tag?post=89675"}],"curies":[{"name":"wp","href":"https:\/\/api.w.org\/{rel}","templated":true}]}}