{"id":89388,"date":"2026-03-20T02:54:07","date_gmt":"2026-03-20T02:54:07","guid":{"rendered":"https:\/\/soydeaqui.ddns.net\/pachuca\/index.php\/producto\/router-inalambrico-wisp-2-4-ghz-300-mbps-2-antenas-externas-omnidireccional-5-dbi-4-puertos-lan-10-100-mbps-1-puerto-wan-10-100-mbps-iptv-ipv6\/"},"modified":"2026-03-20T02:54:12","modified_gmt":"2026-03-20T02:54:12","slug":"router-inalambrico-wisp-2-4-ghz-300-mbps-2-antenas-externas-omnidireccional-5-dbi-4-puertos-lan-10-100-mbps-1-puerto-wan-10-100-mbps-iptv-ipv6","status":"publish","type":"product","link":"https:\/\/soydeaqui.ddns.net\/pachuca\/index.php\/producto\/router-inalambrico-wisp-2-4-ghz-300-mbps-2-antenas-externas-omnidireccional-5-dbi-4-puertos-lan-10-100-mbps-1-puerto-wan-10-100-mbps-iptv-ipv6\/","title":{"rendered":"Router Inal\u00e1mbrico WISP, 2.4 GHz, 300 Mbps, 2 antenas externas omnidireccional 5 dBi, 4 Puertos LAN 10\/100 Mbps, 1 Puerto WAN 10\/100 Mbps, IPTV, IPV6"},"content":{"rendered":"<div style='width: 100%; max-width: 1200px; margin: 0 auto; font-family: sans-serif; line-height: 1.6; color: inherit; background-color: transparent;'>\n<div style='display: flex; flex-wrap: wrap; gap: 30px; margin-bottom: 30px;'>\n<div style='flex: 1 1 300px; min-width: 280px;'>\n<h3 style='font-size: 22px; border-bottom: 2px solid currentColor; padding-bottom: 5px; margin-top: 0; color: inherit; opacity: 0.8;'>Router inal\u00e1mbrico WiFi 300 Mbps<\/h3>\n<ul style='padding-left: 20px; font-size: 15px; color: inherit;'>\n<li style='margin-bottom: 5px;'>La velocidad del WiFi 300 Mbps es ideal para areas diarias&comma; oncluida la navegaci\u00f3n&comma; el env\u00edo de correos y la tansmisi\u00f3n de video.<\/li>\n<li style='margin-bottom: 5px;'>IPTV&comma; admite protocolo IGMP proxy\/ Snnoping&comma; Bridge y Tag VLAN para optimizar la transmisi\u00f3n del servicio.<\/li>\n<li style='margin-bottom: 5px;'>El portal de invitados proporciona acceso independiente para invitados mientras protege tu red LAN de la red de invitados.<\/li>\n<li style='margin-bottom: 5px;'>Los controles parentales administran \u00bfcu\u00e1ndo? y \u00bfc\u00f3mo?: los dispositivos se conectan a nuestra red.<\/li>\n<li style='margin-bottom: 5px;'>El Firewall SPI y el cifrado inal\u00e1mbrico protege su red dom\u00e9stica.<\/li>\n<li style='margin-bottom: 5px;'>Compatible con IPv6<\/li>\n<\/ul><\/div>\n<\/p><\/div>\n<div style='display: flex; flex-wrap: wrap; gap: 30px; margin-bottom: 30px;'>\n<div style='flex: 1 1 300px; min-width: 280px;'>\n<div style='padding: 15px; border: 1px solid rgba(150&comma; 150&comma; 150&comma; 0.4); border-radius: 8px; overflow: hidden;'>\n<div style='padding: 15px; border-bottom: 1px solid rgba(150&comma; 150&comma; 150&comma; 0.2); font-weight: bold; font-size: 18px; color: inherit;'>Caracter\u00edsticas principales:<\/div>\n<div style='padding: 15px; color: inherit;'>\n<ul style='padding-left: 20px; margin: 0; font-size: 14px; list-style-type: disc;'>\n<li style='margin-bottom: 5px;'>1 puerto WAN 10\/100 Mbps.<\/li>\n<li style='margin-bottom: 5px;'>2 puertos LAN 10\/100 Mbps.<\/li>\n<li style='margin-bottom: 5px;'>Est\u00e1ndares IEEE 802.11 \/b\/g\/n 2.4 GHz.<\/li>\n<li style='margin-bottom: 5px;'>2 antenas internas.<\/li>\n<li style='margin-bottom: 5px;'>Modos de operaci\u00f3n: Router \/ Extensor de Rango \/ Access Point.<\/li>\n<li style='margin-bottom: 5px;'>Portal cautivo.<\/li>\n<li style='margin-bottom: 5px;'>Filtrado de URL.<\/li>\n<li style='margin-bottom: 5px;'>Control de tiempo.<\/li>\n<li style='margin-bottom: 5px;'>QoS.<\/li>\n<li style='margin-bottom: 5px;'>DDNS: NO-IP \/ DynDNS.<\/li>\n<li style='margin-bottom: 5px;'>Adsminitraci\u00f3n: Web \/ App Tether<\/li>\n<\/ul><\/div>\n<\/p><\/div>\n<\/p><\/div>\n<div style='flex: 1 1 300px; min-width: 280px;'>\n<div style='padding: 15px; border: 1px solid rgba(150&comma; 150&comma; 150&comma; 0.4); border-radius: 8px; overflow: hidden;'>\n<div style='padding: 15px; border-bottom: 1px solid rgba(150&comma; 150&comma; 150&comma; 0.2); font-weight: bold; font-size: 18px; color: inherit;'>Caracter\u00edsticas F\u00edsicas y El\u00e9ctricas:<\/div>\n<div style='padding: 15px; color: inherit;'>\n<ul style='padding-left: 20px; margin: 0; font-size: 14px; list-style-type: disc;'>\n<li style='margin-bottom: 5px;'>Dimensiones 115 \u00d7 106.7 \u00d7 24.3 mm (4&comma;5 \u00d7 4&comma;2 \u00d7 1.0 pulg.).<\/li>\n<li style='margin-bottom: 5px;'>Intalaci\u00f3n en escritorio.<\/li>\n<li style='margin-bottom: 5px;'>Temperatura de Funcionamiento: 0\u00b0C~40\u00b0C (32\u00b0F~104\u00b0F).<\/li>\n<li style='margin-bottom: 5px;'>Temperatura de Almacenamiento: -40\u00b0C~70\u00b0C (-40\u00b0F~158\u00b0F).<\/li>\n<li style='margin-bottom: 5px;'>Humedad de Funcionamiento: 10%~90% sin condensaci\u00f3n.<\/li>\n<li style='margin-bottom: 5px;'>Humedad de Almacenamiento: 5%~90% sin condensaci\u00f3n.<\/li>\n<li style='margin-bottom: 5px;'>Alimentaci\u00f3n DC: 5V 0.6A<\/li>\n<li style='margin-bottom: 5px;'>Potencia transmisi\u00f3n CE: &lt;20 dBm (2.4 GHz).<\/li>\n<li style='margin-bottom: 5px;'>Potencia transmisi\u00f3n FCC: &lt;30 dBm (2.4 GHz)<\/li>\n<\/ul><\/div>\n<\/p><\/div>\n<\/p><\/div>\n<div style='flex: 1 1 300px; min-width: 280px;'>\n<div style='padding: 15px; border: 1px solid rgba(150&comma; 150&comma; 150&comma; 0.4); border-radius: 8px; overflow: hidden;'>\n<div style='padding: 15px; border-bottom: 1px solid rgba(150&comma; 150&comma; 150&comma; 0.2); font-weight: bold; font-size: 18px; color: inherit;'>Contenido:<\/div>\n<div style='padding: 15px; color: inherit;'>\n<ul style='padding-left: 20px; margin: 0; font-size: 14px; list-style-type: disc;'>\n<li style='margin-bottom: 5px;'>1 Router TL-WR844N.<\/li>\n<li style='margin-bottom: 5px;'>1 adaptador de corriente.<\/li>\n<li style='margin-bottom: 5px;'>1 cable RJ45.<\/li>\n<li style='margin-bottom: 5px;'>1 gu\u00eda de instalaci\u00f3n r\u00e1pida.<\/li>\n<\/ul><\/div>\n<\/p><\/div>\n<\/p><\/div>\n<\/p><\/div>\n<div style='display: flex; flex-wrap: wrap; gap: 20px; margin-bottom: 30px;'>\n<div style='flex: 1 1 100%;'> <img style='width: 100%; height: auto; border: 1px solid rgba(150&comma;150&comma;150&comma;0.3); border-radius: 8px;' src='https:\/\/ftp3.syscom.mx\/usuarios\/fotos\/TLWR844N\/208600-captura_de_pantalla_2023-06-15_a_la(s)_10.28.56.png' alt=''> <\/div>\n<\/p><\/div>\n<div style='display: flex; flex-wrap: wrap; gap: 20px; margin-bottom: 30px;'>\n<div style='flex: 1 1 100%;'> <img style='width: 100%; height: auto; border: 1px solid rgba(150&comma;150&comma;150&comma;0.3); border-radius: 8px;' src='https:\/\/ftp3.syscom.mx\/usuarios\/fotos\/TLWR844N\/208600-captura_de_pantalla_2023-06-15_a_la(s)_10.11.09.png' alt=''> <\/div>\n<\/p><\/div>\n<div style='display: flex; flex-wrap: wrap; gap: 20px; margin-bottom: 30px;'>\n<div style='flex: 1 1 100%;'> <img style='width: 100%; height: auto; border: 1px solid rgba(150&comma;150&comma;150&comma;0.3); border-radius: 8px;' src='https:\/\/ftp3.syscom.mx\/usuarios\/fotos\/TLWR844N\/208600-captura_de_pantalla_2023-06-15_a_la(s)_10.12.41.png' alt=''> <\/div>\n<\/p><\/div>\n<div style='display: flex; flex-wrap: wrap; gap: 20px; margin-bottom: 30px;'>\n<div style='flex: 1 1 100%;'> <img style='width: 100%; height: auto; border: 1px solid rgba(150&comma;150&comma;150&comma;0.3); border-radius: 8px;' src='https:\/\/ftp3.syscom.mx\/usuarios\/fotos\/TLWR844N\/208600-captura_de_pantalla_2023-06-15_a_la(s)_10.14.54.png' alt=''> <\/div>\n<\/p><\/div>\n<div style='display: flex; flex-wrap: wrap; gap: 20px; margin-bottom: 30px;'>\n<div style='flex: 1 1 100%;'> <img style='width: 100%; height: auto; border: 1px solid rgba(150&comma;150&comma;150&comma;0.3); border-radius: 8px;' src='https:\/\/ftp3.syscom.mx\/usuarios\/fotos\/TLWR844N\/208600-captura_de_pantalla_2023-06-15_a_la(s)_10.21.26.png' alt=''> <\/div>\n<\/p><\/div>\n<hr style='border: 0; border-top: 1px solid rgba(150&comma; 150&comma; 150&comma; 0.3); margin: 30px 0;'> <\/div>\n","protected":false},"excerpt":{"rendered":"<p>Router Inal\u00e1mbrico WISP, 2.4 GHz, 300 Mbps, 2 antenas externas omnidireccional 5 dBi, 4 Puertos LAN 10\/100 Mbps, 1 Puerto WAN 10\/100 Mbps, IPTV, IPV6<\/p>\n","protected":false},"featured_media":89387,"comment_status":"open","ping_status":"closed","template":"","meta":[],"product_brand":[],"product_cat":[2036,2035,2034],"product_tag":[2039,2038,664,2037,71],"class_list":{"0":"post-89388","1":"product","2":"type-product","3":"status-publish","4":"has-post-thumbnail","6":"product_cat-balanceadores","7":"product_cat-firewalls","8":"product_cat-routers","9":"product_tag-balanceadores","10":"product_tag-firewalls","11":"product_tag-networking","12":"product_tag-routers","13":"product_tag-tp-link","15":"first","16":"outofstock","17":"sale","18":"shipping-taxable","19":"purchasable","20":"product-type-simple"},"_links":{"self":[{"href":"https:\/\/soydeaqui.ddns.net\/pachuca\/index.php\/wp-json\/wp\/v2\/product\/89388","targetHints":{"allow":["GET"]}}],"collection":[{"href":"https:\/\/soydeaqui.ddns.net\/pachuca\/index.php\/wp-json\/wp\/v2\/product"}],"about":[{"href":"https:\/\/soydeaqui.ddns.net\/pachuca\/index.php\/wp-json\/wp\/v2\/types\/product"}],"replies":[{"embeddable":true,"href":"https:\/\/soydeaqui.ddns.net\/pachuca\/index.php\/wp-json\/wp\/v2\/comments?post=89388"}],"wp:featuredmedia":[{"embeddable":true,"href":"https:\/\/soydeaqui.ddns.net\/pachuca\/index.php\/wp-json\/wp\/v2\/media\/89387"}],"wp:attachment":[{"href":"https:\/\/soydeaqui.ddns.net\/pachuca\/index.php\/wp-json\/wp\/v2\/media?parent=89388"}],"wp:term":[{"taxonomy":"product_brand","embeddable":true,"href":"https:\/\/soydeaqui.ddns.net\/pachuca\/index.php\/wp-json\/wp\/v2\/product_brand?post=89388"},{"taxonomy":"product_cat","embeddable":true,"href":"https:\/\/soydeaqui.ddns.net\/pachuca\/index.php\/wp-json\/wp\/v2\/product_cat?post=89388"},{"taxonomy":"product_tag","embeddable":true,"href":"https:\/\/soydeaqui.ddns.net\/pachuca\/index.php\/wp-json\/wp\/v2\/product_tag?post=89388"}],"curies":[{"name":"wp","href":"https:\/\/api.w.org\/{rel}","templated":true}]}}