{"id":89346,"date":"2026-03-20T02:52:07","date_gmt":"2026-03-20T02:52:07","guid":{"rendered":"https:\/\/soydeaqui.ddns.net\/pachuca\/index.php\/producto\/access-point-cnpilot-xe3-4-wifi-6-6e-802-11ax-2-4-5-y-6-ghz-3-radios-definidos-por-software-sdr-mu-mimo-4x4-politicas-de-control-de-aplicaciones-hasta-1500-clientes-gestion-desde-la-nube-h\/"},"modified":"2026-03-20T02:52:25","modified_gmt":"2026-03-20T02:52:25","slug":"access-point-cnpilot-xe3-4-wifi-6-6e-802-11ax-2-4-5-y-6-ghz-3-radios-definidos-por-software-sdr-mu-mimo-4x4-politicas-de-control-de-aplicaciones-hasta-1500-clientes-gestion-desde-la-nube-h","status":"publish","type":"product","link":"https:\/\/soydeaqui.ddns.net\/pachuca\/index.php\/producto\/access-point-cnpilot-xe3-4-wifi-6-6e-802-11ax-2-4-5-y-6-ghz-3-radios-definidos-por-software-sdr-mu-mimo-4x4-politicas-de-control-de-aplicaciones-hasta-1500-clientes-gestion-desde-la-nube-h\/","title":{"rendered":"Access Point cnPilot XE3-4 WiFi 6\/6E 802.11ax (2.4, 5 y 6 GHz), 3 radios definidos por software (SDR), MU-MIMO 4&#215;4, Pol\u00edticas de control de aplicaciones, hasta 1,500 clientes, gesti\u00f3n desde la nube, hasta 6.6 Gbps."},"content":{"rendered":"<div style='width: 100%; max-width: 1200px; margin: 0 auto; font-family: sans-serif; line-height: 1.6; color: inherit; background-color: transparent;'>\n<div style='display: flex; flex-direction: column; align-items: center; text-align: center; margin-bottom: 30px;'>\n<h1 style='font-size: 2.625rem; margin: 0 0 0.875rem; font-weight: 400; line-height: 1.04762; color: inherit; text-shadow: rgba(0&comma;0&comma;0&comma;0.2) 2px 4px 3px; background-color: transparent;'> XE3-4 Wi-Fi 6 Access Point <\/h1>\n<h2 style='font-size: 30px; font-weight: 500; line-height: 1.1; color: inherit; margin: 20px 0 10px; font-family: sans-serif;'> <img style='width: 300px; height: auto; border: 1px solid rgba(150&comma;150&comma;150&comma;0.3); border-radius: 8px;' src='https:\/\/ftp3.syscom.mx\/usuarios\/dquezada\/Cambium\/cnPilot\/e700\/cnpilot-logo.png' alt=''> <\/h2>\n<\/p><\/div>\n<div style='display: flex; flex-wrap: wrap; gap: 15px; margin-bottom: 30px;'>\n<div style='flex: 1 1 200px; min-width: 180px; border: 1px solid rgba(150&comma;150&comma;150&comma;0.4); border-radius: 8px; padding: 15px;'>\n<div style='font-weight: bold; font-size: 17px; margin-bottom: 10px; color: inherit;'>802.11ax<\/div>\n<div style='font-size: 14px; color: inherit;'>Standard + MESH<\/div>\n<\/p><\/div>\n<div style='flex: 1 1 200px; min-width: 180px; border: 1px solid rgba(150&comma;150&comma;150&comma;0.4); border-radius: 8px; padding: 15px;'>\n<div style='font-weight: bold; font-size: 17px; margin-bottom: 10px; color: inherit;'>1&comma;500<\/div>\n<div style='font-size: 14px; color: inherit;'>usuarios<\/div>\n<\/p><\/div>\n<div style='flex: 1 1 200px; min-width: 180px; border: 1px solid rgba(150&comma;150&comma;150&comma;0.4); border-radius: 8px; padding: 15px;'>\n<div style='font-weight: bold; font-size: 17px; margin-bottom: 10px; color: inherit;'>Omi<\/div>\n<div style='font-size: 14px; color: inherit;'>360\u00ba<\/div>\n<\/p><\/div>\n<div style='flex: 1 1 200px; min-width: 180px; border: 1px solid rgba(150&comma;150&comma;150&comma;0.4); border-radius: 8px; padding: 15px;'>\n<div style='font-weight: bold; font-size: 17px; margin-bottom: 10px; color: inherit;'>Controlador<\/div>\n<div style='font-size: 14px; color: inherit;'>cnMaestro o XMS<\/div>\n<\/p><\/div>\n<\/p><\/div>\n<div style='margin-bottom: 30px;'>\n<p style='font-size: 14pt; color: inherit;'> <strong>La arquitectura de alta densidad reduce el equipo necesario al tiempo que aprovecha la automatizaci\u00f3n para ofrecer SLA. XE3-4 incluye itinerancia continua&comma; itinerancia r\u00e1pida&comma; optimizaci\u00f3n autom\u00e1tica de RF y evita interferencias para optimizar autom\u00e1ticamente el rendimiento seg\u00fan las necesidades locales espec\u00edficas. Este Access Point Multiradio 4X4 definido por software est\u00e1 equipado con radio de exploraci\u00f3n dedicada.<\/strong> <\/p>\n<\/p><\/div>\n<hr style='border: 0; border-top: 1px solid rgba(150&comma;150&comma;150&comma;0.3); margin: 30px 0;'>\n<div style='display: grid; grid-template-columns: 1fr 1fr; gap: 30px; margin-bottom: 30px;'>\n<div style='border: 1px solid rgba(150&comma;150&comma;150&comma;0.3); border-radius: 8px; padding: 20px;'>\n<div style='text-align: center; margin-bottom: 15px;'> <img style='width: 40px; height: auto; border: 1px solid rgba(150&comma;150&comma;150&comma;0.3); border-radius: 8px;' src='data:image\/png;base64&comma;iVBORw0KGgoAAAANSUhEUgAAAEsAAABLCAYAAAA4TnrqAAAGTklEQVR4Ae2aaYwURRSAv9czswuKgHLIIRHB+wgqKuwOqwS8iILGqNEfRCQGjPcP8djF2LjMgkYwGsQjokQxUZcYjHgkoono3EA3YyIC7sQ34kXk7xV0dHgU1M7mM49B9Q3A88C2iLzDxipWscLdHrQL5erb17BGTovRrf9NqE4GzilwNgVsBDZDooDDgEHAjv+2Qd\/GkXk0JZoK7tun1R3OhGzUdahOXwfcDJwM\/Ai8ivIuEW8tv1V+zeeuATazjHJ7E8ueQNaqQpgAnAMc0FfRyH0k6z\/b2XjflHqHFT8cghrLA6bkXiLyIM4Smmq9+O5iS24FvTKT0J0aB6ffo3IbmYml7a+tb1WdaRgurOp7+0NmJXAc8B7q3UTynPXdcJjquskojyEcC5KgIuqyws10SqcvmiM+25Xf7Ex3AJHMWuAoVOYQnJfXsuyJn8tXtMsdraM+ZWDNInSvAC4DPEhGDIJgAVbN+RmJXgSsQ\/V24rUGXKjFCVx7VV01KiY0+JC22IzA9RcqbJ5lJvoHhAwYqM9o4GhU5hCcs64zDlM9Nwnl8ZzWgB4YwoFV5R5GJH0XsBzV24nXGnChFidw7VV11aiY0OBD2mIzAtdfqLB5lqnoHxAGwF98d\/Gkt4JeOYmoTg2D0+9RuY3MRGv9N77V1a+MxPUXKmyeZSb6B4Q+8BffXTzJraBXZiKqU8Pg9HtUbiMz0Vr\/jW919Ssjcf2FCptnmYn+QWgPvDv70D8o8h34H712Q5E+ <\/div>\n<div style='border: 1px solid rgba(150&comma;150&comma;150&comma;0.3); border-radius: 8px; padding: 20px;'>\n<div style='text-align: center; margin-bottom: 15px;'> <img style='width: 30px; height: auto; border: 1px solid rgba(150&comma;150&comma;150&comma;0.3); border-radius: 8px;' src='data:image\/png;base64&comma;iVBORw0KGgoAAAANSUhEUgAAABkAAAAZCAYAAADE6YVjAAABl0lEQVRIDWP8\/\/\/\/fwYaAyYamw82noUUS779+s9w\/tEvsBZDOTYGLjZGorQzEhtcn77\/Y2ja9olBVpAZbPDj938ZGn34GbjZCVtEdHBdfvbb4CtC3iHa <\/div>\n<div style='text-align: center; font-weight: bold; margin-bottom: 10px;'>Roaming y MESH<\/div>\n<div style='text-align: center; font-size: 14px; color: inherit;'> Capacidad de backhauling para dise\u00f1os tipo MESH y soporta Roaming para no perder conectividad cuando se desplazan en las habitaciones. <\/div>\n<\/p><\/div>\n<\/p><\/div>\n<div style='display: grid; grid-template-columns: 1fr 1fr; gap: 30px; margin-bottom: 30px;'>\n<div style='border: 1px solid rgba(150&comma;150&comma;150&comma;0.3); border-radius: 8px; padding: 20px;'>\n<div style='text-align: center; margin-bottom: 15px;'> <img style='width: 40px; height: auto; border: 1px solid rgba(150&comma;150&comma;150&comma;0.3); border-radius: 8px;' src='data:image\/png;base64&comma;iVBORw0KGgoAAAANSUhEUgAAABUAAAAXCAYAAADk3wSdAAADi0lEQVRIDa1UW29UVRTSPA5n5szM99I20tC2pY9S27a1 <\/div>\n<div style='text-align: center; font-weight: bold; margin-bottom: 10px;'>Garantizado&comma; categorizado como el mejor Access Point Costo-beneficio<\/div>\n<div style='text-align: center; font-size: 14px; color: inherit;'> XV3-8 Ofrece una soluci\u00f3n de red Wi-Fi para interior confiable y de alta capacidad a un costo significativamente menor que sus competidores de calidad alta. Usted ahorrar\u00e1 nodos de red y le garantizamos el equipo por 5 a\u00f1os. <\/div>\n<\/p><\/div>\n<div style='border: 1px solid rgba(150&comma;150&comma;150&comma;0.3); border-radius: 8px; padding: 20px;'>\n<div style='text-align: center; margin-bottom: 15px;'> <img style='width: 26px; height: auto; border: 1px solid rgba(150&comma;150&comma;150&comma;0.3); border-radius: 8px;' src='data:image\/png;base64&comma;iVBORw0KGgoAAAANSUhEUgAAABkAAAAbCAYAAACJISRoAAABJElEQVRIDWP8\/\/\/\/fwYaAyYamw82ni6WsMB88uHbP4alp74xXHn+m+HPX5go6TQLMwODjiQrQ7QZF4MAF9QPoDgBgb49n\/5vvfQNyqOM2nb52\/\/e3Z\/hhsCD6+bLPwwe2pykOx2LDnctToZbr\/7AZeCW\/P3HwMAE58HlyWKAzAGZBwPwOIEJgOjUJe+RuSSxZ8cIYqjHaglIFTbFGLrRBHA5jkoBhGYbGnf4WIIzTpB9jCusQWqIiTuiLCHGIGRHobNH4wQeIsQE5WicwIOLGAZdUhfOOMGXAYlxPbIarJYQk2KQDSHEhgcXMxMDRXU7skWgNgLIPBiAM9XFWBh2X\/8OE6eIBpmjLo4IJEZQbQ8ykdqtlRgzLgZ+aGsFbglFTiegGQA8OqhlfnSlc4AAAABJRU5ErkJggg==' alt=''> <\/div>\n<div style='text-align: center; font-weight: bold; margin-bottom: 10px;'>Controle lo que pasa en su red.<\/div>\n<div style='text-align: center; font-size: 14px; color: inherit;'> Limite el acceso a p\u00e1ginas restringidas mediante el ACL de cn Maestro <\/div>\n<\/p><\/div>\n<\/p><\/div>\n<div style='margin-bottom: 30px;'>\n<h3 style='font-size: 22px; border-bottom: 2px solid currentColor; padding-bottom: 5px; margin-top: 0; color: inherit; opacity: 0.8;'> Dise\u00f1ado para servicios de borde y alta densidad <\/h3>\n<p style='font-size: 15px; color: inherit;'> El XE3-4 cuenta con un total de tres (3) radios para ofrecer una red de pr\u00f3xima generaci\u00f3n con servicios de borde con alta capacidad y alta densidad. Se pueden configurar tres radios de datos como dos 4\u00d74 de 5 GHz m\u00e1s uno 2\u00d72 de 2&comma;4 GHz&comma; o los dos radios de 5 GHz se pueden combinar en un solo radio de 4\u00d74 de 5 GHz con la m\u00e1xima potencia y rendimiento del est\u00e1ndar 802.11ax. Un radio de escaneo de red dedicada proporciona monitoreo de red continuo para mejorar los protocolos de seguridad&comma; informes de red detallados y optimizaciones autom\u00e1ticas de RF. Obtendr\u00e1 un AP Wi-Fi 6\/6E de alta capacidad y multirradio dise\u00f1ado para las redes m\u00e1s exigentes en lugares empresariales&comma; educativos&comma; minoristas y p\u00fablicos. <\/p>\n<\/p><\/div>\n<div style='margin-bottom: 30px;'>\n<h3 style='font-size: 22px; border-bottom: 2px solid currentColor; padding-bottom: 5px; margin-top: 0; color: inherit; opacity: 0.8;'> Caracter\u00edsticas principales <\/h3>\n<ul style='padding-left: 20px; font-size: 15px; color: inherit;'>\n<li style='margin-bottom: 5px;'>Est\u00e1ndar 802.11 a\/b\/g\/n\/ac Wave 2\/ax<\/li>\n<li style='margin-bottom: 5px;'>3 radios combinaci\u00f3n doble banda (2.4&comma; 5 y 6 GHz)<\/li>\n<li style='margin-bottom: 5px;'>MU-MIMO 4&#215;4<\/li>\n<li style='margin-bottom: 5px;'>Hasta 574 Mbps en 2.4 GHz<\/li>\n<li style='margin-bottom: 5px;'>Hasta 1&comma;201 Mbps en 5 GHz<\/li>\n<li style='margin-bottom: 5px;'>Hasta 4&comma;804 Mbps en 6 GHz<\/li>\n<li style='margin-bottom: 5px;'>Antenas Omnidireccionales: 4.85 dBi en 2.4 GHz&comma; 6.12 dBi en 5 GHz y 6.29 dBi en 6 GHz<\/li>\n<li style='margin-bottom: 5px;'>Potencia: 29 dBm en 2.4 GHz&comma; 31 dBm en 5 GHz y 30 en 6 GHz<\/li>\n<\/ul><\/div>\n<div style='margin-bottom: 30px;'>\n<h3 style='font-size: 22px; border-bottom: 2px solid currentColor; padding-bottom: 5px; margin-top: 0; color: inherit; opacity: 0.8;'> Caracter\u00edsticas generales <\/h3>\n<ul style='padding-left: 20px; font-size: 15px; color: inherit;'>\n<li style='margin-bottom: 5px;'>Tipo de administraci\u00f3n: Standalone&comma; cnMaestro Cloud Managed (gratuito) y cnMaestro on-premises VM o XMS Cloud<\/li>\n<li style='margin-bottom: 5px;'>Hasta 16 SSID (Flexibles en cualquier banda)<\/li>\n<li style='margin-bottom: 5px;'>Fast Roaming: Navega de celda en celda sin perder la conexi\u00f3n<\/li>\n<li style='margin-bottom: 5px;'>ACL: Crea reglas para bloqueo de p\u00e1ginas Web<\/li>\n<li style='margin-bottom: 5px;'>Funci\u00f3n ACS para cambio de canales en autom\u00e1tico para evitar interferencia<\/li>\n<li style='margin-bottom: 5px;'>Schedule SSID para activar SSID los d\u00edas deseados en ciertos horarios<\/li>\n<li style='margin-bottom: 5px;'>Portal cautivo Hotspot desde la nube&comma; vouchers personalizables<\/li>\n<li style='margin-bottom: 5px;'>Limita ancho de banda por usuario o SSID<\/li>\n<li style='margin-bottom: 5px;'>Aislamiento entre clientes para evitar que entren a la red&comma; tormentas de Broadcast y Multicast<\/li>\n<li style='margin-bottom: 5px;'>Load Balancing para balancear la carga entre cada banda<\/li>\n<li style='margin-bottom: 5px;'>Soporta MESH<\/li>\n<\/ul><\/div>\n<div style='margin-bottom: 30px;'>\n<h3 style='font-size: 22px; border-bottom: 2px solid currentColor; padding-bottom: 5px; margin-top: 0; color: inherit; opacity: 0.8;'> Caracter\u00edsticas f\u00edsicas y el\u00e9ctricas <\/h3>\n<ul style='padding-left: 20px; font-size: 15px; color: inherit;'>\n<li style='margin-bottom: 5px;'>1 puerto 802.3 10\/100\/1000\/2500 Mbps PoE IN 802.3bt&comma; se alimenta con Switches cnMatrix o fuente de alimentaci\u00f3n PoE modelo N000000L034A&comma; no incluidos<\/li>\n<li style='margin-bottom: 5px;'>1 puerto RJ45 10\/100\/1000 Mbps<\/li>\n<li style='margin-bottom: 5px;'>1 puerto USB 3.0<\/li>\n<li style='margin-bottom: 5px;'>Consumo m\u00e1ximo: 32 W<\/li>\n<\/ul><\/div>\n<div style='margin-bottom: 30px;'>\n<h3 style='font-size: 22px; border-bottom: 2px solid currentColor; padding-bottom: 5px; margin-top: 0; color: inherit; opacity: 0.8;'> Informaci\u00f3n adicional <\/h3>\n<ul style='padding-left: 20px; font-size: 15px; color: inherit;'>\n<li style='margin-bottom: 5px;'><strong>Administraci\u00f3n:<\/strong> Gratuita mediante controlador cnMaestro desde la nube&comma; no requiere hardware adicional<\/li>\n<li style='margin-bottom: 5px;'><strong>Paquete incluye:<\/strong> Requiere fuente de alimentaci\u00f3n PoE modelo N000000L142A + CABEPMP<\/li>\n<li style='margin-bottom: 5px;'><strong>Garant\u00eda:<\/strong> 5 A\u00f1os<\/li>\n<\/ul><\/div>\n<hr style='border: 0; border-top: 1px solid rgba(150&comma;150&comma;150&comma;0.3); margin: 30px 0;'> <\/div>\n","protected":false},"excerpt":{"rendered":"<p>Access Point cnPilot XE3-4 WiFi 6\/6E 802.11ax (2.4, 5 y 6 GHz), 3 radios definidos por software (SDR), MU-MIMO 4&#215;4, Pol\u00edticas de control de aplicaciones, hasta 1,500 clientes, gesti\u00f3n desde la nube, hasta 6.6 Gbps.<\/p>\n","protected":false},"featured_media":89345,"comment_status":"open","ping_status":"closed","template":"","meta":[],"product_brand":[],"product_cat":[1794],"product_tag":[1316,1795,1479],"class_list":{"0":"post-89346","1":"product","2":"type-product","3":"status-publish","4":"has-post-thumbnail","6":"product_cat-puntos-de-acceso","7":"product_tag-cambium-networks","8":"product_tag-puntos-de-acceso","9":"product_tag-redes-wifi","11":"first","12":"outofstock","13":"sale","14":"shipping-taxable","15":"purchasable","16":"product-type-simple"},"_links":{"self":[{"href":"https:\/\/soydeaqui.ddns.net\/pachuca\/index.php\/wp-json\/wp\/v2\/product\/89346","targetHints":{"allow":["GET"]}}],"collection":[{"href":"https:\/\/soydeaqui.ddns.net\/pachuca\/index.php\/wp-json\/wp\/v2\/product"}],"about":[{"href":"https:\/\/soydeaqui.ddns.net\/pachuca\/index.php\/wp-json\/wp\/v2\/types\/product"}],"replies":[{"embeddable":true,"href":"https:\/\/soydeaqui.ddns.net\/pachuca\/index.php\/wp-json\/wp\/v2\/comments?post=89346"}],"wp:featuredmedia":[{"embeddable":true,"href":"https:\/\/soydeaqui.ddns.net\/pachuca\/index.php\/wp-json\/wp\/v2\/media\/89345"}],"wp:attachment":[{"href":"https:\/\/soydeaqui.ddns.net\/pachuca\/index.php\/wp-json\/wp\/v2\/media?parent=89346"}],"wp:term":[{"taxonomy":"product_brand","embeddable":true,"href":"https:\/\/soydeaqui.ddns.net\/pachuca\/index.php\/wp-json\/wp\/v2\/product_brand?post=89346"},{"taxonomy":"product_cat","embeddable":true,"href":"https:\/\/soydeaqui.ddns.net\/pachuca\/index.php\/wp-json\/wp\/v2\/product_cat?post=89346"},{"taxonomy":"product_tag","embeddable":true,"href":"https:\/\/soydeaqui.ddns.net\/pachuca\/index.php\/wp-json\/wp\/v2\/product_tag?post=89346"}],"curies":[{"name":"wp","href":"https:\/\/api.w.org\/{rel}","templated":true}]}}