{"id":89273,"date":"2026-03-20T02:48:40","date_gmt":"2026-03-20T02:48:40","guid":{"rendered":"https:\/\/soydeaqui.ddns.net\/pachuca\/index.php\/producto\/bateria-lxt-litio-ion-de-18v-3-ah-con-led-indicador-de-nivel-de-carga\/"},"modified":"2026-03-20T02:48:42","modified_gmt":"2026-03-20T02:48:42","slug":"bateria-lxt-litio-ion-de-18v-3-ah-con-led-indicador-de-nivel-de-carga","status":"publish","type":"product","link":"https:\/\/soydeaqui.ddns.net\/pachuca\/index.php\/producto\/bateria-lxt-litio-ion-de-18v-3-ah-con-led-indicador-de-nivel-de-carga\/","title":{"rendered":"Bater\u00eda LXT Litio-Ion de 18V 3 Ah, con led indicador de nivel de carga."},"content":{"rendered":"<div style='width: 100%; max-width: 1200px; margin: 0 auto; font-family: sans-serif; line-height: 1.6; color: inherit; background-color: transparent;'> <!-- Imagen principal --> <\/p>\n<div style='display: flex; justify-content: center; margin-bottom: 30px;'> <img style='width: 100%; max-width: 400px; height: auto; border: 1px solid rgba(150&comma;150&comma;150&comma;0.3); border-radius: 8px;' src='data:image\/png;base64&comma;iVBORw0KGgoAAAANSUhEUgAAATYAAABgCAYAAACXHF73AAAAAXNSR0IArs4c6QAAAARnQU1BAACxjwv8YQUAAAAJcEhZcwAADsMAAA7DAcdvqGQAABimSURBVHhe7Z0HeFVVtsfXTUIKKaT3BAgJhHRC772JiKiggFhQsSsW7L333nvvvffee+8V7L333nun8a25Z+9z7j03kGz2f973Pp\/385Jz9l5r7bXX\/6y111p7A2EYhnEgXv7+6o8MwzC9BhY2hmEcBwsbwzCOg4WNYRjHwcLGMIzjYGFjGMZxsLAxDOM4WNgYhnEcLGwMwzgOFjaGYRwHCxvDMI6DhY1hGMfBwsYwjONgYWMYxnGwsDEM4zhY2BiGcRwsbAzDOA4WNoZhHAcLG8MwjoOFjWEYx8HCxjCM42BhYxjGcbCwMQzjOFjYGIZxHCxsDMM4DhY2hmEcBwsbwzCOg4WNYRjHwcLGMIzjYGFjGMZxsLAxDOM4WNgYhnEcLGwMwzgOFjaGYRwHCxvDMI6DhY1hGMfBwsYwjONgYWMYxnGwsDEM4zhY2BiGcRwsbAzDOA4WNoZhHAcLG8MwjoOFjWEYx8HCxjCM42BhYxjGcbCwMQzjOFjYGIZxHCxsDMM4DhY2hmEcBwsbwzCOg4WNYRjHwcLGMIzjYGFjGMZxsLAxDOM4WNgYhnEcLGwMwzgOFjaGYRwHCxvDMI6DhY1hGMfBwsYwjONgYWMYxnGwsDEM4zhY2BiGcRwsbAzDOA4WNoZhHAcLG8MwjoOFjWEYx8HCxjCM42BhYxjGcbCwMQzjOFjYGIZxHCxsDMM4DhY2hmEcBwsbwzCOg4WNYRjHwcLGMIzjYGFjGMZxsLAxDOM4WNgYhnEcLGwMwzgOFjaGYRwHCxvDMI6DhY1hGMfBwsYwjONgYWMYxnGwsDEM4zhY2BiGcRwsbAzDOA4WNoZhHAcLG8MwjoOFjWEYx8HCxjCM42BhYxjGcbCwMQzjOFjYGIZxHCxsDMM4DhY2hmEcBwsbwzCOg4WNYRjHwcLGMIzjYGFjGMZxsLAxDOM4WNgYhnEcLGwMwzgOFjaGYRwHCxvDMI6DhY1hGMfBwsYwjONgYWMYxnGwsDEM4zhY2BiGcRwsbAzDOA4WNoZhHAcLG8MwjoOFjWEYx8HCxjCM42BhYxjGcbCwMQzjOFjYGIZxHCxsDMM4DhY2hmEcBwsbwzCOg4WNYRjHwcLGMIzjYGFjGMZxsLAxDOM4WNgYhnEcLGwMwzgOFjaGYRwHCxvDMI6DhY1hGMfBwsYwjONgYWMYxnGwsDEM4zhY2BiGcRwsbAzDOA4WNoZhHAcLG8MwjoOFjWEYx8HCxjCM42BhYxjGcbCwMQzjOFjYGIZxHCxsDMM4DhY2hmEcBwsbwzCOg4WNYRjHwcLGMIzjYGFjGMZxsLAxDOM4WNgYhnEcLGwMwzgOFjaGYRwHCxvDMI6DhY1hGMfBwsYwjONgYWMYxnGwsDEM4zhY2BiGcRwsbAzDOA4WNoZhHAcLG8MwjoOFjWEYx8HCxjCM42BhYxjGcbCwMQzjOFjYGIZxHCxsDMM4DhY2hmEcBwsbwzCOg4WNYRjHwcLGMIzjYGFjGMZxsLAxDOM4WNgYhnEcLGwMwzgOFjaGYRwHCxvDMI6DhY1hGMfBwsYwjONgYWMYxnGwsDEM4zhY2BiGcRwsbAzDOA4WNoZhHAcLG8MwjoOFjWEYx8HCxjCM42BhYxjGcbCwMQzjOFjYGIZxHCxsDMM4DhY2hmEcBwsbwzCOg4WNYRjHwcLGMIzjYGFjGMZxsLAxDOM4WNgYhnEcLGwMwzgOFjaGYRwHCxvDMI6DhY1hGMfBwsYwjONgYWMYxnGwsDEM4zhY2BiGcRwsbAzDOA4WNoZhHAcLG8MwjoOFjWEYx8HCxjCM42BhYxjGcbCwMQzjOFjYGIZxHCxsDMM4DhY2hmEcBwsbwzCOg4WNYRjHwcLGMIzjYGFjGMZxsLAxDOM4WNgYhnEcLGwMwzgOFjaGYRwHCxvDMI6DhY1hGMfBwsYwjONgYWMYxnGwsDEM4zhY2BiGcRwsbAzDOA4WNoZhHAcLG8MwjoOFjWEYx8HCxjCM42BhYxjGcbCwMQzjOFjYGIZxHCxsDMM4DhY2hmEcBwsbwzCOg4WNYRjHwcLGMIzjYGFjGMZxsLAxDOM4WNgYhnEcLGwMwzgOFjaGYRwHCxvDMI6DhY1hGMfBwsYwjONgYWMYxnGwsDEM4zhY2BiGcRwsbAzDOA4WNoZhHAcLG8MwjoOFjWEYx8HCxjCM42BhYxjGcbCwMQzjOFjYGIZxHCxsDMM4DhY2hmEcBwsbwzCOg4WNYRjHwcLGMIzjYGFjGMZxsLAxDOM4WNgYhnEcLGwMwzgOFjaGYRwHCxvDMI6DhY1hGMfBwsYwjONgYWMYxnGwsDEM4zhY2BiGcRwsbAzDOA4WNoZhHAcLG8MwjoOFjWEYx8HCxjCM42BhYxjGcbCwMQzjOFjYGIZxHCxsDMM4DhY2hmEcBwsbwzCOg4WNYRjHwcLGMIzjYGFjGMZxsLAxDOM4WNgYhnEcLGwMwzgOFjaGYRwHCxvDMI6DhY1hGMfBwsYwjONgYWMYxnGwsDEM4zhY2BiGcRwsbAzDOA4WNoZhHAcLG8MwjoOFjWEYx8HCxjCM42BhYxjGcbCwMQzjOFjYGIZxHCxsDMM4DhY2hmEcBwsbwzCOg4WNYRjHwcLGMIzjYGFjGMZxsLAxDOM4WNgYhnEcLGwMwzgOFjaGYRwHCxvDMI6DhY1hGMfBwsYwjONgYWMYxnGwsDEM4zhY2BiGcRwsbAzDOA4WNoZhHAcLG8MwjoOFjWEYx8HCxjCM42BhYxjGcbCwMQzjOFjYGIZxHCxsDMM4DhY2hmEcBwsbwzCOg4WNYRjH8f8B11793650DQAAAABJRU5ErkJggg==' alt=''><\/span><\/p>\n<p> <!-- Descripci\u00f3n --> <\/p>\n<div style='margin-bottom: 30px;'>\n<p style='font-size: 16px; margin: 15px 0; color: inherit;'> La bater\u00eda LXT\u00ae Litio-Ion de 18V de Makita se carga m\u00e1s r\u00e1pido y trabaja m\u00e1s tiempo que las bater\u00edas litio-ion est\u00e1ndar&comma; brind\u00e1ndole a usted y a su herramienta inal\u00e1mbrica&comma; rendimiento y productividad inigualable para terminar las aplicaciones m\u00e1s demandantes. La bater\u00eda 3.0Ah de Makita tiene un tiempo de carga l\u00edder en su categor\u00eda de s\u00f3lo 30 minutos&comma; as\u00ed que pasa m\u00e1s tiempo en el trabajo y menos tiempo en el cargador. Las bater\u00edas Litio-Ion de 18V de Makita resisten las autodescargas as\u00ed que est\u00e1n listas a\u00fan despu\u00e9s de per\u00edodos largos de almacenamiento. <\/p>\n<\/p><\/div>\n<p> <!-- Especificaciones --> <\/p>\n<div style='margin-bottom: 30px;'>\n<h3 style='font-size: 22px; border-bottom: 2px solid currentColor; padding-bottom: 5px; margin-top: 0; color: inherit; opacity: 0.8;'>Especificaciones<\/h3>\n<ul style='padding-left: 20px; font-size: 15px; color: inherit;'>\n<li style='margin-bottom: 5px;'><strong>Tensi\u00f3n de la bater\u00eda:<\/strong> 18V<\/li>\n<li style='margin-bottom: 5px;'><strong>Amperaje:<\/strong> 3.0 Ah<\/li>\n<li style='margin-bottom: 5px;'><strong>Tipo de bater\u00eda:<\/strong> LXT<\/li>\n<li style='margin-bottom: 5px;'><strong>N\u00ba de Bater\u00edas:<\/strong> 1<\/li>\n<li style='margin-bottom: 5px;'><strong>Indicador de carga de bater\u00eda:<\/strong> S\u00ed<\/li>\n<\/ul><\/div>\n<p> <!-- Informaci\u00f3n adicional --> <\/p>\n<div style='margin-bottom: 30px;'>\n<p style='font-size: 16px; margin: 15px 0; color: inherit;'> Los cargadores de bater\u00edas Makita est\u00e1n dise\u00f1ados especialmente para ser compatibles con las bater\u00edas Makita correspondientes. Esto significa que cada cargador est\u00e1 dise\u00f1ado para proporcionar la corriente y el voltaje para cada modelo. <\/p>\n<p style='font-size: 16px; margin: 15px 0; color: inherit;'> Es importante destacar que no todos los cargadores Makita son compatibles con todas las bater\u00edas Makita. <\/p>\n<p style='font-size: 16px; margin: 15px 0; color: inherit;'> Makita ofrece una amplia variedad de bater\u00edas con diferentes capacidades y tecnolog\u00edas&comma; a continuaci\u00f3n se presenta una tabla de compatibilidad: <\/p>\n<\/p><\/div>\n<p> <!-- Imagen de compatibilidad --> <\/p>\n<div style='display: flex; justify-content: center; margin-bottom: 30px;'> <img style='width: 100%; max-width: 615px; height: auto; border: 1px solid rgba(150&comma;150&comma;150&comma;0.3); border-radius: 8px;' src='https:\/\/ftp3.syscom.mx\/usuarios\/mtopete\/Imagen%20Pagina\/Makita\/COMPATIBILIDAD%20MAKITA%20BAT.JPG' alt='Tabla de compatibilidad'> <\/div>\n<p> <!-- Nota final --> <\/p>\n<div style='margin-bottom: 30px;'>\n<p style='font-size: 16px; margin: 15px 0; color: inherit;'> <strong>Nota:<\/strong> La serie &#8216;G&#8217; es solo compatible con equipos que manejan bater\u00eda blanca de f\u00e1brica. <\/p>\n<\/p><\/div>\n<p> <!-- Separador final --> <\/p>\n<hr style='border: 0; border-top: 1px solid rgba(150&comma; 150&comma; 150&comma; 0.3); margin: 30px 0;'> <\/div>\n","protected":false},"excerpt":{"rendered":"<p>Bater\u00eda LXT Litio-Ion de 18V 3 Ah, con led indicador de nivel de carga.<\/p>\n","protected":false},"featured_media":89272,"comment_status":"open","ping_status":"closed","template":"","meta":[],"product_brand":[],"product_cat":[130],"product_tag":[25,131,252],"class_list":{"0":"post-89273","1":"product","2":"type-product","3":"status-publish","4":"has-post-thumbnail","6":"product_cat-herramientas-electricas","7":"product_tag-herramientas","8":"product_tag-herramientas-electricas","9":"product_tag-makita","11":"first","12":"outofstock","13":"sale","14":"shipping-taxable","15":"purchasable","16":"product-type-simple"},"_links":{"self":[{"href":"https:\/\/soydeaqui.ddns.net\/pachuca\/index.php\/wp-json\/wp\/v2\/product\/89273","targetHints":{"allow":["GET"]}}],"collection":[{"href":"https:\/\/soydeaqui.ddns.net\/pachuca\/index.php\/wp-json\/wp\/v2\/product"}],"about":[{"href":"https:\/\/soydeaqui.ddns.net\/pachuca\/index.php\/wp-json\/wp\/v2\/types\/product"}],"replies":[{"embeddable":true,"href":"https:\/\/soydeaqui.ddns.net\/pachuca\/index.php\/wp-json\/wp\/v2\/comments?post=89273"}],"wp:featuredmedia":[{"embeddable":true,"href":"https:\/\/soydeaqui.ddns.net\/pachuca\/index.php\/wp-json\/wp\/v2\/media\/89272"}],"wp:attachment":[{"href":"https:\/\/soydeaqui.ddns.net\/pachuca\/index.php\/wp-json\/wp\/v2\/media?parent=89273"}],"wp:term":[{"taxonomy":"product_brand","embeddable":true,"href":"https:\/\/soydeaqui.ddns.net\/pachuca\/index.php\/wp-json\/wp\/v2\/product_brand?post=89273"},{"taxonomy":"product_cat","embeddable":true,"href":"https:\/\/soydeaqui.ddns.net\/pachuca\/index.php\/wp-json\/wp\/v2\/product_cat?post=89273"},{"taxonomy":"product_tag","embeddable":true,"href":"https:\/\/soydeaqui.ddns.net\/pachuca\/index.php\/wp-json\/wp\/v2\/product_tag?post=89273"}],"curies":[{"name":"wp","href":"https:\/\/api.w.org\/{rel}","templated":true}]}}