{"id":88927,"date":"2026-03-20T02:32:25","date_gmt":"2026-03-20T02:32:25","guid":{"rendered":"https:\/\/soydeaqui.ddns.net\/pachuca\/index.php\/producto\/switch-core-capa-3-24-puertos-sfp-100-1000x-8-puertos-compartidos-gigabit-ethernet-4-puertos-sfp-de-10-gbps\/"},"modified":"2026-03-20T02:32:34","modified_gmt":"2026-03-20T02:32:34","slug":"switch-core-capa-3-24-puertos-sfp-100-1000x-8-puertos-compartidos-gigabit-ethernet-4-puertos-sfp-de-10-gbps","status":"publish","type":"product","link":"https:\/\/soydeaqui.ddns.net\/pachuca\/index.php\/producto\/switch-core-capa-3-24-puertos-sfp-100-1000x-8-puertos-compartidos-gigabit-ethernet-4-puertos-sfp-de-10-gbps\/","title":{"rendered":"Switch Core Capa 3, 24 Puertos SFP 100\/1000X, 8 Puertos Compartidos Gigabit Ethernet, 4 Puertos SFP de 10 Gbps"},"content":{"rendered":"<div style='width: 100%; max-width: 1200px; margin: 0 auto; font-family: sans-serif; line-height: 1.6; color: inherit; background-color: transparent;'> <!-- Secci\u00f3n de im\u00e1genes de caracter\u00edsticas --> <\/p>\n<div style='display: flex; flex-wrap: wrap; gap: 15px; justify-content: center; margin-bottom: 30px;'> <img style='width: auto; max-width: 100px; height: auto; border: 1px solid rgba(150&comma;150&comma;150&comma;0.3); border-radius: 8px;' src='https:\/\/www.planet.com.tw\/storage\/icons\/3icon_L3_RIP_Routing.png' alt=''> <img style='width: auto; max-width: 100px; height: auto; border: 1px solid rgba(150&comma;150&comma;150&comma;0.3); border-radius: 8px;' src='https:\/\/www.planet.com.tw\/storage\/icons\/4icon_L3_OSPF_Routing.png' alt=''> <img style='width: auto; max-width: 100px; height: auto; border: 1px solid rgba(150&comma;150&comma;150&comma;0.3); border-radius: 8px;' src='https:\/\/www.planet.com.tw\/storage\/icons\/2icon_L3-Static-Routing.png' alt=''> <img style='width: auto; max-width: 100px; height: auto; border: 1px solid rgba(150&comma;150&comma;150&comma;0.3); border-radius: 8px;' src='https:\/\/www.planet.com.tw\/storage\/icons\/4icon_SSL-SSH.png' alt=''> <img style='width: auto; max-width: 100px; height: auto; border: 1px solid rgba(150&comma;150&comma;150&comma;0.3); border-radius: 8px;' src='https:\/\/www.planet.com.tw\/storage\/icons\/1icon_IPv6-Management.png' alt=''> <img style='width: auto; max-width: 100px; height: auto; border: 1px solid rgba(150&comma;150&comma;150&comma;0.3); border-radius: 8px;' src='https:\/\/www.planet.com.tw\/storage\/icons\/3icon_10Gbps_SFP+.png' alt=''> <\/div>\n<p> <!-- Imagen principal --> <\/p>\n<div style='text-align: center; margin-bottom: 30px;'> <img style='width: 100%; max-width: 600px; height: auto; border: 1px solid rgba(150&comma;150&comma;150&comma;0.3); border-radius: 8px;' src='https:\/\/www.planet.com.tw\/storage\/products\/49390\/XGS3-24242v3_Front-Panel-Introducton.png' alt=''> <\/div>\n<p> <!-- Secci\u00f3n de soluciones comunes --> <\/p>\n<div style='text-align: center; margin-bottom: 30px;'>\n<h2 style='font-size: 24px; color: inherit; opacity: 0.8; margin: 0 0 15px 0; color: #2880b9; font-family: arial&comma; helvetica&comma; sans-serif;'>Soluciones Comunes<\/h2>\n<\/p><\/div>\n<p> <!-- Soluci\u00f3n de red en malla --> <\/p>\n<div style='margin-bottom: 30px;'>\n<h3 style='font-size: 20px; text-align: center; color: #2880b9; font-family: arial&comma; helvetica&comma; sans-serif; margin: 0 0 15px 0; color: inherit; opacity: 0.8;'>Soluci\u00f3n de red en malla para sistemas de Big Data<\/h3>\n<div style='text-align: center; margin: 15px 0;'> <img style='width: 100%; max-width: 450px; height: auto; border: 1px solid rgba(150&comma;150&comma;150&comma;0.3); border-radius: 8px;' src='https:\/\/www.planet.com.tw\/storage\/products\/49390\/XGS3-24242v3-2.png' alt=''> <\/div>\n<\/p><\/div>\n<p> <!-- Centro de datos --> <\/p>\n<div style='margin-bottom: 30px;'>\n<h3 style='font-size: 20px; text-align: center; color: #2880b9; font-family: arial&comma; helvetica&comma; sans-serif; margin: 0 0 15px 0; color: inherit; opacity: 0.8;'>Centro de Datos<\/h3>\n<div style='text-align: center; margin: 15px 0;'> <img style='width: 100%; max-width: 550px; height: auto; border: 1px solid rgba(150&comma;150&comma;150&comma;0.3); border-radius: 8px;' src='https:\/\/www.planet.com.tw\/storage\/products\/49390\/XGS3-24242v3-5.png' alt=''> <\/div>\n<\/p><\/div>\n<p> <!-- Enrutamiento VLAN Capa 3 --> <\/p>\n<div style='margin-bottom: 30px;'>\n<h3 style='font-size: 20px; text-align: center; color: #2880b9; font-family: arial&comma; helvetica&comma; sans-serif; margin: 0 0 15px 0; color: inherit; opacity: 0.8;'>Enrutamiento VLAN Capa 3<\/h3>\n<div style='text-align: center; margin: 15px 0;'> <img style='width: 100%; max-width: 550px; height: auto; border: 1px solid rgba(150&comma;150&comma;150&comma;0.3); border-radius: 8px;' src='https:\/\/www.planet.com.tw\/storage\/products\/49390\/XGS3-24242v3-6.png' alt=''> <\/div>\n<\/p><\/div>\n<p> <!-- Secci\u00f3n de especificaciones --> <\/p>\n<div style='display: flex; flex-wrap: wrap; gap: 20px; margin-bottom: 30px;'>\n<div style='flex: 1 1 250px; border: 1px solid rgba(150&comma; 150&comma; 150&comma; 0.4); border-radius: 8px; overflow: hidden; display: flex; flex-direction: column;'>\n<div style='padding: 15px; border-bottom: 1px solid rgba(150&comma; 150&comma; 150&comma; 0.2); font-weight: bold; font-size: 18px; color: inherit;'>Especificaciones de hardware<\/div>\n<div style='padding: 15px; color: inherit;'>\n<ul style='padding-left: 20px; margin: 0; font-size: 14px; list-style-type: disc;'>\n<li style='margin-bottom: 5px;'><strong>Ranuras SFP \/ mini-GBIC:<\/strong> 24 interfaces SFP 100 \/ 1000BASE-X<br \/>Compatible con transceptor SFP 100BASE-FX<\/li>\n<li style='margin-bottom: 5px;'><strong>Puertos de cobre:<\/strong> 8 puertos 10\/100 \/ 1000BASE-T RJ45 auto-MDI \/ MDI-X&comma; compartidos con el puerto 1 al puerto 8<\/li>\n<li style='margin-bottom: 5px;'><strong>Ranuras SFP +:<\/strong> 4 interfaces 10GBASE-SR \/ LR SFP + (puerto 25 a puerto 28)<br \/>Compatible con transceptor SFP 1000BASE-SX \/ LX \/ BX<\/li>\n<li style='margin-bottom: 5px;'><strong>Consola:<\/strong> 1 puerto serie RJ45 a RS232 (115200&comma; 8&comma; N&comma; 1)<\/li>\n<li style='margin-bottom: 5px;'><strong>Rendimiento:<\/strong> 95&comma;23 Mpps<\/li>\n<li style='margin-bottom: 5px;'><strong>Tabla de ruteo:<\/strong> Entrada de enrutamiento IPv4: 13K<br \/>Entrada de enrutamiento IPv6: 3.2K<\/li>\n<li style='margin-bottom: 5px;'><strong>Dimensiones:<\/strong> 440 x 240 x 43&comma;6 mm<\/li>\n<li style='margin-bottom: 5px;'><strong>Peso:<\/strong> 3173g<\/li>\n<li style='margin-bottom: 5px;'><strong>Consumo de energ\u00eda:<\/strong> Max. 51&comma;1 Watts \/ 174 BTU (entrada de CA)<br \/>M\u00e1x. 47&comma;6 Watts \/ 162 BTU (entrada de CC)<\/li>\n<li style='margin-bottom: 5px;'><strong>Requerimientos de energ\u00eda:<\/strong> CA 100 ~ 240 V&comma; 50\/60 Hz<br \/>CC 36 V -75 V&comma; 2&comma;5 A m\u00e1x.<\/li>\n<li style='margin-bottom: 5px;'><strong>Funciones IPv4 Capa 2 y 3:<\/strong><\/li>\n<li style='margin-bottom: 5px;'><strong>Funciones de IPv6 Capa 2 y 3:<\/strong><\/li>\n<\/ul><\/div>\n<\/p><\/div>\n<div style='flex: 1 1 250px; border: 1px solid rgba(150&comma; 150&comma; 150&comma; 0.4); border-radius: 8px; overflow: hidden; display: flex; flex-direction: column;'>\n<div style='padding: 15px; border-bottom: 1px solid rgba(150&comma; 150&comma; 150&comma; 0.2); font-weight: bold; font-size: 18px; color: inherit;'>Compatibilidad<\/div>\n<div style='padding: 15px; color: inherit;'>\n<ul style='padding-left: 20px; margin: 0; font-size: 14px; list-style-type: disc;'>\n<li style='margin-bottom: 5px;'><strong>Lista de compatibilidad de cl\u00fasteres de IP (apilamiento):<\/strong>\n<ul style='padding-left: 20px; margin: 5px 0; font-size: 14px; list-style-type: circle;'>\n<li style='margin-bottom: 5px;'>XGS3-24242v3<\/li>\n<li style='margin-bottom: 5px;'>XGS3-24042v3<\/li>\n<li style='margin-bottom: 5px;'>SGS-6341-24T4Xv2<\/li>\n<li style='margin-bottom: 5px;'>SGS-6341-24P4Xv2<\/li>\n<li style='margin-bottom: 5px;'>SGS-6341-16S8C4XRv2<\/li>\n<li style='margin-bottom: 5px;'>SGS-6341-48T4X<\/li>\n<\/ul>\n<\/li>\n<li style='margin-bottom: 5px;'><strong>Lista de compatibilidad de apilamiento de hardware:<\/strong>\n<ul style='padding-left: 20px; margin: 5px 0; font-size: 14px; list-style-type: circle;'>\n<li style='margin-bottom: 5px;'>XGS3-24242v3<\/li>\n<\/ul>\n<\/li>\n<\/ul><\/div>\n<\/p><\/div>\n<div style='flex: 1 1 250px; border: 1px solid rgba(150&comma; 150&comma; 150&comma; 0.4); border-radius: 8px; overflow: hidden; display: flex; flex-direction: column;'>\n<div style='padding: 15px; border-bottom: 1px solid rgba(150&comma; 150&comma; 150&comma; 0.2); font-weight: bold; font-size: 18px; color: inherit;'>Configuraci\u00f3n del sistema<\/div>\n<div style='padding: 15px; color: inherit;'>\n<ul style='padding-left: 20px; margin: 0; font-size: 14px; list-style-type: disc;'>\n<li style='margin-bottom: 5px;'>Consola&comma; Telnet&comma; SSH&comma; navegador web&comma; SNMP v1&comma; v2c y v3<\/li>\n<\/ul><\/div>\n<\/p><\/div>\n<div style='flex: 1 1 250px; border: 1px solid rgba(150&comma; 150&comma; 150&comma; 0.4); border-radius: 8px; overflow: hidden; display: flex; flex-direction: column;'>\n<div style='padding: 15px; border-bottom: 1px solid rgba(150&comma; 150&comma; 150&comma; 0.2); font-weight: bold; font-size: 18px; color: inherit;'>Temperatura de operaci\u00f3n<\/div>\n<div style='padding: 15px; color: inherit;'>\n<ul style='padding-left: 20px; margin: 0; font-size: 14px; list-style-type: disc;'>\n<li style='margin-bottom: 5px;'>Temperatura: 0 ~ 50 grados C<\/li>\n<li style='margin-bottom: 5px;'>Humedad relativa: 5 ~ 90% (sin condensaci\u00f3n)<\/li>\n<li style='margin-bottom: 5px;'>Temperatura: -10 ~ 70 grados C<\/li>\n<li style='margin-bottom: 5px;'>Humedad relativa: 5 ~ 90% (sin condensaci\u00f3n)<\/li>\n<\/ul><\/div>\n<\/p><\/div>\n<\/p><\/div>\n<p> <!-- Separador --> <\/p>\n<hr style='border: 0; border-top: 1px solid rgba(150&comma; 150&comma; 150&comma; 0.3); margin: 30px 0;'> <\/div>\n","protected":false},"excerpt":{"rendered":"<p>Switch Core Capa 3, 24 Puertos SFP 100\/1000X, 8 Puertos Compartidos Gigabit Ethernet, 4 Puertos SFP de 10 Gbps<\/p>\n","protected":false},"featured_media":88926,"comment_status":"open","ping_status":"closed","template":"","meta":[],"product_brand":[],"product_cat":[1970],"product_tag":[664,2033,1971],"class_list":{"0":"post-88927","1":"product","2":"type-product","3":"status-publish","4":"has-post-thumbnail","6":"product_cat-switches","7":"product_tag-networking","8":"product_tag-planet","9":"product_tag-switches","11":"first","12":"instock","13":"sale","14":"shipping-taxable","15":"purchasable","16":"product-type-simple"},"_links":{"self":[{"href":"https:\/\/soydeaqui.ddns.net\/pachuca\/index.php\/wp-json\/wp\/v2\/product\/88927","targetHints":{"allow":["GET"]}}],"collection":[{"href":"https:\/\/soydeaqui.ddns.net\/pachuca\/index.php\/wp-json\/wp\/v2\/product"}],"about":[{"href":"https:\/\/soydeaqui.ddns.net\/pachuca\/index.php\/wp-json\/wp\/v2\/types\/product"}],"replies":[{"embeddable":true,"href":"https:\/\/soydeaqui.ddns.net\/pachuca\/index.php\/wp-json\/wp\/v2\/comments?post=88927"}],"wp:featuredmedia":[{"embeddable":true,"href":"https:\/\/soydeaqui.ddns.net\/pachuca\/index.php\/wp-json\/wp\/v2\/media\/88926"}],"wp:attachment":[{"href":"https:\/\/soydeaqui.ddns.net\/pachuca\/index.php\/wp-json\/wp\/v2\/media?parent=88927"}],"wp:term":[{"taxonomy":"product_brand","embeddable":true,"href":"https:\/\/soydeaqui.ddns.net\/pachuca\/index.php\/wp-json\/wp\/v2\/product_brand?post=88927"},{"taxonomy":"product_cat","embeddable":true,"href":"https:\/\/soydeaqui.ddns.net\/pachuca\/index.php\/wp-json\/wp\/v2\/product_cat?post=88927"},{"taxonomy":"product_tag","embeddable":true,"href":"https:\/\/soydeaqui.ddns.net\/pachuca\/index.php\/wp-json\/wp\/v2\/product_tag?post=88927"}],"curies":[{"name":"wp","href":"https:\/\/api.w.org\/{rel}","templated":true}]}}