{"id":88764,"date":"2026-03-20T02:25:07","date_gmt":"2026-03-20T02:25:07","guid":{"rendered":"https:\/\/soydeaqui.ddns.net\/pachuca\/index.php\/producto\/speak-750-altavoz-portatil-con-microfono-integrado-sonido-increible-para-conferencias-y-microsoft-teams-microsoft-teams-rooms-skype-empresarial-cancelador-de-eco-acustico-7700-309\/"},"modified":"2026-03-20T02:25:15","modified_gmt":"2026-03-20T02:25:15","slug":"speak-750-altavoz-portatil-con-microfono-integrado-sonido-increible-para-conferencias-y-microsoft-teams-microsoft-teams-rooms-skype-empresarial-cancelador-de-eco-acustico-7700-309","status":"publish","type":"product","link":"https:\/\/soydeaqui.ddns.net\/pachuca\/index.php\/producto\/speak-750-altavoz-portatil-con-microfono-integrado-sonido-increible-para-conferencias-y-microsoft-teams-microsoft-teams-rooms-skype-empresarial-cancelador-de-eco-acustico-7700-309\/","title":{"rendered":"Speak 750, Altavoz port\u00e1til con micr\u00f3fono integrado, sonido incre\u00edble para conferencias y Microsoft Teams, Microsoft Teams Rooms, Skype Empresarial, cancelador de eco ac\u00fastico (7700-309)"},"content":{"rendered":"<div style='width: 100%; max-width: 1200px; margin: 0 auto; font-family: sans-serif; line-height: 1.6; color: inherit; background-color: transparent;'> <!-- ENCABEZADO --> <\/p>\n<div style='background-color: #f5b700; color: #000; text-align: center; padding: 35px 20px;'>\n<h1 style='margin: 0; font-size: 36px; color: inherit;'>Jabra Speak 750<\/h1>\n<p style='margin-top: 10px; font-size: 18px; color: inherit;'>Escuche y sea escuchado cuando sea importante.<\/p>\n<\/p><\/div>\n<div style='padding: 20px; color: inherit;'> <!-- TITULAR --> <\/p>\n<h2 style='text-align: center; font-size: 32px; color: inherit;'>Escuche y sea escuchado cuando sea importante.<\/h2>\n<hr style='width: 40px; border: 2px solid #f5b700; margin: 20px auto;'> <!-- PLUG & PLAY --> <\/p>\n<div style='display: flex; flex-wrap: wrap; gap: 30px; align-items: center; margin-bottom: 30px;'>\n<div style='flex: 1 1 300px; min-width: 280px;'>\n<h2 style='color: #f5b700; border-left: 6px solid #f5b700; padding-left: 10px; font-size: 24px; margin-top: 0; color: inherit;'>Plug and Play para una colaboraci\u00f3n instant\u00e1nea<\/h2>\n<p style='text-align: justify; font-size: 15px; color: inherit;'>Simplemente poder conectar y usar su computadora port\u00e1til&comma; tel\u00e9fono inteligente o tableta&comma; ya sea mediante USB o Bluetooth&comma; hace que la colaboraci\u00f3n sea mucho m\u00e1s f\u00e1cil.<\/p>\n<\/p><\/div>\n<div style='flex: 1 1 300px; min-width: 280px; text-align: center;'>\n<div style='position: relative; padding-bottom: 56.25%; height: 0; overflow: hidden;'>   <\/div>\n<\/p><\/div>\n<\/p><\/div>\n<hr style='border: 0; border-top: 1px solid rgba(150&comma; 150&comma; 150&comma; 0.3); margin: 30px 0;'> <!-- ESPECIFICACIONES --> <\/p>\n<h2 style='color: #f5b700; border-left: 6px solid #f5b700; padding-left: 10px; font-size: 24px; margin-top: 0; color: inherit;'>Especificaciones t\u00e9cnicas<\/h2>\n<div style='display: flex; flex-wrap: wrap; gap: 20px; margin-top: 20px;'> <!-- AUDIO --> <\/p>\n<div style='flex: 1 1 250px; min-width: 260px;'>\n<div style='padding: 15px; border: 1px solid rgba(150&comma; 150&comma; 150&comma; 0.4); border-radius: 8px; overflow: hidden; display: flex; flex-direction: column; height: 100%;'>\n<div style='padding: 15px; border-bottom: 1px solid rgba(150&comma; 150&comma; 150&comma; 0.2); font-weight: bold; font-size: 18px; color: inherit;'>Audio<\/div>\n<div style='padding: 15px; color: inherit;'>\n<ul style='padding-left: 20px; margin: 0; font-size: 14px; list-style-type: disc;'>\n<li style='margin-bottom: 5px;'><strong>Audio d\u00faplex completo:<\/strong> S\u00ed<\/li>\n<li style='margin-bottom: 5px;'><strong>Cancelaci\u00f3n de eco ac\u00fastico (AEC):<\/strong> S\u00ed<\/li>\n<li style='margin-bottom: 5px;'><strong>Tipo de micr\u00f3fono:<\/strong> Omnidireccional (360\u00b0)<\/li>\n<li style='margin-bottom: 5px;'><strong>Relaci\u00f3n se\u00f1al-ruido (SNR):<\/strong> +70 dB<\/li>\n<\/ul><\/div>\n<\/p><\/div>\n<\/p><\/div>\n<p> <!-- CONECTIVIDAD --> <\/p>\n<div style='flex: 1 1 250px; min-width: 260px;'>\n<div style='padding: 15px; border: 1px solid rgba(150&comma; 150&comma; 150&comma; 0.4); border-radius: 8px; overflow: hidden; display: flex; flex-direction: column; height: 100%;'>\n<div style='padding: 15px; border-bottom: 1px solid rgba(150&comma; 150&comma; 150&comma; 0.2); font-weight: bold; font-size: 18px; color: inherit;'>Conectividad<\/div>\n<div style='padding: 15px; color: inherit;'>\n<ul style='padding-left: 20px; margin: 0; font-size: 14px; list-style-type: disc;'>\n<li style='margin-bottom: 5px;'><strong>Conectividad:<\/strong> USB 2.0 y Bluetooth<\/li>\n<li style='margin-bottom: 5px;'><strong>Bluetooth:<\/strong> 4.2 (BTLE)<\/li>\n<li style='margin-bottom: 5px;'><strong>Alcance inal\u00e1mbrico:<\/strong><\/li>\n<ul style='padding-left: 30px; margin-top: 5px; margin-bottom: 5px; font-size: 14px; list-style-type: disc;'>\n<li style='margin-bottom: 5px;'>Hasta 30 m (altavoz \u2194 dongle)<\/li>\n<li style='margin-bottom: 5px;'>Hasta 10 m (altavoz \u2194 m\u00f3vil\/tableta)<\/li>\n<\/ul>\n<li style='margin-bottom: 5px;'><strong>Perfiles:<\/strong> HSP&comma; HFP&comma; A2DP&comma; AVRCP<\/li>\n<li style='margin-bottom: 5px;'><strong>Tiempo de conversaci\u00f3n:<\/strong> Hasta 11 horas<\/li>\n<li style='margin-bottom: 5px;'><strong>Carga:<\/strong> USB 5 V \/ 500 mA \u2013 3 h<\/li>\n<\/ul><\/div>\n<\/p><\/div>\n<\/p><\/div>\n<p> <!-- GENERAL --> <\/p>\n<div style='flex: 1 1 250px; min-width: 260px;'>\n<div style='padding: 15px; border: 1px solid rgba(150&comma; 150&comma; 150&comma; 0.4); border-radius: 8px; overflow: hidden; display: flex; flex-direction: column; height: 100%;'>\n<div style='padding: 15px; border-bottom: 1px solid rgba(150&comma; 150&comma; 150&comma; 0.2); font-weight: bold; font-size: 18px; color: inherit;'>General<\/div>\n<div style='padding: 15px; color: inherit;'>\n<ul style='padding-left: 20px; margin: 0; font-size: 14px; list-style-type: disc;'>\n<li style='margin-bottom: 5px;'><strong>Peso:<\/strong> 301 g<\/li>\n<li style='margin-bottom: 5px;'><strong>Contenido de la caja:<\/strong><br \/>Jabra Speak 750&comma; Jabra Link 370&comma; bolso suave&comma; gu\u00eda de inicio r\u00e1pido y documentaci\u00f3n.<\/li>\n<li style='margin-bottom: 5px;'><strong>Certificaciones:<\/strong><br \/>Microsoft Teams&comma; Teams Rooms&comma; Skype Empresarial y plataformas UC l\u00edderes.<\/li>\n<\/ul><\/div>\n<\/p><\/div>\n<\/p><\/div>\n<\/p><\/div>\n<hr style='border: 0; border-top: 1px solid rgba(150&comma; 150&comma; 150&comma; 0.3); margin: 30px 0;'> <!-- GALER\u00cdA --> <\/p>\n<h2 style='color: #f5b700; border-left: 6px solid #f5b700; padding-left: 10px; font-size: 24px; margin-top: 0; color: inherit;'>Galer\u00eda<\/h2>\n<div style='display: flex; flex-wrap: wrap; justify-content: center; gap: 20px; margin-top: 20px;'>\n<div style='flex: 1 1 300px; max-width: 100%;'> <img style='width: 100%; height: auto; border: 1px solid rgba(150&comma;150&comma;150&comma;0.3); border-radius: 8px;' src='https:\/\/ftp3.syscom.mx\/usuarios\/fotos\/SPEAK750\/196516-captura_de_pantalla_2021-05-13_a_la(s)_12.19.10.png' alt='Jabra Speak 750'> <\/div>\n<div style='flex: 1 1 300px; max-width: 100%;'> <img style='width: 100%; height: auto; border: 1px solid rgba(150&comma;150&comma;150&comma;0.3); border-radius: 8px;' src='https:\/\/ftp3.syscom.mx\/usuarios\/fotos\/SPEAK750MS\/196517-captura_de_pantalla_2021-05-13_a_la(s)_12.28.45.png' alt='Jabra Speak 750 MS'> <\/div>\n<\/p><\/div>\n<p> <!-- CIERRE --> <\/p>\n<div style='background: #f5b700; color: #000; text-align: center; padding: 20px; margin-top: 40px;'> Audio profesional para reuniones h\u00edbridas <\/div>\n<\/p><\/div>\n","protected":false},"excerpt":{"rendered":"<p>Speak 750, Altavoz port\u00e1til con micr\u00f3fono integrado, sonido incre\u00edble para conferencias y Microsoft Teams, Microsoft Teams Rooms, Skype Empresarial, cancelador de eco ac\u00fastico (7700-309)<\/p>\n","protected":false},"featured_media":88763,"comment_status":"open","ping_status":"closed","template":"","meta":[],"product_brand":[],"product_cat":[2048],"product_tag":[2049,2052,2004],"class_list":{"0":"post-88764","1":"product","2":"type-product","3":"status-publish","4":"has-post-thumbnail","6":"product_cat-audio-video-conferencia","7":"product_tag-audio-video-conferencia","8":"product_tag-jabra","9":"product_tag-voip-telefonia-ip-videoconferencia","11":"first","12":"outofstock","13":"sale","14":"shipping-taxable","15":"purchasable","16":"product-type-simple"},"_links":{"self":[{"href":"https:\/\/soydeaqui.ddns.net\/pachuca\/index.php\/wp-json\/wp\/v2\/product\/88764","targetHints":{"allow":["GET"]}}],"collection":[{"href":"https:\/\/soydeaqui.ddns.net\/pachuca\/index.php\/wp-json\/wp\/v2\/product"}],"about":[{"href":"https:\/\/soydeaqui.ddns.net\/pachuca\/index.php\/wp-json\/wp\/v2\/types\/product"}],"replies":[{"embeddable":true,"href":"https:\/\/soydeaqui.ddns.net\/pachuca\/index.php\/wp-json\/wp\/v2\/comments?post=88764"}],"wp:featuredmedia":[{"embeddable":true,"href":"https:\/\/soydeaqui.ddns.net\/pachuca\/index.php\/wp-json\/wp\/v2\/media\/88763"}],"wp:attachment":[{"href":"https:\/\/soydeaqui.ddns.net\/pachuca\/index.php\/wp-json\/wp\/v2\/media?parent=88764"}],"wp:term":[{"taxonomy":"product_brand","embeddable":true,"href":"https:\/\/soydeaqui.ddns.net\/pachuca\/index.php\/wp-json\/wp\/v2\/product_brand?post=88764"},{"taxonomy":"product_cat","embeddable":true,"href":"https:\/\/soydeaqui.ddns.net\/pachuca\/index.php\/wp-json\/wp\/v2\/product_cat?post=88764"},{"taxonomy":"product_tag","embeddable":true,"href":"https:\/\/soydeaqui.ddns.net\/pachuca\/index.php\/wp-json\/wp\/v2\/product_tag?post=88764"}],"curies":[{"name":"wp","href":"https:\/\/api.w.org\/{rel}","templated":true}]}}