{"id":88724,"date":"2026-03-20T02:23:19","date_gmt":"2026-03-20T02:23:19","guid":{"rendered":"https:\/\/soydeaqui.ddns.net\/pachuca\/index.php\/producto\/telefono-ip-wifi-para-hoteleria-profesional-con-6-teclas-programables-para-servicio-rapido-hotline-plantilla-personalizable-con-poe\/"},"modified":"2026-03-20T02:23:26","modified_gmt":"2026-03-20T02:23:26","slug":"telefono-ip-wifi-para-hoteleria-profesional-con-6-teclas-programables-para-servicio-rapido-hotline-plantilla-personalizable-con-poe","status":"publish","type":"product","link":"https:\/\/soydeaqui.ddns.net\/pachuca\/index.php\/producto\/telefono-ip-wifi-para-hoteleria-profesional-con-6-teclas-programables-para-servicio-rapido-hotline-plantilla-personalizable-con-poe\/","title":{"rendered":"Tel\u00e9fono IP WiFi para Hoteler\u00eda, profesional con 6 teclas programables para servicio r\u00e1pido (Hotline), plantilla personalizable con PoE"},"content":{"rendered":"<div style='width: 100%; max-width: 1200px; margin: 0 auto; font-family: sans-serif; line-height: 1.6; color: inherit; background-color: transparent;'> <!-- Secci\u00f3n de descripci\u00f3n --> <\/p>\n<div style='margin-bottom: 30px; font-size: 15px; color: inherit;'>\n<p>Tel\u00e9fono IP WiFi con audio HD&comma; Fanvil H3W puede brindarle una experiencia de comunicaci\u00f3n m\u00e1s fluida sin problemas de cableado. M\u00e1s que un tel\u00e9fono IP de hotel&comma; tambi\u00e9n es adecuado para supermercados&comma; hospitales&comma; centros comerciales&comma; etc.<\/p>\n<p style='text-align: center; margin: 20px 0;'> <img style='width: 100%; max-width: 600px; height: auto; border: 1px solid rgba(150&comma;150&comma;150&comma;0.3); border-radius: 8px;' src='https:\/\/fanvil.com\/Uploads\/detail\/2021-03-12\/604b20b49fb16.jpg' alt='Tel\u00e9fono IP Fanvil H3W'> <\/p>\n<\/p><\/div>\n<p> <!-- Secci\u00f3n de caracter\u00edsticas --> <\/p>\n<div style='display: flex; flex-wrap: wrap; gap: 30px; margin-bottom: 30px;'>\n<div style='flex: 1 1 300px; min-width: 280px;'>\n<h3 style='font-size: 22px; border-bottom: 2px solid currentColor; padding-bottom: 5px; margin-top: 0; color: inherit; opacity: 0.8;'>Caracter\u00edsticas principales<\/h3>\n<ul style='padding-left: 20px; font-size: 15px; color: inherit;'>\n<li style='margin-bottom: 5px;'><strong>2 cuentas SIP<\/strong><\/li>\n<li style='margin-bottom: 5px;'><strong>Admite c\u00f3dec de audio Opus:<\/strong> puede manejar una variedad de aplicaciones de audio.<\/li>\n<li style='margin-bottom: 5px;'><strong>Wi-Fi 2.4 Ghz integrado:<\/strong> IEEE 802.11 b\/g\/n<\/li>\n<li style='margin-bottom: 5px;'><strong>2 puertos de red&comma; PoE integrado:<\/strong> 802.3 af<\/li>\n<li style='margin-bottom: 5px;'>Llamada IP y Peer to Peer (punto a punto)<\/li>\n<li style='margin-bottom: 5px;'><strong>Compatible con plataformas:<\/strong> Grandstream UCM62XX&comma; UCM63XX&comma; Asterisk&comma; Broadsoft&comma; 3CX&comma; Metaswitch&comma; Elastix&comma; Avaya&comma; etc.<\/li>\n<\/ul><\/div>\n<div style='flex: 1 1 300px; min-width: 280px;'>\n<h3 style='font-size: 22px; border-bottom: 2px solid currentColor; padding-bottom: 5px; margin-top: 0; color: inherit; opacity: 0.8;'>Caracter\u00edsticas de red<\/h3>\n<ul style='padding-left: 20px; font-size: 15px; color: inherit;'>\n<li style='margin-bottom: 5px;'><strong>2 puertos Ethernet:<\/strong> 10\/100 Mbps modo puente para bypass a PC<\/li>\n<li style='margin-bottom: 5px;'><strong>Configuraci\u00f3n de IP:<\/strong> est\u00e1tico \/ DHCP \/ PPPoE<\/li>\n<li style='margin-bottom: 5px;'><strong>Control de acceso por red:<\/strong> 802.1x<\/li>\n<li style='margin-bottom: 5px;'><strong>VPN:<\/strong> L2TP (encriptacion b\u00e1sica) \/ OpenVPN<\/li>\n<li style='margin-bottom: 5px;'><strong>VLAN y DSCP<\/strong><\/li>\n<li style='margin-bottom: 5px;'><strong>QoS<\/strong><\/li>\n<\/ul><\/div>\n<div style='flex: 1 1 300px; min-width: 280px;'>\n<h3 style='font-size: 22px; border-bottom: 2px solid currentColor; padding-bottom: 5px; margin-top: 0; color: inherit; opacity: 0.8;'>Especificaciones f\u00edsicas y el\u00e9ctricas<\/h3>\n<ul style='padding-left: 20px; font-size: 15px; color: inherit;'>\n<li style='margin-bottom: 5px;'><strong>Energia:<\/strong> 5V\/2A o PoE (no incluye adaptador de corriente)<\/li>\n<li style='margin-bottom: 5px;'><strong>Puerto WAN:<\/strong> 10\/100 BASE-T RJ-45 para LAN<\/li>\n<li style='margin-bottom: 5px;'><strong>Puerto LAN:<\/strong> 10\/100 BASE-T RJ-45 para PC<\/li>\n<li style='margin-bottom: 5px;'><strong>Consumo PoE:<\/strong> 1.5W ~ 5.65W<\/li>\n<li style='margin-bottom: 5px;'><strong>Consumo adaptador de corriente:<\/strong> 2.13W ~ 7.46W<\/li>\n<li style='margin-bottom: 5px;'><strong>Temperatura de operaci\u00f3n:<\/strong> 0\u00b0C ~ 45\u00b0C<\/li>\n<li style='margin-bottom: 5px;'><strong>Humedad relativa:<\/strong> 10% ~ 95%<\/li>\n<li style='margin-bottom: 5px;'><strong>Dimensiones:<\/strong> 151.7&#215;193.2&#215;131.7 mm<\/li>\n<\/ul><\/div>\n<\/p><\/div>\n<p> <!-- Separador --> <\/p>\n<hr style='border: 0; border-top: 1px solid rgba(150&comma; 150&comma; 150&comma; 0.3); margin: 30px 0;'> <\/div>\n","protected":false},"excerpt":{"rendered":"<p>Tel\u00e9fono IP WiFi para Hoteler\u00eda, profesional con 6 teclas programables para servicio r\u00e1pido (Hotline), plantilla personalizable con PoE<\/p>\n","protected":false},"featured_media":88723,"comment_status":"open","ping_status":"closed","template":"","meta":[],"product_brand":[],"product_cat":[2043],"product_tag":[859,2044,2004],"class_list":{"0":"post-88724","1":"product","2":"type-product","3":"status-publish","4":"has-post-thumbnail","6":"product_cat-telefonos-ip-para-hoteles","7":"product_tag-fanvil","8":"product_tag-telefonos-ip-para-hoteles","9":"product_tag-voip-telefonia-ip-videoconferencia","11":"first","12":"instock","13":"sale","14":"shipping-taxable","15":"purchasable","16":"product-type-simple"},"_links":{"self":[{"href":"https:\/\/soydeaqui.ddns.net\/pachuca\/index.php\/wp-json\/wp\/v2\/product\/88724","targetHints":{"allow":["GET"]}}],"collection":[{"href":"https:\/\/soydeaqui.ddns.net\/pachuca\/index.php\/wp-json\/wp\/v2\/product"}],"about":[{"href":"https:\/\/soydeaqui.ddns.net\/pachuca\/index.php\/wp-json\/wp\/v2\/types\/product"}],"replies":[{"embeddable":true,"href":"https:\/\/soydeaqui.ddns.net\/pachuca\/index.php\/wp-json\/wp\/v2\/comments?post=88724"}],"wp:featuredmedia":[{"embeddable":true,"href":"https:\/\/soydeaqui.ddns.net\/pachuca\/index.php\/wp-json\/wp\/v2\/media\/88723"}],"wp:attachment":[{"href":"https:\/\/soydeaqui.ddns.net\/pachuca\/index.php\/wp-json\/wp\/v2\/media?parent=88724"}],"wp:term":[{"taxonomy":"product_brand","embeddable":true,"href":"https:\/\/soydeaqui.ddns.net\/pachuca\/index.php\/wp-json\/wp\/v2\/product_brand?post=88724"},{"taxonomy":"product_cat","embeddable":true,"href":"https:\/\/soydeaqui.ddns.net\/pachuca\/index.php\/wp-json\/wp\/v2\/product_cat?post=88724"},{"taxonomy":"product_tag","embeddable":true,"href":"https:\/\/soydeaqui.ddns.net\/pachuca\/index.php\/wp-json\/wp\/v2\/product_tag?post=88724"}],"curies":[{"name":"wp","href":"https:\/\/api.w.org\/{rel}","templated":true}]}}