{"id":88671,"date":"2026-03-20T02:20:47","date_gmt":"2026-03-20T02:20:47","guid":{"rendered":"https:\/\/soydeaqui.ddns.net\/pachuca\/index.php\/producto\/mimosa-introduccion-a-configuracion-de-equipos-mimosa-y-soluciones-efectiva-a-problemas-comunes\/"},"modified":"2026-03-20T02:20:49","modified_gmt":"2026-03-20T02:20:49","slug":"mimosa-introduccion-a-configuracion-de-equipos-mimosa-y-soluciones-efectiva-a-problemas-comunes","status":"publish","type":"product","link":"https:\/\/soydeaqui.ddns.net\/pachuca\/index.php\/producto\/mimosa-introduccion-a-configuracion-de-equipos-mimosa-y-soluciones-efectiva-a-problemas-comunes\/","title":{"rendered":"Mimosa: Introducci\u00f3n a configuraci\u00f3n de equipos mimosa y soluciones efectiva a problemas comunes"},"content":{"rendered":"<div style='width: 100%; max-width: 1200px; margin: 0 auto; font-family: sans-serif; line-height: 1.6; color: inherit; background-color: transparent;'> <!-- Secci\u00f3n de objetivos --> <\/p>\n<div style='margin-bottom: 30px;'>\n<h3 style='font-size: 22px; border-bottom: 2px solid currentColor; padding-bottom: 5px; margin-top: 0; color: inherit; opacity: 0.8;'>Objetivo<\/h3>\n<p style='font-size: 15px; color: inherit; margin-top: 15px; margin-bottom: 0;'> Al t\u00e9rmino del curso el participante aprender\u00e1 a configurar enlaces PTP y PTMP&comma; resolver\u00e1 los problemas m\u00e1s comunes de la marca tanto en configuraci\u00f3n como en la capa f\u00edsica y dar\u00e1 soluci\u00f3n de manera r\u00e1pida a los problemas del d\u00eda a d\u00eda&comma; conocer\u00e1 como implementar y elegir la mejor soluci\u00f3n para sus enlaces tanto en PTP como en PTM. <\/p>\n<\/p><\/div>\n<p> <!-- Secci\u00f3n de descripci\u00f3n --> <\/p>\n<div style='margin-bottom: 30px;'>\n<h3 style='font-size: 22px; border-bottom: 2px solid currentColor; padding-bottom: 5px; margin-top: 0; color: inherit; opacity: 0.8;'>Descripci\u00f3n<\/h3>\n<p style='font-size: 15px; color: inherit; margin-top: 15px; margin-bottom: 0;'> El curso express en l\u00ednea de Mimosa by Airspan resume cuidadosamente todos los conceptos y fundamentos para aprender la configuraci\u00f3n&comma; mejores pr\u00e1cticas&comma; conocer el equipamiento ideal para implementar enlaces PTP y PTMP y mantener redes WISP estable&comma; con el mejor rendimiento y capacidad. Capacite a su equipo de trabajo con este entrenamiento especialmente dise\u00f1ado para aprender remotamente de forma efectiva. <\/p>\n<\/p><\/div>\n<p> <!-- Secci\u00f3n de a qui\u00e9n va dirigido --> <\/p>\n<div style='margin-bottom: 30px;'>\n<h3 style='font-size: 22px; border-bottom: 2px solid currentColor; padding-bottom: 5px; margin-top: 0; color: inherit; opacity: 0.8;'>A qui\u00e9n est\u00e1 dirigido<\/h3>\n<p style='font-size: 15px; color: inherit; margin-top: 15px; margin-bottom: 0;'> T\u00e9cnicos instaladores&comma; empresas de telecomunicaciones e integradores de servicios de red. <\/p>\n<\/p><\/div>\n<p> <!-- Secci\u00f3n de temario --> <\/p>\n<div style='margin-bottom: 30px;'>\n<h3 style='font-size: 22px; border-bottom: 2px solid currentColor; padding-bottom: 5px; margin-top: 0; color: inherit; opacity: 0.8;'>Temario<\/h3>\n<ol style='padding-left: 20px; font-size: 15px; color: inherit; margin-top: 15px;'>\n<li style='margin-bottom: 10px; font-weight: bold;'> Crear cuenta en mimosa.co\n<ul style='margin-top: 5px; margin-bottom: 5px; padding-left: 25px; list-style-type: disc;'>\n<li style='margin-bottom: 5px;'>\u00bfC\u00f3mo crear una cuenta en mimosa?<\/li>\n<li style='margin-bottom: 5px;'>Resumen de mimosa Cloud<\/li>\n<li style='margin-bottom: 5px;'>Desbloqueo de equipos<\/li>\n<li style='margin-bottom: 5px;'>\u00bfC\u00f3mo abrir banda licenciada en los equipos mimosa?<\/li>\n<\/ul>\n<\/li>\n<li style='margin-bottom: 10px; font-weight: bold;'> Configuraci\u00f3n de una red mimosa PTP\n<ul style='margin-top: 5px; margin-bottom: 5px; padding-left: 25px; list-style-type: disc;'>\n<li style='margin-bottom: 5px;'>Configuraci\u00f3n de un equipo AP<\/li>\n<li style='margin-bottom: 5px;'>Par\u00e1metros indispensables dentro de la configuraci\u00f3n para una red PTP<\/li>\n<li style='margin-bottom: 5px;'>Configuraci\u00f3n de un equipo como estaci\u00f3n<\/li>\n<li style='margin-bottom: 5px;'>Par\u00e1metros indispensables dentro de la configuraci\u00f3n para una red PTP<\/li>\n<li style='margin-bottom: 5px;'>Resoluci\u00f3n de problemas m\u00e1s comunes en PTP<\/li>\n<\/ul>\n<\/li>\n<li style='margin-bottom: 10px; font-weight: bold;'> Configuraci\u00f3n de una red mimosa PTMP\n<ul style='margin-top: 5px; margin-bottom: 5px; padding-left: 25px; list-style-type: disc;'>\n<li style='margin-bottom: 5px;'>Configuraci\u00f3n de un equipo AP<\/li>\n<li style='margin-bottom: 5px;'>Par\u00e1metros indispensables dentro de la configuraci\u00f3n para una red PTMP<\/li>\n<li style='margin-bottom: 5px;'>Configuraci\u00f3n de un equipo como estaci\u00f3n en enlaces PTMP<\/li>\n<li style='margin-bottom: 5px;'>Resoluci\u00f3n de problemas m\u00e1s comunes en PTMP<\/li>\n<\/ul>\n<\/li>\n<\/ol><\/div>\n<p> <!-- Secci\u00f3n de requisitos --> <\/p>\n<div style='margin-bottom: 30px;'>\n<h3 style='font-size: 22px; border-bottom: 2px solid currentColor; padding-bottom: 5px; margin-top: 0; color: inherit; opacity: 0.8;'>Requisitos<\/h3>\n<ul style='padding-left: 20px; font-size: 15px; color: inherit; margin-top: 15px; list-style-type: disc;'>\n<li style='margin-bottom: 5px;'>Estar registrado como integrador SYSCOM.<\/li>\n<li style='margin-bottom: 5px;'>Obligatorio contar con computadora y con acceso estable a internet.<\/li>\n<li style='margin-bottom: 5px;'>Altamente recomendado usar aud\u00edfonos para una mejor experiencia.<\/li>\n<li style='margin-bottom: 5px;'>Altamente recomendado contar con equipo mimosa para realizar las configuraciones dentro del curso.<\/li>\n<li style='margin-bottom: 5px;'>Libreta y pluma a la mano para facilitar tomar apuntes.<\/li>\n<\/ul><\/div>\n<p> <!-- Separador final --> <\/p>\n<hr style='border: 0; border-top: 1px solid rgba(150&comma; 150&comma; 150&comma; 0.3); margin: 30px 0;'> <\/div>\n","protected":false},"excerpt":{"rendered":"<p>Mimosa: Introducci\u00f3n a configuraci\u00f3n de equipos mimosa y soluciones efectiva a problemas comunes<\/p>\n","protected":false},"featured_media":32,"comment_status":"open","ping_status":"closed","template":"","meta":[],"product_brand":[],"product_cat":[1998],"product_tag":[1999,1980,2046],"class_list":{"0":"post-88671","1":"product","2":"type-product","3":"status-publish","4":"has-post-thumbnail","6":"product_cat-5-y-6-ghz","7":"product_tag-5-y-6-ghz","8":"product_tag-enlaces-ptp-y-ptmp","9":"product_tag-mimosa-networks","11":"first","12":"outofstock","13":"sale","14":"shipping-taxable","15":"purchasable","16":"product-type-simple"},"_links":{"self":[{"href":"https:\/\/soydeaqui.ddns.net\/pachuca\/index.php\/wp-json\/wp\/v2\/product\/88671","targetHints":{"allow":["GET"]}}],"collection":[{"href":"https:\/\/soydeaqui.ddns.net\/pachuca\/index.php\/wp-json\/wp\/v2\/product"}],"about":[{"href":"https:\/\/soydeaqui.ddns.net\/pachuca\/index.php\/wp-json\/wp\/v2\/types\/product"}],"replies":[{"embeddable":true,"href":"https:\/\/soydeaqui.ddns.net\/pachuca\/index.php\/wp-json\/wp\/v2\/comments?post=88671"}],"wp:featuredmedia":[{"embeddable":true,"href":"https:\/\/soydeaqui.ddns.net\/pachuca\/index.php\/wp-json\/wp\/v2\/media\/32"}],"wp:attachment":[{"href":"https:\/\/soydeaqui.ddns.net\/pachuca\/index.php\/wp-json\/wp\/v2\/media?parent=88671"}],"wp:term":[{"taxonomy":"product_brand","embeddable":true,"href":"https:\/\/soydeaqui.ddns.net\/pachuca\/index.php\/wp-json\/wp\/v2\/product_brand?post=88671"},{"taxonomy":"product_cat","embeddable":true,"href":"https:\/\/soydeaqui.ddns.net\/pachuca\/index.php\/wp-json\/wp\/v2\/product_cat?post=88671"},{"taxonomy":"product_tag","embeddable":true,"href":"https:\/\/soydeaqui.ddns.net\/pachuca\/index.php\/wp-json\/wp\/v2\/product_tag?post=88671"}],"curies":[{"name":"wp","href":"https:\/\/api.w.org\/{rel}","templated":true}]}}