{"id":88575,"date":"2026-03-19T23:58:21","date_gmt":"2026-03-19T23:58:21","guid":{"rendered":"https:\/\/soydeaqui.ddns.net\/pachuca\/index.php\/producto\/kit-de-extensin-de-mdulo-optifiber-otdr-para-fibra-ptica-multimodo-50m-y-monomodo\/"},"modified":"2026-03-19T23:58:23","modified_gmt":"2026-03-19T23:58:23","slug":"kit-de-extensin-de-mdulo-optifiber-otdr-para-fibra-ptica-multimodo-50m-y-monomodo","status":"publish","type":"product","link":"https:\/\/soydeaqui.ddns.net\/pachuca\/index.php\/producto\/kit-de-extensin-de-mdulo-optifiber-otdr-para-fibra-ptica-multimodo-50m-y-monomodo\/","title":{"rendered":"Kit de Extensi?n de M?dulo OptiFiber OTDR, para Fibra ?ptica Multimodo 50?m y Monomodo"},"content":{"rendered":"<div style='width: 100%; max-width: 1200px; margin: 0 auto; font-family: sans-serif; line-height: 1.6; color: inherit; background-color: transparent;'> <!-- Descripci\u00f3n principal --> <\/p>\n<div style='margin-bottom: 30px; font-size: 15px; color: inherit;'>\n<p style='margin: 0 0 15px;'>Los OTDR de la serie OptiFiber Pro de Fluke Networks\u00ae hacen que los principiantes y expertos sean m\u00e1s r\u00e1pidos. La configuraci\u00f3n y el an\u00e1lisis automatizado de trazas admite m\u00faltiples aplicaciones que incluyen centros de datos&comma; PON y planta exterior. Entre las funciones avanzadas figuran el modo manual experto&comma; la posibilidad de pellizcar y ampliar para el an\u00e1lisis de trazas en profundidad y el m\u00e9todo SmartLoop para la comprobaci\u00f3n bidireccional. Admite los m\u00f3dulos de certificaci\u00f3n de cobre y de p\u00e9rdida en fibra del Versiv.<\/p>\n<h3 style='font-size: 18px; border-bottom: 2px solid currentColor; padding-bottom: 5px; margin-top: 25px; margin-bottom: 15px; color: inherit; opacity: 0.8;'>Contenido del kit<\/h3>\n<ul style='padding-left: 20px; margin: 0;'>\n<li style='margin-bottom: 8px;'>M\u00f3dulo OTDR Quad OptiFiber Pro<\/li>\n<li style='margin-bottom: 8px;'>2 x cableado de lanzamiento SC\/LC multimodo de 50 \u00b5m<\/li>\n<li style='margin-bottom: 8px;'>2 x cableado de lanzamiento SC\/LC monomodo de 9 \u00b5m<\/li>\n<li style='margin-bottom: 8px;'>2 x adaptadores LC intercambiables de puerto de fuente OTDR<\/li>\n<li style='margin-bottom: 8px;'>Adaptador Simplex SC\/SC<\/li>\n<li style='margin-bottom: 8px;'>Adaptador Simplex LC\/LC<\/li>\n<li style='margin-bottom: 8px;'>2 x correas colgantes e imanes de fibra de lanzamiento<\/li>\n<li style='margin-bottom: 8px;'>Malet\u00edn de transporte<\/li>\n<li style='margin-bottom: 8px;'>Declaraci\u00f3n de calibraci\u00f3n y gu\u00eda de inicio<\/li>\n<\/ul><\/div>\n<p> <!-- Tabla de especificaciones --> <\/p>\n<div style='display: flex; flex-wrap: wrap; gap: 20px; margin-bottom: 30px;'>\n<div style='flex: 1 1 250px; border: 1px solid rgba(150&comma; 150&comma; 150&comma; 0.4); border-radius: 8px; overflow: hidden; display: flex; flex-direction: column;'>\n<div style='padding: 15px; border-bottom: 1px solid rgba(150&comma; 150&comma; 150&comma; 0.2); font-weight: bold; font-size: 18px; color: inherit; background-color: #a7a9ac; color: #ffffff;'>OTDRs de la serie OptiFiber Pro<\/div>\n<div style='padding: 15px; color: inherit;'>\n<div style='overflow-x: auto;'>\n<table style='width: 100%; border-collapse: collapse; margin-bottom: 15px;'>\n<thead>\n<tr style='background-color: #dee0e3;'>\n<th style='padding: 10px; text-align: left; background-color: #a7a9ac; color: #ffffff; font-weight: bold;'> <\/th>\n<th style='padding: 10px; text-align: left; background-color: #a7a9ac; color: #ffffff; font-weight: bold;'>OptiFiber Pro<\/th>\n<th style='padding: 10px; text-align: left; background-color: #a7a9ac; color: #ffffff; font-weight: bold;'>OptiFiber Pro HDR<\/th>\n<\/tr>\n<\/thead>\n<tbody>\n<tr>\n<td style='padding: 10px; border-bottom: 1px solid rgba(150&comma;150&comma;150&comma;0.2);'>Modelos de la serie<\/td>\n<td style='padding: 10px; border-bottom: 1px solid rgba(150&comma;150&comma;150&comma;0.2);'>OFP2-100-M (850&comma; 1300 nm)<br \/>OFP2-100-S (1310&comma; 1550 nm)<br \/>OFP2-100-Q (850&comma; 1300&comma; 1310&comma; 1550 nm)<\/td>\n<td style='padding: 10px; border-bottom: 1px solid rgba(150&comma;150&comma;150&comma;0.2);'>OFP2-200-S (1310&comma; 1550 nm)<br \/>OFP2-200-S1490 (1310&comma; 1490&comma; 1550 nm)<br \/>OFP2-200-S1625 (1310&comma; 1550&comma; 1625 nm)<\/td>\n<\/tr>\n<tr style='background-color: #dee0e340;'>\n<td style='padding: 10px; border-bottom: 1px solid rgba(150&comma;150&comma;150&comma;0.2);'>Aplicaci\u00f3n<\/td>\n<td style='padding: 10px; border-bottom: 1px solid rgba(150&comma;150&comma;150&comma;0.2);'>Empresa&comma; Centro de datos&comma; Campus<\/td>\n<td style='padding: 10px; border-bottom: 1px solid rgba(150&comma;150&comma;150&comma;0.2);'>FTTx&comma; Planta exterior&comma; PON&comma; POLAN&comma; Acceso<\/td>\n<\/tr>\n<tr>\n<td style='padding: 10px; border-bottom: 1px solid rgba(150&comma;150&comma;150&comma;0.2);'>Longitudes de onda<\/td>\n<td style='padding: 10px; border-bottom: 1px solid rgba(150&comma;150&comma;150&comma;0.2);'>850 nm<br \/>1300 nm<br \/>1310 nm<br \/>1550 nm<\/td>\n<td style='padding: 10px; border-bottom: 1px solid rgba(150&comma;150&comma;150&comma;0.2);'>1310 nm<br \/>1490 nm<br \/>1550 nm<br \/>1625 nm<\/td>\n<\/tr>\n<tr style='background-color: #dee0e340;'>\n<td style='padding: 10px; border-bottom: 1px solid rgba(150&comma;150&comma;150&comma;0.2);'>Tipos de fibra compatibles<\/td>\n<td style='padding: 10px; border-bottom: 1px solid rgba(150&comma;150&comma;150&comma;0.2);'>50\/125 \u00b5m&comma; 62&comma;5 \u00b5m&comma; Monomodo<\/td>\n<td style='padding: 10px; border-bottom: 1px solid rgba(150&comma;150&comma;150&comma;0.2);'>Monomodo<\/td>\n<\/tr>\n<tr>\n<td style='padding: 10px; border-bottom: 1px solid rgba(150&comma;150&comma;150&comma;0.2);'>Conector del puerto del OTDR<\/td>\n<td style='padding: 10px; border-bottom: 1px solid rgba(150&comma;150&comma;150&comma;0.2);'>F\u00e9rula UPC que se puede limpiar&comma; con adaptador para SC extra\u00edble<\/td>\n<td style='padding: 10px; border-bottom: 1px solid rgba(150&comma;150&comma;150&comma;0.2);'>F\u00e9rula APC lavables con adaptador SC extra\u00edble<\/td>\n<\/tr>\n<tr style='background-color: #dee0e340;'>\n<td style='padding: 10px; border-bottom: 1px solid rgba(150&comma;150&comma;150&comma;0.2);'>Cables de comprobaci\u00f3n suministrados<\/td>\n<td style='padding: 10px; border-bottom: 1px solid rgba(150&comma;150&comma;150&comma;0.2);'>Fibras de lanzamiento para comprobaci\u00f3n de sistemas LC<\/td>\n<td style='padding: 10px; border-bottom: 1px solid rgba(150&comma;150&comma;150&comma;0.2);'>TRC de 2 m para comprobaci\u00f3n de sistemas SCAPC<\/td>\n<\/tr>\n<tr>\n<td style='padding: 10px; border-bottom: 1px solid rgba(150&comma;150&comma;150&comma;0.2);'>Tipos de OTDR<\/td>\n<td style='padding: 10px; border-bottom: 1px solid rgba(150&comma;150&comma;150&comma;0.2);'>Autom\u00e1tico&comma; Centro de datos&comma; Manual<\/td>\n<td style='padding: 10px; border-bottom: 1px solid rgba(150&comma;150&comma;150&comma;0.2);'>Autom\u00e1tico&comma; PON autom\u00e1tica&comma; Manual&comma; PON manual<\/td>\n<\/tr>\n<tr style='background-color: #dee0e340;'>\n<td style='padding: 10px; border-bottom: 1px solid rgba(150&comma;150&comma;150&comma;0.2);'>Zona muerta de evento<\/td>\n<td style='padding: 10px; border-bottom: 1px solid rgba(150&comma;150&comma;150&comma;0.2);'>850 nm: 0&comma;5 m (media)&comma;<br \/>1300 nm: 0&comma;7 m (media)&comma;<br \/>1310 nm: 0&comma;6 m (media)&comma;<br \/>1550 nm: 0&comma;6 m (media)<\/td>\n<td style='padding: 10px; border-bottom: 1px solid rgba(150&comma;150&comma;150&comma;0.2);'>1310 nm: 0&comma;7 m (media)&comma;<br \/>1490 nm: 0&comma;7 m (media)&comma;<br \/>1550 nm: 0&comma;7 m (media)&comma;<br \/>1625 nm: 0&comma;7 m (media)<\/td>\n<\/tr>\n<tr>\n<td style='padding: 10px; border-bottom: 1px solid rgba(150&comma;150&comma;150&comma;0.2);'>Zona muerta de atenuaci\u00f3n<\/td>\n<td style='padding: 10px; border-bottom: 1px solid rgba(150&comma;150&comma;150&comma;0.2);'>850 nm: 2&comma;5 m (media)&comma;<br \/>1300 nm: 4&comma;5 m (media)&comma;<br \/>1310 nm: 3&comma;6 m (media)&comma;<br \/>1550 nm: 3&comma;7 m (media)<\/td>\n<td style='padding: 10px; border-bottom: 1px solid rgba(150&comma;150&comma;150&comma;0.2);'>1310 nm: 4 m (media)&comma;<br \/>1490 nm: 4 m (media)&comma;<br \/>1550 nm: 4 m (media)&comma;<br \/>1625 nm: 4 m (media)<\/td>\n<\/tr>\n<tr style='background-color: #dee0e340;'>\n<td style='padding: 10px; border-bottom: 1px solid rgba(150&comma;150&comma;150&comma;0.2);'>Zona muerta de PON<\/td>\n<td style='padding: 10px; border-bottom: 1px solid rgba(150&comma;150&comma;150&comma;0.2);'>N\/D<\/td>\n<td style='padding: 10px; border-bottom: 1px solid rgba(150&comma;150&comma;150&comma;0.2);'>30 m (media)<\/td>\n<\/tr>\n<tr>\n<td style='padding: 10px; border-bottom: 1px solid rgba(150&comma;150&comma;150&comma;0.2);'>Rango din\u00e1mico<\/td>\n<td style='padding: 10px; border-bottom: 1px solid rgba(150&comma;150&comma;150&comma;0.2);'>850 nm: 28 dB (media)<br \/>1300 nm: 30 dB (media)<br \/>1310 nm: 32 dB (media)<br \/>1550 nm: 30 dB (media)<\/td>\n<td style='padding: 10px; border-bottom: 1px solid rgba(150&comma;150&comma;150&comma;0.2);'>1310 nm: 42 dB (media)<br \/>1490 nm: 41 dB (media)<br \/>1550 nm: 41 dB (media)<br \/>1625 nm: 40 dB (media)<\/td>\n<\/tr>\n<tr style='background-color: #dee0e340;'>\n<td style='padding: 10px; border-bottom: 1px solid rgba(150&comma;150&comma;150&comma;0.2);'>Intervalo de reflectancia<\/td>\n<td style='padding: 10px; border-bottom: 1px solid rgba(150&comma;150&comma;150&comma;0.2);'>850 nm: De -14 dB a -57 dB (t\u00edpico)&comma;<br \/>1300 nm: De -14 dB a -62 dB (t\u00edpico)&comma;<br \/>1310 nm: De -14 dB a -65 dB (t\u00edpico)&comma;<br \/>1550 nm: -14 dB a -65 dB (media)<\/td>\n<td style='padding: 10px; border-bottom: 1px solid rgba(150&comma;150&comma;150&comma;0.2);'>1310 nm: De -14 a -70 dB (t\u00edpico)&comma;<br \/>1490 nm: De -14 dB a -70 dB (t\u00edpico)&comma;<br \/>1550 nm: De -14 dB a -70 dB (t\u00edpico)&comma;<br \/>1625 nm: -14 dB a -70 dB (media)<\/td>\n<\/tr>\n<tr>\n<td style='padding: 10px; border-bottom: 1px solid rgba(150&comma;150&comma;150&comma;0.2);'>Resoluci\u00f3n de muestreo<\/td>\n<td style='padding: 10px; border-bottom: 1px solid rgba(150&comma;150&comma;150&comma;0.2);'>3 cm a 400 cm<\/td>\n<td style='padding: 10px; border-bottom: 1px solid rgba(150&comma;150&comma;150&comma;0.2);'>De 3 cm a 2 m<\/td>\n<\/tr>\n<tr style='background-color: #dee0e340;'>\n<td style='padding: 10px; border-bottom: 1px solid rgba(150&comma;150&comma;150&comma;0.2);'>Puntos de muestreo<\/td>\n<td style='padding: 10px; border-bottom: 1px solid rgba(150&comma;150&comma;150&comma;0.2);'>Hasta 64.000<\/td>\n<td style='padding: 10px; border-bottom: 1px solid rgba(150&comma;150&comma;150&comma;0.2);'>Hasta 129.000<\/td>\n<\/tr>\n<tr>\n<td style='padding: 10px; border-bottom: 1px solid rgba(150&comma;150&comma;150&comma;0.2);'>Modo manual experto<\/td>\n<td style='padding: 10px; border-bottom: 1px solid rgba(150&comma;150&comma;150&comma;0.2);'>S\u00ed<\/td>\n<td style='padding: 10px; border-bottom: 1px solid rgba(150&comma;150&comma;150&comma;0.2);'>S\u00ed<\/td>\n<\/tr>\n<tr style='background-color: #dee0e340;'>\n<td style='padding: 10px; border-bottom: 1px solid rgba(150&comma;150&comma;150&comma;0.2);'>SmartLoop con promedios bidireccionales integrados<\/td>\n<td style='padding: 10px; border-bottom: 1px solid rgba(150&comma;150&comma;150&comma;0.2);'>S\u00ed<\/td>\n<td style='padding: 10px; border-bottom: 1px solid rgba(150&comma;150&comma;150&comma;0.2);'>S\u00ed<\/td>\n<\/tr>\n<tr>\n<td style='padding: 10px; border-bottom: 1px solid rgba(150&comma;150&comma;150&comma;0.2);'>Integrada de macrocurvaturas<\/td>\n<td style='padding: 10px; border-bottom: 1px solid rgba(150&comma;150&comma;150&comma;0.2);'>S\u00ed<\/td>\n<td style='padding: 10px; border-bottom: 1px solid rgba(150&comma;150&comma;150&comma;0.2);'>S\u00ed<\/td>\n<\/tr>\n<tr style='background-color: #dee0e340;'>\n<td style='padding: 10px; border-bottom: 1px solid rgba(150&comma;150&comma;150&comma;0.2);'>Permite definir tramos<\/td>\n<td style='padding: 10px; border-bottom: 1px solid rgba(150&comma;150&comma;150&comma;0.2);' colspan='2'>Disponible a principios de 2019<\/td>\n<\/tr>\n<tr>\n<td style='padding: 10px; border-bottom: 1px solid rgba(150&comma;150&comma;150&comma;0.2);'>Modificaci\u00f3n y adici\u00f3n de eventos<\/td>\n<td style='padding: 10px; border-bottom: 1px solid rgba(150&comma;150&comma;150&comma;0.2);' colspan='2'>Disponible a principios de 2019<\/td>\n<\/tr>\n<tr style='background-color: #dee0e340;'>\n<td style='padding: 10px; border-bottom: 1px solid rgba(150&comma;150&comma;150&comma;0.2);'>T\u00edpico<\/td>\n<td style='padding: 10px; border-bottom: 1px solid rgba(150&comma;150&comma;150&comma;0.2);'>S\u00ed<\/td>\n<td style='padding: 10px; border-bottom: 1px solid rgba(150&comma;150&comma;150&comma;0.2);'>S\u00ed<\/td>\n<\/tr>\n<\/tbody>\n<\/table><\/div>\n<\/p><\/div>\n<\/p><\/div>\n<\/p><\/div>\n<\/p><\/div>\n","protected":false},"excerpt":{"rendered":"<p>Kit de Extensi?n de M?dulo OptiFiber OTDR, para Fibra ?ptica Multimodo 50?m y Monomodo<\/p>\n","protected":false},"featured_media":88574,"comment_status":"open","ping_status":"closed","template":"","meta":[],"product_brand":[],"product_cat":[636],"product_tag":[611,730,25],"class_list":{"0":"post-88575","1":"product","2":"type-product","3":"status-publish","4":"has-post-thumbnail","6":"product_cat-herramientas-fibra-optica","7":"product_tag-fibra-optica","8":"product_tag-fluke-networks","9":"product_tag-herramientas","11":"first","12":"outofstock","13":"sale","14":"shipping-taxable","15":"purchasable","16":"product-type-simple"},"_links":{"self":[{"href":"https:\/\/soydeaqui.ddns.net\/pachuca\/index.php\/wp-json\/wp\/v2\/product\/88575","targetHints":{"allow":["GET"]}}],"collection":[{"href":"https:\/\/soydeaqui.ddns.net\/pachuca\/index.php\/wp-json\/wp\/v2\/product"}],"about":[{"href":"https:\/\/soydeaqui.ddns.net\/pachuca\/index.php\/wp-json\/wp\/v2\/types\/product"}],"replies":[{"embeddable":true,"href":"https:\/\/soydeaqui.ddns.net\/pachuca\/index.php\/wp-json\/wp\/v2\/comments?post=88575"}],"wp:featuredmedia":[{"embeddable":true,"href":"https:\/\/soydeaqui.ddns.net\/pachuca\/index.php\/wp-json\/wp\/v2\/media\/88574"}],"wp:attachment":[{"href":"https:\/\/soydeaqui.ddns.net\/pachuca\/index.php\/wp-json\/wp\/v2\/media?parent=88575"}],"wp:term":[{"taxonomy":"product_brand","embeddable":true,"href":"https:\/\/soydeaqui.ddns.net\/pachuca\/index.php\/wp-json\/wp\/v2\/product_brand?post=88575"},{"taxonomy":"product_cat","embeddable":true,"href":"https:\/\/soydeaqui.ddns.net\/pachuca\/index.php\/wp-json\/wp\/v2\/product_cat?post=88575"},{"taxonomy":"product_tag","embeddable":true,"href":"https:\/\/soydeaqui.ddns.net\/pachuca\/index.php\/wp-json\/wp\/v2\/product_tag?post=88575"}],"curies":[{"name":"wp","href":"https:\/\/api.w.org\/{rel}","templated":true}]}}