{"id":88465,"date":"2026-03-19T23:53:12","date_gmt":"2026-03-19T23:53:12","guid":{"rendered":"https:\/\/soydeaqui.ddns.net\/pachuca\/index.php\/producto\/fuente-de-poder-de-alto-rendimiento-48vcc-1600w-de-potencia\/"},"modified":"2026-03-19T23:53:14","modified_gmt":"2026-03-19T23:53:14","slug":"fuente-de-poder-de-alto-rendimiento-48vcc-1600w-de-potencia","status":"publish","type":"product","link":"https:\/\/soydeaqui.ddns.net\/pachuca\/index.php\/producto\/fuente-de-poder-de-alto-rendimiento-48vcc-1600w-de-potencia\/","title":{"rendered":"Fuente de  Poder de Alto Rendimiento 48Vcc \/ 1600W de Potencia"},"content":{"rendered":"<div style='width: 100%; max-width: 1200px; margin: 0 auto; font-family: sans-serif; line-height: 1.6; color: inherit;'>\n<div style='display: flex; flex-direction: column; align-items: center; margin-bottom: 30px;'> <img style='width: 100%; max-width: 450px; height: auto; border: 1px solid rgba(150&comma;150&comma;150&comma;0.3); border-radius: 8px;' src='https:\/\/ftp3.syscom.mx\/usuarios\/sapodaca\/ICT\/LOGO%20ICT.png' alt='Logo ICT'> <\/div>\n<div style='display: flex; flex-wrap: wrap; gap: 30px; margin-bottom: 30px;'>\n<div style='flex: 1 1 300px; min-width: 280px;'>\n<h3 style='font-size: 22px; border-bottom: 2px solid currentColor; padding-bottom: 5px; margin-top: 0; color: inherit; opacity: 0.8;'>Descripci\u00f3n<\/h3>\n<p style='font-size: 15px; color: inherit; margin-bottom: 15px;'>Las fuentes de alimentaci\u00f3n CC Serie Platinum de ICT ofrecen un nuevo nivel de rendimiento&comma; funcionalidad y gesti\u00f3n remota para aplicaciones de estaciones base inal\u00e1mbricas. La serie Platinum de 1RU suministra 800 o 1600 vatios de potencia y est\u00e1 disponible con 12&comma; 24 o 48 Vcc de salida. Ofrece una soluci\u00f3n de alimentaci\u00f3n CC ideal para profesionales de comunicaciones inal\u00e1mbricas que demandan sistemas de alimentaci\u00f3n CC compactos y muy eficientes para equipos LMR&comma; banda ancha y comunicaciones de red.<\/p>\n<p style='font-size: 15px; color: inherit; margin-bottom: 15px;'>Platinum Series est\u00e1 dise\u00f1ada&comma; fabricada y respaldada en Norteam\u00e9rica para ofrecer la soluci\u00f3n de alimentaci\u00f3n CC m\u00e1s fiable&comma; flexible e innovadora disponible actualmente para comunicaciones inal\u00e1mbricas&comma; banda ancha y otras aplicaciones de alimentaci\u00f3n CC exigentes.<\/p>\n<\/p><\/div>\n<\/p><\/div>\n<div style='display: flex; flex-wrap: wrap; gap: 30px; margin-bottom: 30px;'>\n<div style='flex: 1 1 300px; min-width: 280px;'>\n<h3 style='font-size: 22px; border-bottom: 2px solid currentColor; padding-bottom: 5px; margin-top: 0; color: inherit; opacity: 0.8;'>Aplicaciones<\/h3>\n<ul style='padding-left: 20px; font-size: 15px; color: inherit;'>\n<li style='margin-bottom: 5px;'>Redes de Comunicaciones Inal\u00e1mbricas Bidireccionales<\/li>\n<li style='margin-bottom: 5px;'>Sistemas de Repetici\u00f3n<\/li>\n<li style='margin-bottom: 5px;'>Alimentaci\u00f3n de CC Industrial<\/li>\n<li style='margin-bottom: 5px;'>Sistemas de Radios Troncales<\/li>\n<li style='margin-bottom: 5px;'>Seguridad y Vigilancia<\/li>\n<\/ul><\/div>\n<div style='flex: 1 1 300px; min-width: 280px;'>\n<h3 style='font-size: 22px; border-bottom: 2px solid currentColor; padding-bottom: 5px; margin-top: 0; color: inherit; opacity: 0.8;'>Caracter\u00edsticas Principales<\/h3>\n<ul style='padding-left: 20px; font-size: 15px; color: inherit;'>\n<li style='margin-bottom: 5px;'>Dise\u00f1o Compacto 1 Unidad Rack<\/li>\n<li style='margin-bottom: 5px;'>Funci\u00f3n de gesti\u00f3n de bater\u00eda<\/li>\n<li style='margin-bottom: 5px;'>Ventiladores con control de temperatura<\/li>\n<li style='margin-bottom: 5px;'>F\u00e1cil Instalaci\u00f3n&comma; configuraci\u00f3n y operaci\u00f3n<\/li>\n<li style='margin-bottom: 5px;'>Pantalla OLED de alta resoluci\u00f3n<\/li>\n<\/ul><\/div>\n<div style='flex: 1 1 300px; min-width: 280px;'>\n<h3 style='font-size: 22px; border-bottom: 2px solid currentColor; padding-bottom: 5px; margin-top: 0; color: inherit; opacity: 0.8;'>Caracter\u00edsticas T\u00e9cnicas<\/h3>\n<ul style='padding-left: 20px; font-size: 15px; color: inherit;'>\n<li style='margin-bottom: 5px;'><strong>Corriente Continua a 48V:<\/strong> 30A<\/li>\n<li style='margin-bottom: 5px;'>Eficiencia (T\u00edpica) 48V: 93%<\/li>\n<li style='margin-bottom: 5px;'><strong>Voltage de Salida:<\/strong> 48 Vcc<\/li>\n<li style='margin-bottom: 5px;'><strong>Potencia de Salida:<\/strong> 1600W<\/li>\n<li style='margin-bottom: 5px;'>Rango de Voltage de Entrada: 90 &#8211; 300 Vca<\/li>\n<li style='margin-bottom: 5px;'>Rango de Frecuencia: 50\/60 Hz<\/li>\n<li style='margin-bottom: 5px;'>Factor de Potencia (T\u00edpico): 0.99<\/li>\n<li style='margin-bottom: 5px;'>Temperatura de Operaci\u00f3n: -30 \u00baC a +60 \u00baC<\/li>\n<\/ul><\/div>\n<div style='flex: 1 1 300px; min-width: 280px;'>\n<h3 style='font-size: 22px; border-bottom: 2px solid currentColor; padding-bottom: 5px; margin-top: 0; color: inherit; opacity: 0.8;'>Caracter\u00edsticas F\u00edsicas<\/h3>\n<ul style='padding-left: 20px; font-size: 15px; color: inherit;'>\n<li style='margin-bottom: 5px;'>Peso: 6.8 Kg<\/li>\n<li style='margin-bottom: 5px;'>Dimensiones: 419 x 483 x 44 mm<\/li>\n<\/ul><\/div>\n<\/p><\/div>\n<\/p><\/div>\n","protected":false},"excerpt":{"rendered":"<p>Fuente de  Poder de Alto Rendimiento 48Vcc \/ 1600W de Potencia<\/p>\n","protected":false},"featured_media":88464,"comment_status":"open","ping_status":"closed","template":"","meta":[],"product_brand":[],"product_cat":[1984],"product_tag":[1340,1985,664],"class_list":{"0":"post-88465","1":"product","2":"type-product","3":"status-publish","4":"has-post-thumbnail","6":"product_cat-industrial","7":"product_tag-ict","8":"product_tag-industrial","9":"product_tag-networking","11":"first","12":"outofstock","13":"sale","14":"shipping-taxable","15":"purchasable","16":"product-type-simple"},"_links":{"self":[{"href":"https:\/\/soydeaqui.ddns.net\/pachuca\/index.php\/wp-json\/wp\/v2\/product\/88465","targetHints":{"allow":["GET"]}}],"collection":[{"href":"https:\/\/soydeaqui.ddns.net\/pachuca\/index.php\/wp-json\/wp\/v2\/product"}],"about":[{"href":"https:\/\/soydeaqui.ddns.net\/pachuca\/index.php\/wp-json\/wp\/v2\/types\/product"}],"replies":[{"embeddable":true,"href":"https:\/\/soydeaqui.ddns.net\/pachuca\/index.php\/wp-json\/wp\/v2\/comments?post=88465"}],"wp:featuredmedia":[{"embeddable":true,"href":"https:\/\/soydeaqui.ddns.net\/pachuca\/index.php\/wp-json\/wp\/v2\/media\/88464"}],"wp:attachment":[{"href":"https:\/\/soydeaqui.ddns.net\/pachuca\/index.php\/wp-json\/wp\/v2\/media?parent=88465"}],"wp:term":[{"taxonomy":"product_brand","embeddable":true,"href":"https:\/\/soydeaqui.ddns.net\/pachuca\/index.php\/wp-json\/wp\/v2\/product_brand?post=88465"},{"taxonomy":"product_cat","embeddable":true,"href":"https:\/\/soydeaqui.ddns.net\/pachuca\/index.php\/wp-json\/wp\/v2\/product_cat?post=88465"},{"taxonomy":"product_tag","embeddable":true,"href":"https:\/\/soydeaqui.ddns.net\/pachuca\/index.php\/wp-json\/wp\/v2\/product_tag?post=88465"}],"curies":[{"name":"wp","href":"https:\/\/api.w.org\/{rel}","templated":true}]}}