{"id":88393,"date":"2026-03-19T23:49:35","date_gmt":"2026-03-19T23:49:35","guid":{"rendered":"https:\/\/soydeaqui.ddns.net\/pachuca\/index.php\/producto\/microfono-inalambrico-bluetooth-para-gvc3220-8-microfonos-omnidireccionales-para-hasta-5-metros\/"},"modified":"2026-03-19T23:49:52","modified_gmt":"2026-03-19T23:49:52","slug":"microfono-inalambrico-bluetooth-para-gvc3220-8-microfonos-omnidireccionales-para-hasta-5-metros","status":"publish","type":"product","link":"https:\/\/soydeaqui.ddns.net\/pachuca\/index.php\/producto\/microfono-inalambrico-bluetooth-para-gvc3220-8-microfonos-omnidireccionales-para-hasta-5-metros\/","title":{"rendered":"Microfono inalambrico Bluetooth para GVC3220, 8 micr\u00f3fonos omnidireccionales para hasta 5 metros"},"content":{"rendered":"<div style='width: 100%; max-width: 1200px; margin: 0 auto; font-family: sans-serif; line-height: 1.6; color: inherit; background-color: transparent;'>\n<div style='display: flex; flex-wrap: wrap; gap: 30px; margin-bottom: 30px;'>\n<div style='flex: 1 1 300px; min-width: 280px;'>\n<h3 style='font-size: 22px; border-bottom: 2px solid currentColor; padding-bottom: 5px; margin-top: 0; color: inherit; opacity: 0.8;'>Acerca de la GMD1208<\/h3>\n<p style='font-size: 15px; color: inherit; text-align: justify;'>El GMD1208 es un dispositivo complementario de micr\u00f3fono de extensi\u00f3n para GVC3220 de Grandstream para aumentar la cobertura de audio general distancia. Con emparejamiento de ultrasonido&comma; tiempo de conversaci\u00f3n prolongado&comma; 2.4G \/ BT patentado modo dual y transmisi\u00f3n resistente a errores&comma; el GMD1208 trae movilidad y flexibilidad para una conferencia f\u00e1cil y potente soluci\u00f3n Gracias a la tecnolog\u00eda din\u00e1mica de formaci\u00f3n. Los 8 micr\u00f3fonos omnidireccionales pueden elegir de manera eficiente hasta 24 direcciones de haz&comma; que cubren voz de calidad de banda completa de 360 grados recogida en un radio de 5 metros para la mejor experiencia de usuario. La tecla t\u00e1ctil multifuncional de este dispositivo puede activar varios funciona con diferentes operaciones e incluye un indicador LED para notificaciones de estado.<\/p>\n<\/p><\/div>\n<div style='flex: 1 1 300px; min-width: 280px;'>\n<h3 style='font-size: 22px; border-bottom: 2px solid currentColor; padding-bottom: 5px; margin-top: 0; color: inherit; opacity: 0.8;'>Caracter\u00edsticas Competitivas<\/h3>\n<ul style='padding-left: 20px; font-size: 15px; color: inherit;'>\n<li style='margin-bottom: 5px;'>Bot\u00f3n de silencio t\u00e1ctil capacitivo con LED<\/li>\n<li style='margin-bottom: 5px;'>Bater\u00eda de iones de litio incorporada de 1500 mAh<\/li>\n<li style='margin-bottom: 5px;'>Puerto Micro-B para carga&comma; micr\u00f3fono BYOD y actualizaci\u00f3n<\/li>\n<li style='margin-bottom: 5px;'>Indicador de baja potencia<\/li>\n<li style='margin-bottom: 5px;'>Protocolos Bluetooth v2.1 + EDR<\/li>\n<li style='margin-bottom: 5px;'>Tecnolog\u00eda inal\u00e1mbrica patentada de 2&comma;4 GHz para emparejar con<\/li>\n<li style='margin-bottom: 5px;'>GVC3220 con tecnolog\u00eda de emparejamiento por ultrasonidos<\/li>\n<li style='margin-bottom: 5px;'>Codificaci\u00f3n de audio de alta calidad con tolerancia a errores<\/li>\n<li style='margin-bottom: 5px;'>8 MEMS omnidireccionales incorporados con rango de captaci\u00f3n de 5 metros<\/li>\n<\/ul>\n<h3 style='font-size: 22px; border-bottom: 2px solid currentColor; padding-bottom: 5px; margin-top: 25px; color: inherit; opacity: 0.8;'>Posicionamiento<\/h3>\n<p style='font-size: 15px; color: inherit;'>El GMD1208 fue dise\u00f1ado para emparejarse con el GVC3220 y desplegado en grandes espacios que incluyen grandes salas de conferencias&comma; centros de formaci\u00f3n&comma; aulas y m\u00e1s. Proporciona una variedad de Funciones de captaci\u00f3n de audio de alta gama para garantizar una cobertura total de la habitaci\u00f3n.<\/p>\n<\/p><\/div>\n<\/p><\/div>\n<div style='display: flex; flex-wrap: wrap; gap: 20px; margin-bottom: 30px;'>\n<div style='flex: 1 1 250px; border: 1px solid rgba(150&comma; 150&comma; 150&comma; 0.4); border-radius: 8px; overflow: hidden; display: flex; flex-direction: column;'>\n<div style='padding: 15px; border-bottom: 1px solid rgba(150&comma; 150&comma; 150&comma; 0.2); font-weight: bold; font-size: 18px; color: inherit;'>Especificaciones t\u00e9cnicas<\/div>\n<div style='padding: 15px; color: inherit;'>\n<ul style='padding-left: 20px; margin: 0; font-size: 14px; list-style-type: disc;'>\n<li style='margin-bottom: 5px;'><strong>MIC:<\/strong> 8 MEMS omnidireccionales<\/li>\n<li style='margin-bottom: 5px;'><strong>Distancia m\u00e1xima de conexi\u00f3n:<\/strong> Rango de captaci\u00f3n de hasta 5 metros<\/li>\n<li style='margin-bottom: 5px;'><strong>Funciones de audio:<\/strong> ANS&comma; AGC \/ DRC&comma; Anti-Howling&comma; Noise shield<\/li>\n<li style='margin-bottom: 5px;'><strong>Codecs de audio:<\/strong> Opus<\/li>\n<li style='margin-bottom: 5px;'><strong>Bluetooth:<\/strong> 2.1 +EDR<\/li>\n<li style='margin-bottom: 5px;'><strong>Capacidad en cascada:<\/strong> Emparejar hasta 2 con GVC3220<\/li>\n<\/ul><\/div>\n<\/p><\/div>\n<\/p><\/div>\n<hr style='border: 0; border-top: 1px solid rgba(150&comma; 150&comma; 150&comma; 0.3); margin: 30px 0;'>\n<div style='width: 100%; margin: 30px 0;'> <img style='width: 100%; height: auto; border: 1px solid rgba(150&comma;150&comma;150&comma;0.3); border-radius: 8px;' src='https:\/\/ftp3.syscom.mx\/usuarios\/fotos\/GMD1208\/196203-captura_de_pantalla_2021-05-05_a_la(s)_12.00.16.png' alt=''> <\/div>\n<div style='width: 100%; margin: 30px 0;'> <img style='width: 100%; height: auto; border: 1px solid rgba(150&comma;150&comma;150&comma;0.3); border-radius: 8px;' src='https:\/\/ftp3.syscom.mx\/usuarios\/fotos\/GMD1208\/196203-captura_de_pantalla_2021-05-05_a_la(s)_12.01.09.png' alt=''> <\/div>\n<\/p><\/div>\n","protected":false},"excerpt":{"rendered":"<p>Microfono inalambrico Bluetooth para GVC3220, 8 micr\u00f3fonos omnidireccionales para hasta 5 metros<\/p>\n","protected":false},"featured_media":88392,"comment_status":"open","ping_status":"closed","template":"","meta":[],"product_brand":[],"product_cat":[2040],"product_tag":[93,909,2004],"class_list":{"0":"post-88393","1":"product","2":"type-product","3":"status-publish","4":"has-post-thumbnail","6":"product_cat-accesorios-voip-telefonia-ip-videoconferencia","7":"product_tag-accesorios","8":"product_tag-grandstream","9":"product_tag-voip-telefonia-ip-videoconferencia","11":"first","12":"outofstock","13":"sale","14":"shipping-taxable","15":"purchasable","16":"product-type-simple"},"_links":{"self":[{"href":"https:\/\/soydeaqui.ddns.net\/pachuca\/index.php\/wp-json\/wp\/v2\/product\/88393","targetHints":{"allow":["GET"]}}],"collection":[{"href":"https:\/\/soydeaqui.ddns.net\/pachuca\/index.php\/wp-json\/wp\/v2\/product"}],"about":[{"href":"https:\/\/soydeaqui.ddns.net\/pachuca\/index.php\/wp-json\/wp\/v2\/types\/product"}],"replies":[{"embeddable":true,"href":"https:\/\/soydeaqui.ddns.net\/pachuca\/index.php\/wp-json\/wp\/v2\/comments?post=88393"}],"wp:featuredmedia":[{"embeddable":true,"href":"https:\/\/soydeaqui.ddns.net\/pachuca\/index.php\/wp-json\/wp\/v2\/media\/88392"}],"wp:attachment":[{"href":"https:\/\/soydeaqui.ddns.net\/pachuca\/index.php\/wp-json\/wp\/v2\/media?parent=88393"}],"wp:term":[{"taxonomy":"product_brand","embeddable":true,"href":"https:\/\/soydeaqui.ddns.net\/pachuca\/index.php\/wp-json\/wp\/v2\/product_brand?post=88393"},{"taxonomy":"product_cat","embeddable":true,"href":"https:\/\/soydeaqui.ddns.net\/pachuca\/index.php\/wp-json\/wp\/v2\/product_cat?post=88393"},{"taxonomy":"product_tag","embeddable":true,"href":"https:\/\/soydeaqui.ddns.net\/pachuca\/index.php\/wp-json\/wp\/v2\/product_tag?post=88393"}],"curies":[{"name":"wp","href":"https:\/\/api.w.org\/{rel}","templated":true}]}}