{"id":88378,"date":"2026-03-19T23:48:51","date_gmt":"2026-03-19T23:48:51","guid":{"rendered":"https:\/\/soydeaqui.ddns.net\/pachuca\/index.php\/producto\/switch-gigabit-no-administrable-de-8-puertos-100-mbps-1-gbps-2-5-gbps-ideal-para-wifi-6\/"},"modified":"2026-03-19T23:48:59","modified_gmt":"2026-03-19T23:48:59","slug":"switch-gigabit-no-administrable-de-8-puertos-100-mbps-1-gbps-2-5-gbps-ideal-para-wifi-6","status":"publish","type":"product","link":"https:\/\/soydeaqui.ddns.net\/pachuca\/index.php\/producto\/switch-gigabit-no-administrable-de-8-puertos-100-mbps-1-gbps-2-5-gbps-ideal-para-wifi-6\/","title":{"rendered":"Switch Gigabit no administrable de 8 puertos 100 Mbps\/ 1 Gbps\/ 2.5 Gbps ideal para WiFi 6"},"content":{"rendered":"<div style='width: 100%; max-width: 1200px; margin: 0 auto; font-family: sans-serif; line-height: 1.6; color: inherit; background-color: transparent;'>\n<div style='display: flex; flex-wrap: wrap; gap: 30px; margin-bottom: 30px;'>\n<div style='flex: 1 1 300px; min-width: 280px;'>\n<h3 style='font-size: 22px; border-bottom: 2px solid currentColor; padding-bottom: 5px; margin-top: 0; color: inherit; opacity: 0.8;'>Rendimiento m\u00e1s alto de dispositivos y ancho de banda 2.5 Gbps<\/h3>\n<p style='font-size: 15px; color: inherit; margin-bottom: 15px;'>Como productos insignia de 2.5G&comma; los conmutadores de escritorio de 5\/8 puertos con puertos de 5\/8 \u00d7 2.5 Gigabit desbloquean el rendimiento m\u00e1s alto de sus dispositivos y ancho de banda Multi-Gig&comma; y brindan hasta 25\/40 Gbps de capacidad de conmutaci\u00f3n. Las conexiones de negociaci\u00f3n autom\u00e1tica de 3 velocidades (100Mb \/ 1G \/ 2.5G) detectan las velocidades del enlace y se ajustan de manera inteligente para la compatibilidad y el rendimiento \u00f3ptimo de todos sus dispositivos&comma; incluido el NAS de 2.5G&comma; el adaptador PCIe de 2.5G&comma; la consola de juegos&comma; los juegos de realidad virtual&comma; 2.5G WiFi 6 AP&comma; video 4K&comma; escritorio y m\u00e1s.<\/p>\n<h3 style='font-size: 22px; border-bottom: 2px solid currentColor; padding-bottom: 5px; margin-top: 25px; margin-bottom: 15px; color: inherit; opacity: 0.8;'>Caracter\u00edsticas<\/h3>\n<ul style='padding-left: 20px; font-size: 15px; color: inherit; margin-bottom: 15px;'>\n<li style='margin-bottom: 5px;'><strong>Ocho puertos de 2&comma;5 Gbps<\/strong> &#8211; Los puertos de 8 \u00d7 2.5 Gigabit desbloquean el mayor rendimiento de su ancho de banda y dispositivos Multi-Gig&comma; y brindan hasta 40 Gbps de capacidad de conmutaci\u00f3n.<\/li>\n<li style='margin-bottom: 5px;'><strong>Conexiones superr\u00e1pidas<\/strong> &#8211; Proporciona conexiones s\u00faper r\u00e1pidas a 2.5G NAS&comma; 2.5G Server&comma; computadora de juegos&comma; 2.5G WiFi 6 AP&comma; video 4K y m\u00e1s.<\/li>\n<li style='margin-bottom: 5px;'><strong>Ideal para varios escenarios<\/strong> &#8211; Dise\u00f1ado para fiestas LAN&comma; entretenimiento en el hogar&comma; oficinas peque\u00f1as y en el hogar y transferencia instant\u00e1nea para estaciones de trabajo.<\/li>\n<li style='margin-bottom: 5px;'><strong>Cableado sin complicaciones<\/strong> &#8211; Actualice instant\u00e1neamente a 2.5 Gbps sin la necesidad de actualizar a cableado Cat6&comma; lo que reduce los costes de cableado y las molestias.<\/li>\n<li style='margin-bottom: 5px;'><strong>Operaci\u00f3n silenciosa<\/strong> &#8211; El dise\u00f1o sin ventilador l\u00edder en la industria garantiza un funcionamiento silencioso&comma; ideal para cualquier hogar o negocio.<\/li>\n<li style='margin-bottom: 5px;'><strong>Plug and Play<\/strong> &#8211; Permite una implementaci\u00f3n sencilla sin la necesidad de un t\u00e9cnico.<\/li>\n<li style='margin-bottom: 5px;'><strong>Carcasa de metal<\/strong> &#8211; La carcasa de metal duradera y el dise\u00f1o de montaje en escritorio \/ pared son adecuados para diferentes entornos.<\/li>\n<\/ul><\/div>\n<div style='flex: 1 1 300px; min-width: 280px;'>\n<div style='border: 1px solid rgba(150&comma; 150&comma; 150&comma; 0.4); border-radius: 8px; overflow: hidden; margin-bottom: 20px;'>\n<div style='padding: 15px; border-bottom: 1px solid rgba(150&comma; 150&comma; 150&comma; 0.2); font-weight: bold; font-size: 18px; color: inherit;'>Puertos<\/div>\n<div style='padding: 15px; color: inherit;'>\n<ul style='padding-left: 20px; margin: 0; font-size: 14px; list-style-type: disc;'>\n<li style='margin-bottom: 5px;'>8 Puertos 100\/ 1 Gbps\/ 2.5 Gbps<\/li>\n<li style='margin-bottom: 5px;'>Throughput: 29.8 Mpps<\/li>\n<li style='margin-bottom: 5px;'>Capacidad de switcheo: 40 Gbps<\/li>\n<\/ul><\/div>\n<\/p><\/div>\n<div style='border: 1px solid rgba(150&comma; 150&comma; 150&comma; 0.4); border-radius: 8px; overflow: hidden; margin-bottom: 20px;'>\n<div style='padding: 15px; border-bottom: 1px solid rgba(150&comma; 150&comma; 150&comma; 0.2); font-weight: bold; font-size: 18px; color: inherit;'>Incluye<\/div>\n<div style='padding: 15px; color: inherit;'>\n<ul style='padding-left: 20px; margin: 0; font-size: 14px; list-style-type: disc;'>\n<li style='margin-bottom: 5px;'>Conmutador de 8 puertos 2.5 G<\/li>\n<li style='margin-bottom: 5px;'>Cable de alimentaci\u00f3n<\/li>\n<li style='margin-bottom: 5px;'>Gu\u00eda de instalaci\u00f3n<\/li>\n<li style='margin-bottom: 5px;'>Patas de goma<\/li>\n<\/ul><\/div>\n<\/p><\/div>\n<div style='border: 1px solid rgba(150&comma; 150&comma; 150&comma; 0.4); border-radius: 8px; overflow: hidden;'>\n<div style='padding: 15px; border-bottom: 1px solid rgba(150&comma; 150&comma; 150&comma; 0.2); font-weight: bold; font-size: 18px; color: inherit;'>Caracter\u00edsticas F\u00edsicas y El\u00e9ctricas<\/div>\n<div style='padding: 15px; color: inherit;'>\n<ul style='padding-left: 20px; margin: 0; font-size: 14px; list-style-type: disc;'>\n<li style='margin-bottom: 5px;'>Temperatura de Funcionamiento: 0\u00b0C~40\u00b0C (32\u00b0F~104\u00b0F)<\/li>\n<li style='margin-bottom: 5px;'>Temperatura de Almacenamiento: -40\u00b0C~70\u00b0C (-40\u00b0F~158\u00b0F)<\/li>\n<li style='margin-bottom: 5px;'>Humedad de Funcionamiento: 10%~90% sin condensaci\u00f3n<\/li>\n<li style='margin-bottom: 5px;'>Humedad de Almacenamiento: 5%~90% sin condensaci\u00f3n<\/li>\n<li style='margin-bottom: 5px;'>Fuente de Alimentaci\u00f3n: 9VDC\/0.6A&comma; 50\/60Hz<\/li>\n<li style='margin-bottom: 5px;'>Consumo de Energ\u00eda: M\u00e1ximo: 15.65W (220V\/50Hz)<\/li>\n<li style='margin-bottom: 5px;'>Dimensiones (W X D X H): 8.9 * 5.2 * 1.4 pulgadas (226*131*35 mm)<\/li>\n<\/ul><\/div>\n<\/p><\/div>\n<\/p><\/div>\n<\/p><\/div>\n<hr style='border: 0; border-top: 1px solid rgba(150&comma; 150&comma; 150&comma; 0.3); margin: 30px 0;'> <\/div>\n","protected":false},"excerpt":{"rendered":"<p>Switch Gigabit no administrable de 8 puertos 100 Mbps\/ 1 Gbps\/ 2.5 Gbps ideal para WiFi 6<\/p>\n","protected":false},"featured_media":88377,"comment_status":"open","ping_status":"closed","template":"","meta":[],"product_brand":[],"product_cat":[1970],"product_tag":[664,1971,71],"class_list":{"0":"post-88378","1":"product","2":"type-product","3":"status-publish","4":"has-post-thumbnail","6":"product_cat-switches","7":"product_tag-networking","8":"product_tag-switches","9":"product_tag-tp-link","11":"first","12":"outofstock","13":"sale","14":"shipping-taxable","15":"purchasable","16":"product-type-simple"},"_links":{"self":[{"href":"https:\/\/soydeaqui.ddns.net\/pachuca\/index.php\/wp-json\/wp\/v2\/product\/88378","targetHints":{"allow":["GET"]}}],"collection":[{"href":"https:\/\/soydeaqui.ddns.net\/pachuca\/index.php\/wp-json\/wp\/v2\/product"}],"about":[{"href":"https:\/\/soydeaqui.ddns.net\/pachuca\/index.php\/wp-json\/wp\/v2\/types\/product"}],"replies":[{"embeddable":true,"href":"https:\/\/soydeaqui.ddns.net\/pachuca\/index.php\/wp-json\/wp\/v2\/comments?post=88378"}],"wp:featuredmedia":[{"embeddable":true,"href":"https:\/\/soydeaqui.ddns.net\/pachuca\/index.php\/wp-json\/wp\/v2\/media\/88377"}],"wp:attachment":[{"href":"https:\/\/soydeaqui.ddns.net\/pachuca\/index.php\/wp-json\/wp\/v2\/media?parent=88378"}],"wp:term":[{"taxonomy":"product_brand","embeddable":true,"href":"https:\/\/soydeaqui.ddns.net\/pachuca\/index.php\/wp-json\/wp\/v2\/product_brand?post=88378"},{"taxonomy":"product_cat","embeddable":true,"href":"https:\/\/soydeaqui.ddns.net\/pachuca\/index.php\/wp-json\/wp\/v2\/product_cat?post=88378"},{"taxonomy":"product_tag","embeddable":true,"href":"https:\/\/soydeaqui.ddns.net\/pachuca\/index.php\/wp-json\/wp\/v2\/product_tag?post=88378"}],"curies":[{"name":"wp","href":"https:\/\/api.w.org\/{rel}","templated":true}]}}