{"id":88288,"date":"2026-03-19T23:44:50","date_gmt":"2026-03-19T23:44:50","guid":{"rendered":"https:\/\/soydeaqui.ddns.net\/pachuca\/index.php\/producto\/antena-parabolica-de-frecuencia-extendida-4-8-6-5-ghz-28-dbi-conectores-sma-macho-inverso-2\/"},"modified":"2026-03-19T23:44:52","modified_gmt":"2026-03-19T23:44:52","slug":"antena-parabolica-de-frecuencia-extendida-4-8-6-5-ghz-28-dbi-conectores-sma-macho-inverso-2","status":"publish","type":"product","link":"https:\/\/soydeaqui.ddns.net\/pachuca\/index.php\/producto\/antena-parabolica-de-frecuencia-extendida-4-8-6-5-ghz-28-dbi-conectores-sma-macho-inverso-2\/","title":{"rendered":"Antena Parab\u00f3lica de Frecuencia Extendida, 4.8 &#8211; 6.5 GHz, 28 dBi, Conectores SMA-Macho Inverso"},"content":{"rendered":"<div style='width: 100%; max-width: 1200px; margin: 0 auto; font-family: sans-serif; line-height: 1.6; color: inherit; background-color: transparent;'>\n<div style='display: flex; flex-wrap: wrap; gap: 30px; margin-bottom: 30px;'>\n<div style='flex: 1 1 300px; min-width: 280px;'>\n<h3 style='font-size: 22px; border-bottom: 2px solid currentColor; padding-bottom: 5px; margin-top: 0; color: inherit; opacity: 0.8;'>Caracter\u00edsticas<\/h3>\n<ul style='padding-left: 20px; font-size: 15px; color: inherit;'>\n<li style='margin-bottom: 5px;'>Las antenas de TxPRO son ideales para ambientes de bajo nivel de ruido como en \u00e1reas rurales o remotas donde se cuenta con alta disponibilidad del espectro de radiofrecuencia.<\/li>\n<li style='margin-bottom: 5px;'>Estas antenas parab\u00f3licas ultra ligeras manejan un rango de frecuencia extendido que va desde 4.8 hasta 6.5 GHz&comma; para brindar una amplia diversidad de aplicaciones como la transmisi\u00f3n de Internet en el mercado WISP&comma; transmisi\u00f3n de v\u00eddeo y datos.<\/li>\n<li style='margin-bottom: 5px;'>Gracias a su peso ligero la instalaci\u00f3n es muy sencilla&comma; r\u00e1pida y reduce el peso en la torre.<\/li>\n<li style='margin-bottom: 5px;'>Cuentan con cables coaxiales de RF integrados para su conexi\u00f3n directa en puntos de acceso PTP dependiendo del tipo de conector a utilizar.<\/li>\n<li style='margin-bottom: 5px; color: #ff9900;'><strong>\u00a1Se conecta directamente en el radio C5c de Mimosa Networks!<\/strong><\/li>\n<\/ul><\/div>\n<\/p><\/div>\n<div style='display: flex; flex-wrap: wrap; gap: 20px; margin-bottom: 30px;'>\n<div style='flex: 1 1 250px; border: 1px solid rgba(150&comma; 150&comma; 150&comma; 0.4); border-radius: 8px; overflow: hidden; display: flex; flex-direction: column;'>\n<div style='padding: 15px; border-bottom: 1px solid rgba(150&comma; 150&comma; 150&comma; 0.2); font-weight: bold; font-size: 18px; color: inherit;'>Especificaciones T\u00e9cnicas<\/div>\n<div style='padding: 15px; color: inherit;'>\n<ul style='padding-left: 20px; margin: 0; font-size: 14px; list-style-type: disc;'>\n<li style='margin-bottom: 5px;'><strong>Distancia promedio:<\/strong> 15 km<\/li>\n<li style='margin-bottom: 5px;'><strong>Rango de frecuencia:<\/strong> 4.8 &#8211; 5.1 GHz \/ 5.1 \u2013 6.5 GHz<\/li>\n<li style='margin-bottom: 5px;'><strong>Ganancia:<\/strong> 26 \u00b1 1 dBi \/ 28 \u00b1 1 dBi<\/li>\n<li style='margin-bottom: 5px;'><strong>Polarizaci\u00f3n:<\/strong> V\/H o \u00b1 45\u00b0<\/li>\n<li style='margin-bottom: 5px;'><strong>Apertura de haz vertical:<\/strong> 7\u00b0<\/li>\n<li style='margin-bottom: 5px;'><strong>Apertura de haz horizontal:<\/strong> 7\u00b0<\/li>\n<li style='margin-bottom: 5px;'><strong>Relaci\u00f3n de ganancia desde adelante hacia atr\u00e1s:<\/strong> > 28 dB<\/li>\n<li style='margin-bottom: 5px;'><strong>Aislamiento:<\/strong> > 20 dB<\/li>\n<li style='margin-bottom: 5px;'><strong>VSWR:<\/strong> \u2264 1.5:1; m\u00e1x. 2.0<\/li>\n<li style='margin-bottom: 5px;'><strong>M\u00e1xima potencia por puerto:<\/strong> 50 W<\/li>\n<li style='margin-bottom: 5px;'><strong>Impedancia:<\/strong> 50 \u03a9<\/li>\n<li style='margin-bottom: 5px;'><strong>Dimensiones:<\/strong> \u03c6 0.6m<\/li>\n<li style='margin-bottom: 5px;'><strong>Peso:<\/strong> 2.5 kg<\/li>\n<li style='margin-bottom: 5px;'><strong>Color:<\/strong> Blanco<\/li>\n<li style='margin-bottom: 5px;'><strong>Montaje:<\/strong> Poste (Di\u00e1metros 30 &#8211; 70 mm)<\/li>\n<li style='margin-bottom: 5px;'><strong>Conectores:<\/strong> Incluye dos cables RF en conectores SMA Macho Inverso<\/li>\n<li style='margin-bottom: 5px;'><strong>Rango de temperatura:<\/strong> -55 a 70\u00b0C<\/li>\n<li style='margin-bottom: 5px;'><strong>Humedad:<\/strong> < 95 %<\/li>\n<li style='margin-bottom: 5px;'><strong>Supervivencia al viento:<\/strong> 200 km\/h<\/li>\n<li style='margin-bottom: 5px;'><strong>Dimensiones de env\u00edo:<\/strong> 70 Altura x 72 Ancho x 20 Profundidad cm<\/li>\n<li style='margin-bottom: 5px;'><strong>Garant\u00eda:<\/strong> 1 a\u00f1o<\/li>\n<\/ul><\/div>\n<\/p><\/div>\n<\/p><\/div>\n<hr style='border: 0; border-top: 1px solid rgba(150&comma; 150&comma; 150&comma; 0.3); margin: 30px 0;'> <\/div>\n","protected":false},"excerpt":{"rendered":"<p>Antena Parab\u00f3lica de Frecuencia Extendida, 4.8 &#8211; 6.5 GHz, 28 dBi, Conectores SMA-Macho Inverso<\/p>\n","protected":false},"featured_media":32,"comment_status":"open","ping_status":"closed","template":"","meta":[],"product_brand":[],"product_cat":[1918],"product_tag":[1404,1919,560],"class_list":{"0":"post-88288","1":"product","2":"type-product","3":"status-publish","4":"has-post-thumbnail","6":"product_cat-direccionales","7":"product_tag-antenas","8":"product_tag-direccionales","9":"product_tag-txpro","11":"first","12":"outofstock","13":"sale","14":"shipping-taxable","15":"purchasable","16":"product-type-simple"},"_links":{"self":[{"href":"https:\/\/soydeaqui.ddns.net\/pachuca\/index.php\/wp-json\/wp\/v2\/product\/88288","targetHints":{"allow":["GET"]}}],"collection":[{"href":"https:\/\/soydeaqui.ddns.net\/pachuca\/index.php\/wp-json\/wp\/v2\/product"}],"about":[{"href":"https:\/\/soydeaqui.ddns.net\/pachuca\/index.php\/wp-json\/wp\/v2\/types\/product"}],"replies":[{"embeddable":true,"href":"https:\/\/soydeaqui.ddns.net\/pachuca\/index.php\/wp-json\/wp\/v2\/comments?post=88288"}],"wp:featuredmedia":[{"embeddable":true,"href":"https:\/\/soydeaqui.ddns.net\/pachuca\/index.php\/wp-json\/wp\/v2\/media\/32"}],"wp:attachment":[{"href":"https:\/\/soydeaqui.ddns.net\/pachuca\/index.php\/wp-json\/wp\/v2\/media?parent=88288"}],"wp:term":[{"taxonomy":"product_brand","embeddable":true,"href":"https:\/\/soydeaqui.ddns.net\/pachuca\/index.php\/wp-json\/wp\/v2\/product_brand?post=88288"},{"taxonomy":"product_cat","embeddable":true,"href":"https:\/\/soydeaqui.ddns.net\/pachuca\/index.php\/wp-json\/wp\/v2\/product_cat?post=88288"},{"taxonomy":"product_tag","embeddable":true,"href":"https:\/\/soydeaqui.ddns.net\/pachuca\/index.php\/wp-json\/wp\/v2\/product_tag?post=88288"}],"curies":[{"name":"wp","href":"https:\/\/api.w.org\/{rel}","templated":true}]}}