{"id":88243,"date":"2026-03-19T23:42:47","date_gmt":"2026-03-19T23:42:47","guid":{"rendered":"https:\/\/soydeaqui.ddns.net\/pachuca\/index.php\/producto\/radio-backhaul-ptp-antena-integrada-de-8-dbi-mimo-4x4-4-9-6-4-ghz-ip67-velocidad-hasta-1-5-gbps-adaptacion-automatica-al-entorno-monitoreo-a-traves-de-la-nube\/"},"modified":"2026-03-19T23:42:56","modified_gmt":"2026-03-19T23:42:56","slug":"radio-backhaul-ptp-antena-integrada-de-8-dbi-mimo-4x4-4-9-6-4-ghz-ip67-velocidad-hasta-1-5-gbps-adaptacion-automatica-al-entorno-monitoreo-a-traves-de-la-nube","status":"publish","type":"product","link":"https:\/\/soydeaqui.ddns.net\/pachuca\/index.php\/producto\/radio-backhaul-ptp-antena-integrada-de-8-dbi-mimo-4x4-4-9-6-4-ghz-ip67-velocidad-hasta-1-5-gbps-adaptacion-automatica-al-entorno-monitoreo-a-traves-de-la-nube\/","title":{"rendered":"Radio Backhaul PTP, Antena integrada de 8 dBi, MIMO 4X4, 4.9 &#8211; 6.4 GHz, IP67, Velocidad hasta 1.5 Gbps, Adaptaci\u00f3n autom\u00e1tica al entorno, Monitoreo a trav\u00e9s de la nube"},"content":{"rendered":"<div style=\"width: 100%; max-width: 1200px; margin: 0 auto; font-family: sans-serif; line-height: 1.6; color: inherit; background-color: transparent;\"><!-- Secci\u00f3n de contenido con flex\/grid --> <\/p>\n<div style=\"display: flex; flex-wrap: wrap; gap: 30px; margin-bottom: 30px;\">\n<div style=\"flex: 1 1 300px; min-width: 280px;\"><img decoding=\"async\" style=\"width: 100%; height: auto; border: 1px solid rgba(150&comma;150&comma;150&comma;0.3); border-radius: 8px;\" src=\"https:\/\/ftp3.syscom.mx\/usuarios\/fotos\/B6X\/226110-mimosa_articulos.jpg\" alt=\"\" \/> <\/p>\n<p style=\"text-align: center; font-size: 24px; font-weight: bold; margin-top: 20px; color: inherit;\">B5X<\/p>\n<p style=\"font-size: 16px; margin-top: 15px; color: inherit;\">El Mimosa B5x es una de las soluciones de backhaul sin licencia m&aacute;s r&aacute;pidas de la industria. Es ideal para enlaces de retransmisi&oacute;n y torre de corto a medio alcance&comma; colocaci&oacute;n personalizada y espectro de 4.9 GHz con licencia. Es modular y permite conectar antenas de giro compatibles con N5-X (bocina de 12 dBi&comma; bocina de 16 dBi&comma; antena parab&oacute;lica de 20 dBi y antena parab&oacute;lica de 25 dBi; no incluidas).<\/p>\n<\/p><\/div>\n<\/p><\/div>\n<p> <!-- Secci\u00f3n de cards con especificaciones --> <\/p>\n<div style=\"display: flex; flex-wrap: wrap; gap: 20px; margin-bottom: 30px;\">\n<div style=\"flex: 1 1 250px; border: 1px solid rgba(150&comma; 150&comma; 150&comma; 0.4); border-radius: 8px; overflow: hidden; display: flex; flex-direction: column;\">\n<div style=\"padding: 15px; border-bottom: 1px solid rgba(150&comma; 150&comma; 150&comma; 0.2); font-weight: bold; font-size: 18px; color: inherit;\">Caracter&iacute;sticas RF<\/div>\n<div style=\"padding: 15px; color: inherit;\">\n<ul style=\"padding-left: 20px; margin: 0; font-size: 14px; list-style-type: disc;\">\n<li style=\"margin-bottom: 5px;\"><strong>Ancho de canal:<\/strong> Canales simples o duales de 20\/40\/80 MHz<\/li>\n<li style=\"margin-bottom: 5px;\"><strong>Rango de Frecuencia:<\/strong> 4.90&ndash;6.40 GHz<\/li>\n<li style=\"margin-bottom: 5px;\"><strong>Potencia de transmisi&oacute;n:<\/strong> 27 dBm<\/li>\n<li style=\"margin-bottom: 5px;\"><strong>Modo de operaci&oacute;n:<\/strong> Solo funciona como PTP de otro B5X<\/li>\n<\/ul><\/div>\n<\/p><\/div>\n<div style=\"flex: 1 1 250px; border: 1px solid rgba(150&comma; 150&comma; 150&comma; 0.4); border-radius: 8px; overflow: hidden; display: flex; flex-direction: column;\">\n<div style=\"padding: 15px; border-bottom: 1px solid rgba(150&comma; 150&comma; 150&comma; 0.2); font-weight: bold; font-size: 18px; color: inherit;\">Caracter&iacute;sticas F&iacute;sicas y El&eacute;ctricas<\/div>\n<div style=\"padding: 15px; color: inherit;\">\n<ul style=\"padding-left: 20px; margin: 0; font-size: 14px; list-style-type: disc;\">\n<li style=\"margin-bottom: 5px;\"><strong>Consumo m&aacute;ximo de energ&iacute;a:<\/strong> 20 Watts<\/li>\n<li style=\"margin-bottom: 5px;\"><strong>Dimensiones:<\/strong> 241 mm x 139 mm x 76 mm<\/li>\n<li style=\"margin-bottom: 5px;\"><strong>Peso:<\/strong> 1.4 kg<\/li>\n<li style=\"margin-bottom: 5px;\"><strong>Temperatura en Operaci&oacute;n:<\/strong> -40&deg; C hasta 55 &deg;C (-40&deg; F hasta 131&deg; F)<\/li>\n<li style=\"margin-bottom: 5px;\"><strong>Grado de protecci&oacute;n:<\/strong> IP67<\/li>\n<li style=\"margin-bottom: 5px;\"><strong>Puerto Ethernet:<\/strong> 1 Puerto 10\/100\/1000<\/li>\n<\/ul><\/div>\n<\/p><\/div>\n<div style=\"flex: 1 1 250px; border: 1px solid rgba(150&comma; 150&comma; 150&comma; 0.4); border-radius: 8px; overflow: hidden; display: flex; flex-direction: column;\">\n<div style=\"padding: 15px; border-bottom: 1px solid rgba(150&comma; 150&comma; 150&comma; 0.2); font-weight: bold; font-size: 18px; color: inherit;\">Accesorios Sugeridos (Venta por separado)<\/div>\n<div style=\"padding: 15px; color: inherit;\">\n<ul style=\"padding-left: 20px; margin: 0; font-size: 14px; list-style-type: disc;\">\n<li style=\"margin-bottom: 5px;\"><a style=\"color: inherit; text-decoration: underline;\" href=\"https:\/\/www.syscom.mx\/producto\/POE50V-MIMOSA-NETWORKS-200706.html\" target=\"_blank\" rel=\"noopener\">Inyector PoE modelo POE50V<\/a><\/li>\n<li style=\"margin-bottom: 5px;\"><a style=\"color: inherit; text-decoration: underline;\" href=\"https:\/\/www.syscom.mx\/producto\/PCC53-MIMOSA-NETWORKS-188533.html\" target=\"_blank\" rel=\"noopener\">Cable de corriente: PCC553<\/a><\/li>\n<\/ul><\/div>\n<\/p><\/div>\n<div style=\"flex: 1 1 250px; border: 1px solid rgba(150&comma; 150&comma; 150&comma; 0.4); border-radius: 8px; overflow: hidden; display: flex; flex-direction: column;\">\n<div style=\"padding: 15px; border-bottom: 1px solid rgba(150&comma; 150&comma; 150&comma; 0.2); font-weight: bold; font-size: 18px; color: inherit;\">Gesti&oacute;n y Soporte Avanzados<\/div>\n<div style=\"padding: 15px; color: inherit;\">\n<ul style=\"padding-left: 20px; margin: 0; font-size: 14px; list-style-type: disc;\">\n<li style=\"margin-bottom: 5px;\">Interfaz Local<\/li>\n<\/ul><\/div>\n<\/p><\/div>\n<div style=\"flex: 1 1 250px; border: 1px solid rgba(150&comma; 150&comma; 150&comma; 0.4); border-radius: 8px; overflow: hidden; display: flex; flex-direction: column;\">\n<div style=\"padding: 15px; border-bottom: 1px solid rgba(150&comma; 150&comma; 150&comma; 0.2); font-weight: bold; font-size: 18px; color: inherit;\">Fiabilidad y Garant&iacute;a<\/div>\n<div style=\"padding: 15px; color: inherit;\">\n<ul style=\"padding-left: 20px; margin: 0; font-size: 14px; list-style-type: disc;\">\n<li style=\"margin-bottom: 5px;\">Incluye 3 a&ntilde;os de Garant&iacute;a<\/li>\n<li style=\"margin-bottom: 5px;\">Certificaciones RoHS<\/li>\n<\/ul><\/div>\n<\/p><\/div>\n<\/p><\/div>\n<p> <!-- Bot\u00f3n de dise\u00f1o Mimosa --> <\/p>\n<div style=\"text-align: center; margin: 30px 0;\"><a style=\"box-sizing: border-box; text-decoration: none; display: inline-block; font-size: 16px; font-weight: 400; font-family: sans-serif; color: inherit; padding: 0.5rem 1.5rem; border: 1px solid rgba(242&comma; 93&comma; 27&comma; 0.8); border-radius: 4px; background-color: rgba(242&comma; 93&comma; 27&comma; 0.1); transition: all 0.15s ease-in-out;\" href=\"https:\/\/mimosa.co\/design-tool\" target=\"_blank\" rel=\"noopener\">Herramienta de dise&ntilde;o Mimosa<\/a><\/div>\n<p> <!-- Separador --><\/p>\n<hr style=\"border: 0; border-top: 1px solid rgba(150&comma; 150&comma; 150&comma; 0.3); margin: 30px 0;\" \/><\/div>\n","protected":false},"excerpt":{"rendered":"<p>Radio Backhaul PTP, Antena integrada de 8 dBi, MIMO 4X4, 4.9 &#8211; 6.4 GHz, IP67, Velocidad hasta 1.5 Gbps, Adaptaci\u00f3n autom\u00e1tica al entorno, Monitoreo a trav\u00e9s de la nube<\/p>\n","protected":false},"featured_media":88242,"comment_status":"open","ping_status":"closed","template":"","meta":[],"product_brand":[],"product_cat":[1998],"product_tag":[1999,1980,2046],"class_list":{"0":"post-88243","1":"product","2":"type-product","3":"status-publish","4":"has-post-thumbnail","6":"product_cat-5-y-6-ghz","7":"product_tag-5-y-6-ghz","8":"product_tag-enlaces-ptp-y-ptmp","9":"product_tag-mimosa-networks","11":"first","12":"outofstock","13":"sale","14":"shipping-taxable","15":"purchasable","16":"product-type-simple"},"_links":{"self":[{"href":"https:\/\/soydeaqui.ddns.net\/pachuca\/index.php\/wp-json\/wp\/v2\/product\/88243","targetHints":{"allow":["GET"]}}],"collection":[{"href":"https:\/\/soydeaqui.ddns.net\/pachuca\/index.php\/wp-json\/wp\/v2\/product"}],"about":[{"href":"https:\/\/soydeaqui.ddns.net\/pachuca\/index.php\/wp-json\/wp\/v2\/types\/product"}],"replies":[{"embeddable":true,"href":"https:\/\/soydeaqui.ddns.net\/pachuca\/index.php\/wp-json\/wp\/v2\/comments?post=88243"}],"wp:featuredmedia":[{"embeddable":true,"href":"https:\/\/soydeaqui.ddns.net\/pachuca\/index.php\/wp-json\/wp\/v2\/media\/88242"}],"wp:attachment":[{"href":"https:\/\/soydeaqui.ddns.net\/pachuca\/index.php\/wp-json\/wp\/v2\/media?parent=88243"}],"wp:term":[{"taxonomy":"product_brand","embeddable":true,"href":"https:\/\/soydeaqui.ddns.net\/pachuca\/index.php\/wp-json\/wp\/v2\/product_brand?post=88243"},{"taxonomy":"product_cat","embeddable":true,"href":"https:\/\/soydeaqui.ddns.net\/pachuca\/index.php\/wp-json\/wp\/v2\/product_cat?post=88243"},{"taxonomy":"product_tag","embeddable":true,"href":"https:\/\/soydeaqui.ddns.net\/pachuca\/index.php\/wp-json\/wp\/v2\/product_tag?post=88243"}],"curies":[{"name":"wp","href":"https:\/\/api.w.org\/{rel}","templated":true}]}}