{"id":88188,"date":"2026-03-19T23:40:18","date_gmt":"2026-03-19T23:40:18","guid":{"rendered":"https:\/\/soydeaqui.ddns.net\/pachuca\/index.php\/producto\/ccr2004-16g-2s-cloud-core-router-16-puertos-gigabit\/"},"modified":"2026-03-19T23:40:24","modified_gmt":"2026-03-19T23:40:24","slug":"ccr2004-16g-2s-cloud-core-router-16-puertos-gigabit","status":"publish","type":"product","link":"https:\/\/soydeaqui.ddns.net\/pachuca\/index.php\/producto\/ccr2004-16g-2s-cloud-core-router-16-puertos-gigabit\/","title":{"rendered":"(CCR2004-16G-2S+) Cloud Core Router 16 puertos Gigabit"},"content":{"rendered":"<div style='width: 100%; max-width: 1200px; margin: 0 auto; font-family: sans-serif; line-height: 1.6; color: inherit;'> <!-- Descripci\u00f3n principal --> <\/p>\n<div style='margin-bottom: 30px;'>\n<p style='font-size: 15px; margin: 0 0 15px; color: inherit;'>Al igual que los otros modelos de la serie CCR2004&comma; este CCR tambi\u00e9n cuenta con la CPU Annapurna Labs Alpine v2 con 4 n\u00facleos ARMv8-A Cortex-A57 de 64 bits que funcionan a 1&comma;7 GHz. Pero aqu\u00ed est\u00e1 la diferencia. Este potente enrutador supera a todos los modelos CCR anteriores en rendimiento de un solo n\u00facleo&comma; y ese es el aspecto m\u00e1s importante cuando se trata de operaciones pesadas basadas en el procesamiento por conexi\u00f3n. Como las colas&comma; por ejemplo. \u00a1Pero eso no es todo! Tambi\u00e9n tiene el mejor rendimiento de un solo n\u00facleo por vatio y el mejor rendimiento general por vatio entre todos los dispositivos CCR. Mejor para el planeta&comma; mejor para las facturas&comma; \u00a1es un beneficio para todos!<\/p>\n<p style='font-size: 15px; margin: 0 0 15px; color: inherit;'>El nuevo enrutador tiene 18 puertos cableados&comma; incluidos 16 puertos Gigabit Ethernet y dos jaulas SFP+ de 10G. Tambi\u00e9n tiene un puerto de consola RJ-45 en el panel frontal. Como todos los dispositivos CCR&comma; viene en una cl\u00e1sica caja de montaje en rack de 1U de color blanco. Se incluyen fuentes de alimentaci\u00f3n redundantes duales integradas&comma; por lo que tiene una cosa menos de la que preocuparse. Y&comma; por supuesto&comma; hay refrigeraci\u00f3n activa para mantener las cosas agradables y frescas. Cada grupo de 8 puertos Gigabit Ethernet est\u00e1 conectado a un chip conmutador independiente de la familia Marvell Amethyst. Cada chip conmutador tiene una l\u00ednea full-duplex de 10 Gbps conectada a la CPU. Lo mismo ocurre con cada caja SFP+: una l\u00ednea full-duplex de 10 Gbps independiente. Las placas vienen con 4 GB de RAM DDR4 y 128 MB de almacenamiento NAND.<\/p>\n<p style='font-size: 15px; margin: 0 0 15px; color: inherit;'>Como puede ver&comma; no hay cuellos de botella. Siempre que la CPU pueda manejar el procesamiento&comma; todos los puertos pueden alcanzar la velocidad de cable. Y esta CPU es una bestia que puede manejar mucho. Si observamos el rendimiento&comma; puede ver que est\u00e1 intercambiando golpes con nuestro CCR1009. \u00a1Incluso lo supera en configuraciones con mucha CPU! Y si eso no fuera suficiente&comma; incluso puede alcanzar el rendimiento del CCR1016. La mejor parte? Este nuevo CCR es una de las opciones m\u00e1s asequibles que existen&comma; no solo dentro de la serie CCR&comma; sino en el mercado en general. Una de las formas m\u00e1s comunes de utilizar este dispositivo ser\u00eda: puertos Gigabit Ethernet para la red interna; puertos SFP+ para enlace descendente y ascendente. La soluci\u00f3n todo en uno perfecta para peque\u00f1as y medianas empresas. F\u00e1cil y eficiente.<\/p>\n<p style='font-size: 15px; margin: 0 0 15px; color: inherit;'>Con el nuevo CCR2004&comma; puede llevar la red de su oficina al siguiente nivel. Sin gastar una fortuna.<\/p>\n<p style='font-size: 15px; margin: 0 0 15px; color: inherit;'><em style='color: inherit;'>El dispositivo tiene un sistema operativo preinstalado y licenciado. No es necesaria ninguna compra separada y el producto est\u00e1 listo para usar. El dispositivo incluye actualizaciones de software gratuitas durante la vida \u00fatil del producto o un m\u00ednimo de 5 a\u00f1os a partir de la fecha de compra.<\/em><\/p>\n<\/p><\/div>\n<p> <!-- Secci\u00f3n de especificaciones --> <\/p>\n<div style='display: flex; flex-wrap: wrap; gap: 20px; margin-bottom: 30px;'>\n<div style='flex: 1 1 250px; border: 1px solid rgba(150&comma; 150&comma; 150&comma; 0.4); border-radius: 8px; overflow: hidden; display: flex; flex-direction: column;'>\n<div style='padding: 15px; border-bottom: 1px solid rgba(150&comma; 150&comma; 150&comma; 0.2); font-weight: bold; font-size: 18px; color: inherit;'>Especificaciones<\/div>\n<div style='padding: 15px; color: inherit;'>\n<ul style='padding-left: 20px; margin: 0; font-size: 14px; list-style-type: disc; color: inherit;'>\n<li style='margin-bottom: 5px; color: inherit;'><strong>C\u00f3digo del producto:<\/strong> CCR2004-16G-2S+<\/li>\n<li style='margin-bottom: 5px; color: inherit;'><strong>Arquitectura:<\/strong> ARM 64 bits<\/li>\n<li style='margin-bottom: 5px; color: inherit;'><strong>CPU:<\/strong> AL32400<\/li>\n<li style='margin-bottom: 5px; color: inherit;'><strong>Recuento de n\u00facleos de CPU:<\/strong> 4<\/li>\n<li style='margin-bottom: 5px; color: inherit;'><strong>Frecuencia nominal de la CPU:<\/strong> 1700 MHz<\/li>\n<li style='margin-bottom: 5px; color: inherit;'><strong>Licencia RouterOS:<\/strong> 6<\/li>\n<li style='margin-bottom: 5px; color: inherit;'><strong>Sistema operativo:<\/strong> RouterOS (solo v7)<\/li>\n<li style='margin-bottom: 5px; color: inherit;'><strong>Tama\u00f1o de la RAM:<\/strong> 4 GB<\/li>\n<li style='margin-bottom: 5px; color: inherit;'><strong>Tama\u00f1o de almacenamiento:<\/strong> 128 MB<\/li>\n<li style='margin-bottom: 15px; color: inherit;'><strong>Tipo de almacenamiento:<\/strong> NAND<\/li>\n<\/ul><\/div>\n<\/p><\/div>\n<div style='flex: 1 1 250px; border: 1px solid rgba(150&comma; 150&comma; 150&comma; 0.4); border-radius: 8px; overflow: hidden; display: flex; flex-direction: column;'>\n<div style='padding: 15px; border-bottom: 1px solid rgba(150&comma; 150&comma; 150&comma; 0.2); font-weight: bold; font-size: 18px; color: inherit;'>Alimentaci\u00f3n<\/div>\n<div style='padding: 15px; color: inherit;'>\n<ul style='padding-left: 20px; margin: 0; font-size: 14px; list-style-type: disc; color: inherit;'>\n<li style='margin-bottom: 5px; color: inherit;'><strong>N\u00famero de entradas de CA:<\/strong> 2<\/li>\n<li style='margin-bottom: 5px; color: inherit;'><strong>Rango de entrada de CA:<\/strong> 100-240<\/li>\n<li style='margin-bottom: 5px; color: inherit;'><strong>Frecuencia (Hz):<\/strong> 50\/60<\/li>\n<li style='margin-bottom: 5px; color: inherit;'><strong>Consumo m\u00e1ximo de energ\u00eda:<\/strong> 48 W<\/li>\n<li style='margin-bottom: 15px; color: inherit;'><strong>Consumo m\u00e1ximo de energ\u00eda sin accesorios:<\/strong> 35 W<\/li>\n<\/ul><\/div>\n<\/p><\/div>\n<div style='flex: 1 1 250px; border: 1px solid rgba(150&comma; 150&comma; 150&comma; 0.4); border-radius: 8px; overflow: hidden; display: flex; flex-direction: column;'>\n<div style='padding: 15px; border-bottom: 1px solid rgba(150&comma; 150&comma; 150&comma; 0.2); font-weight: bold; font-size: 18px; color: inherit;'>Conectividad<\/div>\n<div style='padding: 15px; color: inherit;'>\n<ul style='padding-left: 20px; margin: 0; font-size: 14px; list-style-type: disc; color: inherit;'>\n<li style='margin-bottom: 5px; color: inherit;'><strong>Puertos Ethernet 10\/100\/1000:<\/strong> 16<\/li>\n<li style='margin-bottom: 5px; color: inherit;'><strong>Puertos SFP+:<\/strong> 2<\/li>\n<li style='margin-bottom: 5px; color: inherit;'><strong>Puerto de consola serie:<\/strong> RJ45<\/li>\n<li style='margin-bottom: 15px; color: inherit;'><strong>Recuento de ventiladores:<\/strong> 2<\/li>\n<\/ul><\/div>\n<\/p><\/div>\n<div style='flex: 1 1 250px; border: 1px solid rgba(150&comma; 150&comma; 150&comma; 0.4); border-radius: 8px; overflow: hidden; display: flex; flex-direction: column;'>\n<div style='padding: 15px; border-bottom: 1px solid rgba(150&comma; 150&comma; 150&comma; 0.2); font-weight: bold; font-size: 18px; color: inherit;'>Caracter\u00edsticas f\u00edsicas<\/div>\n<div style='padding: 15px; color: inherit;'>\n<ul style='padding-left: 20px; margin: 0; font-size: 14px; list-style-type: disc; color: inherit;'>\n<li style='margin-bottom: 5px; color: inherit;'><strong>MTBF:<\/strong> Aproximadamente 200&#8217;000 horas a 25\u00b0C<\/li>\n<li style='margin-bottom: 5px; color: inherit;'><strong>Temperatura ambiente probada:<\/strong> -20 \u00b0C a 60 \u00b0C<\/li>\n<li style='margin-bottom: 5px; color: inherit;'><strong>Aceleraci\u00f3n de hardware IPsec:<\/strong> S\u00ed<\/li>\n<li style='margin-bottom: 5px; color: inherit;'><strong>Monitor de temperatura de la CPU:<\/strong> S\u00ed<\/li>\n<li style='margin-bottom: 5px; color: inherit;'><strong>Monitor de temperatura de PCB:<\/strong> S\u00ed<\/li>\n<li style='margin-bottom: 15px; color: inherit;'><strong>Monitor de voltaje:<\/strong> S\u00ed<\/li>\n<\/ul><\/div>\n<\/p><\/div>\n<div style='flex: 1 1 250px; border: 1px solid rgba(150&comma; 150&comma; 150&comma; 0.4); border-radius: 8px; overflow: hidden; display: flex; flex-direction: column;'>\n<div style='padding: 15px; border-bottom: 1px solid rgba(150&comma; 150&comma; 150&comma; 0.2); font-weight: bold; font-size: 18px; color: inherit;'>Certificaciones<\/div>\n<div style='padding: 15px; color: inherit;'>\n<ul style='padding-left: 20px; margin: 0; font-size: 14px; list-style-type: disc; color: inherit;'>\n<li style='margin-bottom: 5px; color: inherit;'><strong>Certificaci\u00f3n:<\/strong> CE&comma; EAC&comma; ROHS<\/li>\n<li style='margin-bottom: 15px; color: inherit;'><strong>IP:<\/strong> IP20<\/li>\n<\/ul><\/div>\n<\/p><\/div>\n<\/p><\/div>\n<p> <!-- Secci\u00f3n de im\u00e1genes --> <\/p>\n<div style='display: flex; flex-wrap: wrap; gap: 20px; margin-bottom: 30px;'>\n<div style='flex: 1 1 200px; min-width: 150px;'> <a href='https:\/\/i.mt.lv\/cdn\/rb_images\/part381398168452m.jpg'> <img style='width: 100%; height: auto; border: 1px solid rgba(150&comma;150&comma;150&comma;0.3); border-radius: 8px;' src='https:\/\/i.mt.lv\/cdn\/rb_images\/part381398168452s.jpg' alt='Orejas de rack'> <\/a> <\/p>\n<p style='text-align: center; margin-top: 8px; font-size: 14px; color: inherit;'>Orejas de rack<\/p>\n<\/p><\/div>\n<div style='flex: 1 1 200px; min-width: 150px;'> <a href='https:\/\/i.mt.lv\/cdn\/rb_images\/part41391160693m.jpg'> <img style='width: 100%; height: auto; border: 1px solid rgba(150&comma;150&comma;150&comma;0.3); border-radius: 8px;' src='https:\/\/i.mt.lv\/cdn\/rb_images\/part41391160693s.jpg' alt='Cable IEC'> <\/a> <\/p>\n<p style='text-align: center; margin-top: 8px; font-size: 14px; color: inherit;'>Cable IEC<\/p>\n<\/p><\/div>\n<div style='flex: 1 1 200px; min-width: 150px;'> <a href='https:\/\/i.mt.lv\/cdn\/rb_images\/part1281620030636m.jpg'> <img style='width: 100%; height: auto; border: 1px solid rgba(150&comma;150&comma;150&comma;0.3); border-radius: 8px;' src='https:\/\/i.mt.lv\/cdn\/rb_images\/part1281620030636s.jpg' alt='Kit K-57'> <\/a> <\/p>\n<p style='text-align: center; margin-top: 8px; font-size: 14px; color: inherit;'>Kit K-57<\/p>\n<\/p><\/div>\n<\/p><\/div>\n<p> <!-- Separador --> <\/p>\n<hr style='border: 0; border-top: 1px solid rgba(150&comma; 150&comma; 150&comma; 0.3); margin: 30px 0;'> <\/div>\n","protected":false},"excerpt":{"rendered":"<p>(CCR2004-16G-2S+) Cloud Core Router 16 puertos Gigabit<\/p>\n","protected":false},"featured_media":88187,"comment_status":"open","ping_status":"closed","template":"","meta":[],"product_brand":[],"product_cat":[2036,2035,2034],"product_tag":[2039,2038,643,664,2037],"class_list":{"0":"post-88188","1":"product","2":"type-product","3":"status-publish","4":"has-post-thumbnail","6":"product_cat-balanceadores","7":"product_cat-firewalls","8":"product_cat-routers","9":"product_tag-balanceadores","10":"product_tag-firewalls","11":"product_tag-mikrotik","12":"product_tag-networking","13":"product_tag-routers","15":"first","16":"instock","17":"sale","18":"shipping-taxable","19":"purchasable","20":"product-type-simple"},"_links":{"self":[{"href":"https:\/\/soydeaqui.ddns.net\/pachuca\/index.php\/wp-json\/wp\/v2\/product\/88188","targetHints":{"allow":["GET"]}}],"collection":[{"href":"https:\/\/soydeaqui.ddns.net\/pachuca\/index.php\/wp-json\/wp\/v2\/product"}],"about":[{"href":"https:\/\/soydeaqui.ddns.net\/pachuca\/index.php\/wp-json\/wp\/v2\/types\/product"}],"replies":[{"embeddable":true,"href":"https:\/\/soydeaqui.ddns.net\/pachuca\/index.php\/wp-json\/wp\/v2\/comments?post=88188"}],"wp:featuredmedia":[{"embeddable":true,"href":"https:\/\/soydeaqui.ddns.net\/pachuca\/index.php\/wp-json\/wp\/v2\/media\/88187"}],"wp:attachment":[{"href":"https:\/\/soydeaqui.ddns.net\/pachuca\/index.php\/wp-json\/wp\/v2\/media?parent=88188"}],"wp:term":[{"taxonomy":"product_brand","embeddable":true,"href":"https:\/\/soydeaqui.ddns.net\/pachuca\/index.php\/wp-json\/wp\/v2\/product_brand?post=88188"},{"taxonomy":"product_cat","embeddable":true,"href":"https:\/\/soydeaqui.ddns.net\/pachuca\/index.php\/wp-json\/wp\/v2\/product_cat?post=88188"},{"taxonomy":"product_tag","embeddable":true,"href":"https:\/\/soydeaqui.ddns.net\/pachuca\/index.php\/wp-json\/wp\/v2\/product_tag?post=88188"}],"curies":[{"name":"wp","href":"https:\/\/api.w.org\/{rel}","templated":true}]}}