{"id":88181,"date":"2026-03-19T23:39:55","date_gmt":"2026-03-19T23:39:55","guid":{"rendered":"https:\/\/soydeaqui.ddns.net\/pachuca\/index.php\/producto\/licencia-de-suscripcion-acumulativa-de-awc-para-5-ap-1-ano-para-ar4050s-y-ar4050s-5g-una-licencia-para-1-router\/"},"modified":"2026-03-19T23:39:57","modified_gmt":"2026-03-19T23:39:57","slug":"licencia-de-suscripcion-acumulativa-de-awc-para-5-ap-1-ano-para-ar4050s-y-ar4050s-5g-una-licencia-para-1-router","status":"publish","type":"product","link":"https:\/\/soydeaqui.ddns.net\/pachuca\/index.php\/producto\/licencia-de-suscripcion-acumulativa-de-awc-para-5-ap-1-ano-para-ar4050s-y-ar4050s-5g-una-licencia-para-1-router\/","title":{"rendered":"Licencia de suscripci\u00f3n acumulativa de AWC para 5 AP, 1 a\u00f1o para AR4050S y AR4050S-5G. Una licencia para 1 router."},"content":{"rendered":"<div style='width: 100%; max-width: 1200px; margin: 0 auto; font-family: sans-serif; line-height: 1.6; color: inherit; background-color: transparent;'> <!-- Nota Importante --> <\/p>\n<div style='margin-bottom: 30px;'>\n<p style='color: #e74c3c; margin-top: 0;'><strong>Nota Importante:<\/strong> Para obtener la licencia tiene que realizar los siguientes pasos:<\/p>\n<ol style='padding-left: 20px; margin: 15px 0; color: inherit;'>\n<li>Tener el numero de serie del equipo al que se le aplicara la licencia<\/li>\n<li>Registrarse en el portal Atenci\u00f3n a clientes de Allied Telesis:<\/li>\n<li style='margin-bottom: 15px;'><a href='https:\/\/alliedtelesis.my.site.com\/Support\/CustomerCommunitySelfReg' style='color: inherit; text-decoration: underline;' target='_blank'>https:\/\/alliedtelesis.my.site.com\/Support\/CustomerCommunitySelfReg<\/a><\/li>\n<li>Crear un Ticket solicitando acceso al: &#8216;Allied Telesis Download Center.&#8217;<\/li>\n<\/ol><\/div>\n<p> <!-- Gesti\u00f3n inal\u00e1mbrica simplificada --> <\/p>\n<div style='margin-bottom: 30px;'>\n<h2 style='font-size: 22px; border-bottom: 2px solid currentColor; padding-bottom: 5px; margin-top: 0; margin-bottom: 15px; color: inherit; opacity: 0.8;'>Gesti\u00f3n inal\u00e1mbrica simplificada<\/h2>\n<p style='margin: 15px 0; color: inherit; font-size: 15px;'>El controlador inal\u00e1mbrico Allied Telesis Autonomous Wave Control (AWC) utiliza inteligencia para ofrecer una mejor experiencia inal\u00e1mbrica con menores costos de implementaci\u00f3n y operaci\u00f3n.<\/p>\n<p style='margin: 15px 0; color: inherit; font-size: 15px;'>Basada en IA (Inteligencia Artificial)&comma; la tecnolog\u00eda AWC analiza la cobertura de radio y las interferencias para ofrecer una mejor conectividad inal\u00e1mbrica que se adapta autom\u00e1ticamente a los cambios ambientales y a las demandas de ancho de banda din\u00e1mico de los usuarios.<\/p>\n<\/p><\/div>\n<p> <!-- Separador --> <\/p>\n<hr style='border: 0; border-top: 1px solid rgba(150&comma; 150&comma; 150&comma; 0.3); margin: 30px 0;'> <\/div>\n","protected":false},"excerpt":{"rendered":"<p>Licencia de suscripci\u00f3n acumulativa de AWC para 5 AP, 1 a\u00f1o para AR4050S y AR4050S-5G. Una licencia para 1 router.<\/p>\n","protected":false},"featured_media":88180,"comment_status":"open","ping_status":"closed","template":"","meta":[],"product_brand":[],"product_cat":[1996],"product_tag":[1995,1997,664],"class_list":{"0":"post-88181","1":"product","2":"type-product","3":"status-publish","4":"has-post-thumbnail","6":"product_cat-licencias-suscripciones","7":"product_tag-allied-telesis","8":"product_tag-licencias-suscripciones","9":"product_tag-networking","11":"first","12":"outofstock","13":"sale","14":"shipping-taxable","15":"purchasable","16":"product-type-simple"},"_links":{"self":[{"href":"https:\/\/soydeaqui.ddns.net\/pachuca\/index.php\/wp-json\/wp\/v2\/product\/88181","targetHints":{"allow":["GET"]}}],"collection":[{"href":"https:\/\/soydeaqui.ddns.net\/pachuca\/index.php\/wp-json\/wp\/v2\/product"}],"about":[{"href":"https:\/\/soydeaqui.ddns.net\/pachuca\/index.php\/wp-json\/wp\/v2\/types\/product"}],"replies":[{"embeddable":true,"href":"https:\/\/soydeaqui.ddns.net\/pachuca\/index.php\/wp-json\/wp\/v2\/comments?post=88181"}],"wp:featuredmedia":[{"embeddable":true,"href":"https:\/\/soydeaqui.ddns.net\/pachuca\/index.php\/wp-json\/wp\/v2\/media\/88180"}],"wp:attachment":[{"href":"https:\/\/soydeaqui.ddns.net\/pachuca\/index.php\/wp-json\/wp\/v2\/media?parent=88181"}],"wp:term":[{"taxonomy":"product_brand","embeddable":true,"href":"https:\/\/soydeaqui.ddns.net\/pachuca\/index.php\/wp-json\/wp\/v2\/product_brand?post=88181"},{"taxonomy":"product_cat","embeddable":true,"href":"https:\/\/soydeaqui.ddns.net\/pachuca\/index.php\/wp-json\/wp\/v2\/product_cat?post=88181"},{"taxonomy":"product_tag","embeddable":true,"href":"https:\/\/soydeaqui.ddns.net\/pachuca\/index.php\/wp-json\/wp\/v2\/product_tag?post=88181"}],"curies":[{"name":"wp","href":"https:\/\/api.w.org\/{rel}","templated":true}]}}