{"id":88035,"date":"2026-03-19T23:33:28","date_gmt":"2026-03-19T23:33:28","guid":{"rendered":"https:\/\/soydeaqui.ddns.net\/pachuca\/index.php\/producto\/olt-de-8-puertos-gpon-con-8-puertos-uplink-4-puertos-gigabit-ethernet-2-puertos-sfp-2-puertos-sfp-hasta-1024-onus\/"},"modified":"2026-03-19T23:33:37","modified_gmt":"2026-03-19T23:33:37","slug":"olt-de-8-puertos-gpon-con-8-puertos-uplink-4-puertos-gigabit-ethernet-2-puertos-sfp-2-puertos-sfp-hasta-1024-onus","status":"publish","type":"product","link":"https:\/\/soydeaqui.ddns.net\/pachuca\/index.php\/producto\/olt-de-8-puertos-gpon-con-8-puertos-uplink-4-puertos-gigabit-ethernet-2-puertos-sfp-2-puertos-sfp-hasta-1024-onus\/","title":{"rendered":"OLT de 8 puertos GPON con 8 puertos Uplink (4 puertos Gigabit Ethernet + 2 puertos SFP + 2 puertos SFP+) hasta 1,024 ONUs"},"content":{"rendered":"<div style='width: 100%; max-width: 1200px; margin: 0 auto; font-family: sans-serif; line-height: 1.6; color: inherit; background-color: transparent;'> <!-- Secci\u00f3n de caracter\u00edsticas en grid --> <\/p>\n<div style='display: grid; grid-template-columns: repeat(auto-fit&comma; minmax(280px&comma; 1fr)); gap: 30px; margin-bottom: 30px;'> <!-- Caracter\u00edsticas principales --> <\/p>\n<div style='border: 1px solid rgba(150&comma;150&comma;150&comma;0.3); border-radius: 8px; padding: 20px;'>\n<h3 style='font-size: 22px; border-bottom: 2px solid currentColor; padding-bottom: 5px; margin-top: 0; color: inherit; opacity: 0.8;'>Caracter\u00edsticas principales<\/h3>\n<ul style='padding-left: 20px; font-size: 15px; color: inherit; list-style: disc inside;'>\n<li style='margin-bottom: 5px;'><strong>Dimensiones:<\/strong> 442 \u00d7 320 \u00d7 43.6 mm (largo \u00d7 ancho \u00d7 alto)<\/li>\n<li style='margin-bottom: 5px;'><strong>Aplicaciones:<\/strong> Datos&comma; Videovigilancia&comma; Telefon\u00eda IP&comma; CATV<\/li>\n<li style='margin-bottom: 5px;'>Configuraci\u00f3n y gesti\u00f3n de ONU en l\u00ednea<\/li>\n<li style='margin-bottom: 5px;'>Montaje en rack<\/li>\n<li style='margin-bottom: 5px;'><strong>Ancho de banda por puerto PON:<\/strong> Upstream 1.244Gbps&comma; Downstream 2.488Gbps<\/li>\n<li style='margin-bottom: 5px;'>Gesti\u00f3n amigable desde: EMS \/ Web \/ Telnet \/ CLI \/ SSH<\/li>\n<\/ul><\/div>\n<p> <!-- Caracter\u00edsticas F\u00edsicas y El\u00e9ctricas --> <\/p>\n<div style='border: 1px solid rgba(150&comma;150&comma;150&comma;0.3); border-radius: 8px; padding: 20px;'>\n<h3 style='font-size: 22px; border-bottom: 2px solid currentColor; padding-bottom: 5px; margin-top: 0; color: inherit; opacity: 0.8;'>Caracter\u00edsticas F\u00edsicas y El\u00e9ctricas<\/h3>\n<ul style='padding-left: 20px; font-size: 15px; color: inherit; list-style: disc inside;'>\n<li style='margin-bottom: 5px;'>Incluye una fuente CA<\/li>\n<li style='margin-bottom: 5px;'><strong>Alimentaci\u00f3n:<\/strong> 100-240 Vca&comma; 47\/63 Hz<\/li>\n<li style='margin-bottom: 5px;'><strong>Consumo m\u00e1ximo:<\/strong> 45W<\/li>\n<li style='margin-bottom: 5px;'><strong>Peso:<\/strong> 3 Kg<\/li>\n<li style='margin-bottom: 5px;'><strong>Temperatura de operaci\u00f3n:<\/strong> 0 a 55\u00b0 C<\/li>\n<\/ul>\n<h4 style='font-size: 18px; margin-top: 20px; margin-bottom: 10px; color: inherit; opacity: 0.9;'>Accesorios<\/h4>\n<ul style='padding-left: 20px; font-size: 14px; color: inherit; list-style: disc inside;'>\n<li style='margin-bottom: 5px;'>Montaje en rack<\/li>\n<li style='margin-bottom: 5px;'>Cable de consola (No incluye adaptador USB)<\/li>\n<li style='margin-bottom: 5px;'>Gomas antiderrape<\/li>\n<li style='margin-bottom: 5px;'>No incluye m\u00f3dulos PON (Agregar el modelo: <a href='https:\/\/www.syscom.mx\/products\/225541' style='color: inherit; text-decoration: underline;'>GPON-SFP-C4+<\/a>)<\/li>\n<li style='margin-bottom: 5px;'>Cable para aterrizar la OLT<\/li>\n<li style='margin-bottom: 5px;'>1 A\u00f1o de garant\u00eda<\/li>\n<\/ul><\/div>\n<p> <!-- Caracter\u00edsticas de Red --> <\/p>\n<div style='border: 1px solid rgba(150&comma;150&comma;150&comma;0.3); border-radius: 8px; padding: 20px;'>\n<h3 style='font-size: 22px; border-bottom: 2px solid currentColor; padding-bottom: 5px; margin-top: 0; color: inherit; opacity: 0.8;'>Caracter\u00edsticas de Red<\/h3>\n<ul style='padding-left: 20px; font-size: 15px; color: inherit; list-style: disc inside;'>\n<li style='margin-bottom: 5px;'><strong>Capacidad:<\/strong> Hasta 1&comma;024 ONUs<\/li>\n<li style='margin-bottom: 5px;'><strong>Puertos Uplink:<\/strong> 4 puertos Gigabit Ethernet<\/li>\n<li style='margin-bottom: 5px;'>2 puertos Uplink SFP+ 10 Gigabit<\/li>\n<li style='margin-bottom: 5px;'>2 puertos Uplink SFP Gigabit<\/li>\n<li style='margin-bottom: 5px;'><strong>Distancia:<\/strong> 20 Km en cada puerto PON<\/li>\n<li style='margin-bottom: 5px;'>Funciones Capa 3 b\u00e1sica y Capa 2<\/li>\n<li style='margin-bottom: 5px;'><strong>Puerto Auxiliar:<\/strong> Gesti\u00f3n Out-Band<\/li>\n<li style='margin-bottom: 5px;'><strong>Puerto de Consola:<\/strong> L\u00ednea de comando<\/li>\n<li style='margin-bottom: 5px;'><strong>Puertos GPON:<\/strong> 8<\/li>\n<li style='margin-bottom: 5px;'><strong>Relaci\u00f3n de splitteo por puerto PON:<\/strong> 1:128<\/li>\n<\/ul><\/div>\n<\/p><\/div>\n<p> <!-- Separador --> <\/p>\n<hr style='border: 0; border-top: 1px solid rgba(150&comma; 150&comma; 150&comma; 0.3); margin: 30px 0;'> <!-- Preguntas Frecuentes --> <\/p>\n<div style='margin-bottom: 30px;'>\n<h2 style='font-size: 24px; margin-top: 0; margin-bottom: 15px; color: inherit; opacity: 0.9;'>Preguntas Frecuentes (FAQ)<\/h2>\n<div style='margin-bottom: 20px;'>\n<h4 style='font-size: 18px; margin-top: 0; margin-bottom: 10px; color: inherit; opacity: 0.9;'>\u00bfC\u00f3mo configuro la OLT de V-SOL para dar internet a mis clientes?<\/h4>\n<p style='margin: 0; padding: 0; font-size: 15px; color: inherit;'>S\u00f3lo debes seguir nuestra <a href='https:\/\/soporte.syscom.mx\/es\/articles\/6794140-v-sol-como-configurar-tu-olt-gpon-onu-en-modo-router-con-vlan-tag' style='color: inherit; text-decoration: underline;' target='_blank' rel='noopener'>Gu\u00eda de Configuraci\u00f3n Paso a Paso para OLTs V-SOL<\/a> para tener desde la configuraci\u00f3n inicial b\u00e1sica hasta tener las ONUs con servicio para tus clientes.<\/p>\n<\/p><\/div>\n<div style='margin-bottom: 20px;'>\n<h4 style='font-size: 18px; margin-top: 0; margin-bottom: 10px; color: inherit; opacity: 0.9;'>\u00bfPuedo utilizar ONUs de otros fabricantes con una OLT V-SOL?<\/h4>\n<p style='margin: 0; padding: 0; font-size: 15px; color: inherit;'>S\u00ed&comma; aunque las OLTs V-SOL suelen ser compatibles con ONUs de diferentes fabricantes debido a los est\u00e1ndares GPON&comma; no podemos garantizar la compatibilidad total con todos los modelos disponibles en el mercado. Recomendamos realizar pruebas con una unidad antes de implementar en producci\u00f3n para asegurar el funcionamiento correcto y evitar inconvenientes.<\/p>\n<\/p><\/div>\n<div style='margin-bottom: 20px;'>\n<h4 style='font-size: 18px; margin-top: 0; margin-bottom: 10px; color: inherit; opacity: 0.9;'>\u00bfCu\u00e1les son las credenciales de Default de la OLT V-SOL?<\/h4>\n<p style='margin: 0; padding: 0; font-size: 15px; color: inherit;'>Las credenciales de f\u00e1brica&comma; tanto de las OLTs como de las ONUs de V-SOL&comma; las pueden encontrar en este enlace: <a href='https:\/\/soporte.syscom.mx\/es\/articles\/7203161-v-sol-conoce-cuales-son-el-usuario-y-contrasena-de-tus-equipos-olt-onu' style='color: inherit; text-decoration: underline;' target='_blank' rel='noopener'>Conoce cuales son el usuario y contrase\u00f1a de tus equipos OLT\/ONU<\/a><\/p>\n<\/p><\/div>\n<\/p><\/div>\n<p> <!-- Separador --> <\/p>\n<hr style='border: 0; border-top: 1px solid rgba(150&comma; 150&comma; 150&comma; 0.3); margin: 30px 0;'> <!-- Im\u00e1genes --> <\/p>\n<div style='display: flex; flex-direction: column; gap: 40px; margin-bottom: 30px;'>\n<div style='text-align: center;'> <img style='width: 100%; height: auto; border: 1px solid rgba(150&comma;150&comma;150&comma;0.3); border-radius: 8px;' src='https:\/\/es.vsolcn.com\/wp-content\/uploads\/2023\/06\/V-SOL-GPON-OLT-1-1.jpg' alt='OLT GPON'> <\/p>\n<h3 style='margin-top: 15px; font-size: 18px; color: inherit; opacity: 0.9;'>OLT GPON<\/h3>\n<\/p><\/div>\n<div style='text-align: center;'> <img style='width: 100%; height: auto; border: 1px solid rgba(150&comma;150&comma;150&comma;0.3); border-radius: 8px;' src='https:\/\/es.vsolcn.com\/wp-content\/uploads\/2023\/06\/V-SOL-GPON-OLT-2-1.jpg' alt='Escenarios de Aplicaci\u00f3n'> <\/p>\n<h3 style='margin-top: 15px; font-size: 18px; color: inherit; opacity: 0.9;'>Escenarios de Aplicaci\u00f3n<\/h3>\n<\/p><\/div>\n<div style='text-align: center;'> <img style='width: 100%; height: auto; border: 1px solid rgba(150&comma;150&comma;150&comma;0.3); border-radius: 8px;' src='https:\/\/es.vsolcn.com\/wp-content\/uploads\/2023\/06\/V-SOL-GPON-OLT-3-1.jpg' alt='OLT Capa 2 y Capa 3 B\u00e1sica'> <\/p>\n<h3 style='margin-top: 15px; font-size: 18px; color: inherit; opacity: 0.9;'>OLT Capa 2 y Capa 3 B\u00e1sica<\/h3>\n<\/p><\/div>\n<div style='text-align: center;'> <img style='width: 100%; height: auto; border: 1px solid rgba(150&comma;150&comma;150&comma;0.3); border-radius: 8px;' src='https:\/\/es.vsolcn.com\/wp-content\/uploads\/2023\/06\/V-SOL-GPON-OLT-4-1.jpg' alt='Configuraciones Plug and Play'> <\/p>\n<h3 style='margin-top: 15px; font-size: 18px; color: inherit; opacity: 0.9;'>Configuraciones Plug and Play<\/h3>\n<\/p><\/div>\n<div style='text-align: center;'> <img style='width: 100%; height: auto; border: 1px solid rgba(150&comma;150&comma;150&comma;0.3); border-radius: 8px;' src='https:\/\/es.vsolcn.com\/wp-content\/uploads\/2023\/06\/V-SOL-GPON-OLT-5-2.jpg' alt='Protecci\u00f3n de Seguridad'> <\/p>\n<h3 style='margin-top: 15px; font-size: 18px; color: inherit; opacity: 0.9;'>Protecci\u00f3n de Seguridad<\/h3>\n<\/p><\/div>\n<div style='text-align: center;'> <img style='width: 100%; height: auto; border: 1px solid rgba(150&comma;150&comma;150&comma;0.3); border-radius: 8px;' src='https:\/\/es.vsolcn.com\/wp-content\/uploads\/2023\/06\/V-SOL-GPON-OLT-6-2.jpg' alt='Gesti\u00f3n de Servicios Completos'> <\/p>\n<h3 style='margin-top: 15px; font-size: 18px; color: inherit; opacity: 0.9;'>Gesti\u00f3n de Servicios Completos<\/h3>\n<\/p><\/div>\n<div style='text-align: center;'> <img style='width: 100%; height: auto; border: 1px solid rgba(150&comma;150&comma;150&comma;0.3); border-radius: 8px;' src='https:\/\/es.vsolcn.com\/wp-content\/uploads\/2023\/06\/V-SOL-GPON-OLT-7-1.jpg' alt='Aplicaci\u00f3n FTTH V-SOL GPON'> <\/p>\n<h3 style='margin-top: 15px; font-size: 18px; color: inherit; opacity: 0.9;'>Aplicaci\u00f3n FTTH V-SOL GPON<\/h3>\n<\/p><\/div>\n<\/p><\/div>\n<\/p><\/div>\n","protected":false},"excerpt":{"rendered":"<p>OLT de 8 puertos GPON con 8 puertos Uplink (4 puertos Gigabit Ethernet + 2 puertos SFP + 2 puertos SFP+) hasta 1,024 ONUs<\/p>\n","protected":false},"featured_media":88034,"comment_status":"open","ping_status":"closed","template":"","meta":[],"product_brand":[],"product_cat":[2018],"product_tag":[2019,2011,2013],"class_list":{"0":"post-88035","1":"product","2":"type-product","3":"status-publish","4":"has-post-thumbnail","6":"product_cat-olts","7":"product_tag-olts","8":"product_tag-redes-ftth-pon","9":"product_tag-v-sol","11":"first","12":"instock","13":"sale","14":"shipping-taxable","15":"purchasable","16":"product-type-simple"},"_links":{"self":[{"href":"https:\/\/soydeaqui.ddns.net\/pachuca\/index.php\/wp-json\/wp\/v2\/product\/88035","targetHints":{"allow":["GET"]}}],"collection":[{"href":"https:\/\/soydeaqui.ddns.net\/pachuca\/index.php\/wp-json\/wp\/v2\/product"}],"about":[{"href":"https:\/\/soydeaqui.ddns.net\/pachuca\/index.php\/wp-json\/wp\/v2\/types\/product"}],"replies":[{"embeddable":true,"href":"https:\/\/soydeaqui.ddns.net\/pachuca\/index.php\/wp-json\/wp\/v2\/comments?post=88035"}],"wp:featuredmedia":[{"embeddable":true,"href":"https:\/\/soydeaqui.ddns.net\/pachuca\/index.php\/wp-json\/wp\/v2\/media\/88034"}],"wp:attachment":[{"href":"https:\/\/soydeaqui.ddns.net\/pachuca\/index.php\/wp-json\/wp\/v2\/media?parent=88035"}],"wp:term":[{"taxonomy":"product_brand","embeddable":true,"href":"https:\/\/soydeaqui.ddns.net\/pachuca\/index.php\/wp-json\/wp\/v2\/product_brand?post=88035"},{"taxonomy":"product_cat","embeddable":true,"href":"https:\/\/soydeaqui.ddns.net\/pachuca\/index.php\/wp-json\/wp\/v2\/product_cat?post=88035"},{"taxonomy":"product_tag","embeddable":true,"href":"https:\/\/soydeaqui.ddns.net\/pachuca\/index.php\/wp-json\/wp\/v2\/product_tag?post=88035"}],"curies":[{"name":"wp","href":"https:\/\/api.w.org\/{rel}","templated":true}]}}