{"id":87739,"date":"2026-03-19T23:20:15","date_gmt":"2026-03-19T23:20:15","guid":{"rendered":"https:\/\/soydeaqui.ddns.net\/pachuca\/index.php\/producto\/jabra-evolve2-65-flex-auricular-stereo-version-ms-dongle-usb-a-con-cancelacion-de-ruido-26699-999-999\/"},"modified":"2026-03-19T23:20:21","modified_gmt":"2026-03-19T23:20:21","slug":"jabra-evolve2-65-flex-auricular-stereo-version-ms-dongle-usb-a-con-cancelacion-de-ruido-26699-999-999","status":"publish","type":"product","link":"https:\/\/soydeaqui.ddns.net\/pachuca\/index.php\/producto\/jabra-evolve2-65-flex-auricular-stereo-version-ms-dongle-usb-a-con-cancelacion-de-ruido-26699-999-999\/","title":{"rendered":"Jabra Evolve2 65 Flex, Auricular stereo versi\u00f3n MS, dongle USB-A con cancelaci\u00f3n de ruido (26699-999-999)"},"content":{"rendered":"<div style='width: 100%; max-width: 1200px; margin: 0 auto; font-family: sans-serif; line-height: 1.6; color: inherit; background-color: transparent;'> <!-- ENCABEZADO --> <\/p>\n<div style='background-color: #ffd100; color: #000; text-align: center; padding: 35px 20px;'>\n<h1 style='margin: 0; font-size: 36px; color: inherit;'>Jabra Evolve2 65 Flex<\/h1>\n<p style='margin-top: 10px; font-size: 18px; color: inherit;'>El despliegue del futuro del trabajo h\u00edbrido<\/p>\n<\/p><\/div>\n<p> <!-- HERO --> <\/p>\n<div style='text-align: center; margin-top: 20px;'> <img style='width: 100%; height: auto; border: 1px solid rgba(150&comma;150&comma;150&comma;0.3); border-radius: 8px;' src='https:\/\/ftp3.syscom.mx\/usuarios\/fotos\/EVOLVE265FLEXSMSA\/220149-captura_de_pantalla_2023-08-01_a_la(s)_9.28.35.png' alt=''> <\/div>\n<p style='text-align: center; font-size: 20px; margin-top: 25px; color: inherit;'>Reuni\u00f3n a las 8 de la ma\u00f1ana en casa. Ponerse al d\u00eda en su cafeter\u00eda de siempre. Presentaci\u00f3n en la oficina por la tarde.<\/p>\n<p style='text-align: center; font-size: 20px; color: inherit;'>Cuando el trabajo le puede llevar a cualquier sitio&comma; necesita unos auriculares con micr\u00f3fono tan flexibles como usted.<\/p>\n<p style='text-align: center; font-size: 20px; color: inherit;'>Los <strong>Evolve2 65 Flex<\/strong> son realmente port\u00e1tiles. Son los auriculares con micr\u00f3fono profesionales m\u00e1s port\u00e1tiles&comma; con funciones flexibles y f\u00e1ciles de usar que incluyen la mejor Cancelaci\u00f3n Activa de Ruido (ANC) H\u00edbrida en su categor\u00eda&comma; micr\u00f3fonos con cancelaci\u00f3n de ruido y la innovadora tecnolog\u00eda <strong>Jabra Air Comfort<\/strong>&comma; para ayudarle a mantener la concentraci\u00f3n y sentirse c\u00f3modo en cualquier lugar.<\/p>\n<p style='text-align: center; font-size: 20px; color: inherit;'>\u00bfY lo mejor? El revolucionario dise\u00f1o con bisagras consigue un plegado plano y compacto&comma; para que pueda meterlos f\u00e1cilmente en su funda protectora y se adapten perfectamente a su bolso o mochila y a su horario de trabajo n\u00f3mada.<\/p>\n<p style='text-align: center; font-size: 20px; font-weight: bold; color: inherit;'>Despliegue una forma m\u00e1s flexible de trabajar con los Evolve2 65 Flex.<\/p>\n<p> <!-- Separador --> <\/p>\n<hr style='border: 0; border-top: 1px solid rgba(150&comma;150&comma;150&comma;0.3); margin: 30px 0;'> <!-- BUSYLIGHT --> <\/p>\n<h2 style='color: #000; border-left: 6px solid #FFD100; padding-left: 10px; color: inherit; opacity: 0.8;'>Ilumine su concentraci\u00f3n<\/h2>\n<p style='text-align: center; font-size: 20px; color: inherit;'>\u00bfNecesita un poco de tranquilidad para terminar su lista de tareas pendientes? Los Evolve2 65 Flex tienen algo que puede ayudarle.<\/p>\n<p style='text-align: center; font-size: 20px; color: inherit;'>Su luz de ocupado de 360\u00b0 se ilumina en rojo y env\u00eda una se\u00f1al de &#8216;ALTO&#8217; f\u00e1cil de ver para que todos los que le rodean sepan cu\u00e1ndo necesita un poco de tiempo para concentrarse.<\/p>\n<p style='text-align: center; font-size: 20px; font-weight: bold; color: inherit;'>Mande las se\u00f1ales correctas con los Evolve2 65 Flex.<\/p>\n<p> <!-- Imagen BusyLight --> <\/p>\n<div style='text-align: center; margin-top: 20px;'> <img style='width: 100%; height: auto; border: 1px solid rgba(150&comma;150&comma;150&comma;0.3); border-radius: 8px;' src='https:\/\/ftp3.syscom.mx\/usuarios\/fotos\/EVOLVE265FLEXSMSA\/220149-captura_de_pantalla_2023-08-01_a_la(s)_9.30.05.png' alt=''> <\/div>\n<p> <!-- Separador --> <\/p>\n<hr style='border: 0; border-top: 1px solid rgba(150&comma;150&comma;150&comma;0.3); margin: 30px 0;'> <!-- ESPECIFICACIONES --> <\/p>\n<h2 style='color: #000; border-left: 6px solid #FFD100; padding-left: 10px; color: inherit; opacity: 0.8;'>Especificaciones t\u00e9cnicas<\/h2>\n<p> <!-- Secci\u00f3n de cards con especificaciones --> <\/p>\n<div style='display: flex; flex-wrap: wrap; gap: 20px; margin-bottom: 30px;'>\n<div style='flex: 1 1 250px; border: 1px solid rgba(150&comma; 150&comma; 150&comma; 0.4); border-radius: 8px; overflow: hidden; display: flex; flex-direction: column;'>\n<div style='padding: 15px; border-bottom: 1px solid rgba(150&comma; 150&comma; 150&comma; 0.2); font-weight: bold; font-size: 18px; color: inherit;'>Audio<\/div>\n<div style='padding: 15px; color: inherit;'>\n<ul style='padding-left: 20px; margin: 0; font-size: 14px; list-style-type: disc;'>\n<li style='margin-bottom: 5px;'>Cancelaci\u00f3n activa de ruido (ANC)<\/li>\n<li style='margin-bottom: 5px;'>Tama\u00f1o de altavoz: 28 mm<\/li>\n<li style='margin-bottom: 5px;'>Alimentaci\u00f3n m\u00e1xima del altavoz: 30 mW<\/li>\n<li style='margin-bottom: 5px;'>Rango de frecuencia del altavoz: 20 Hz \u2013 20 000 Hz<\/li>\n<li style='margin-bottom: 5px;'>Ancho de banda del altavoz (m\u00fasica): 20 Hz \u2013 20 000 Hz<\/li>\n<li style='margin-bottom: 5px;'>Ancho de banda del altavoz (conversaci\u00f3n): 150 Hz \u2013 6800 Hz<\/li>\n<li style='margin-bottom: 5px;'>C\u00f3decs de audio admitidos: SBC<\/li>\n<li style='margin-bottom: 5px;'>Micr\u00f3fonos: 2 MEMS anal\u00f3gicos \/ 4 MEMS digitales (est\u00e9reo)<\/li>\n<li style='margin-bottom: 5px;'>Sensibilidad del micr\u00f3fono: -38 dBv\/Pa \/ -26 dBFS\/Pa<\/li>\n<li style='margin-bottom: 5px;'>Rango de frecuencia del micr\u00f3fono: 20 Hz \u2013 10 000 Hz \/ 100 Hz \u2013 6300 Hz<\/li>\n<li style='margin-bottom: 5px;'>Protecci\u00f3n ac\u00fastica: PeakStop\u2122&comma; Jabra SafeTone\u2122&comma; G616<\/li>\n<li style='margin-bottom: 5px;'>Certificaciones: Alcatel-Lucent&comma; Avaya&comma; Cisco&comma; Unify&comma; MFi&comma; Zoom&comma; Google Meet&comma; Amazon Chime&comma; Google Fast Pair&comma; Microsoft Teams (seg\u00fan variante)<\/li>\n<\/ul><\/div>\n<\/p><\/div>\n<div style='flex: 1 1 250px; border: 1px solid rgba(150&comma; 150&comma; 150&comma; 0.4); border-radius: 8px; overflow: hidden; display: flex; flex-direction: column;'>\n<div style='padding: 15px; border-bottom: 1px solid rgba(150&comma; 150&comma; 150&comma; 0.2); font-weight: bold; font-size: 18px; color: inherit;'>Software y aplicaciones<\/div>\n<div style='padding: 15px; color: inherit;'>\n<ul style='padding-left: 20px; margin: 0; font-size: 14px; list-style-type: disc;'>\n<li style='margin-bottom: 5px;'>Jabra Direct<\/li>\n<li style='margin-bottom: 5px;'>Jabra Sound+<\/li>\n<li style='margin-bottom: 5px;'>Jabra Xpress<\/li>\n<li style='margin-bottom: 5px;'>Fast Pair (Android): S\u00ed<\/li>\n<\/ul><\/div>\n<\/p><\/div>\n<div style='flex: 1 1 250px; border: 1px solid rgba(150&comma; 150&comma; 150&comma; 0.4); border-radius: 8px; overflow: hidden; display: flex; flex-direction: column;'>\n<div style='padding: 15px; border-bottom: 1px solid rgba(150&comma; 150&comma; 150&comma; 0.2); font-weight: bold; font-size: 18px; color: inherit;'>Ajuste y comodidad<\/div>\n<div style='padding: 15px; color: inherit;'>\n<ul style='padding-left: 20px; margin: 0; font-size: 14px; list-style-type: disc;'>\n<li style='margin-bottom: 5px;'>Formato: Diadema por encima de la oreja<\/li>\n<\/ul><\/div>\n<\/p><\/div>\n<div style='flex: 1 1 250px; border: 1px solid rgba(150&comma; 150&comma; 150&comma; 0.4); border-radius: 8px; overflow: hidden; display: flex; flex-direction: column;'>\n<div style='padding: 15px; border-bottom: 1px solid rgba(150&comma; 150&comma; 150&comma; 0.2); font-weight: bold; font-size: 18px; color: inherit;'>Conectividad<\/div>\n<div style='padding: 15px; color: inherit;'>\n<ul style='padding-left: 20px; margin: 0; font-size: 14px; list-style-type: disc;'>\n<li style='margin-bottom: 5px;'>Bluetooth y USB-A<\/li>\n<li style='margin-bottom: 5px;'>Bluetooth 5.2<\/li>\n<li style='margin-bottom: 5px;'>Perfiles: A2DP&comma; AVRCP&comma; HFP&comma; HSP&comma; PBAP&comma; SPP<\/li>\n<li style='margin-bottom: 5px;'>Alcance: Hasta 30 m<\/li>\n<li style='margin-bottom: 5px;'>Hasta 8 dispositivos sincronizados<\/li>\n<li style='margin-bottom: 5px;'>2 conexiones simult\u00e1neas<\/li>\n<\/ul><\/div>\n<\/p><\/div>\n<div style='flex: 1 1 250px; border: 1px solid rgba(150&comma; 150&comma; 150&comma; 0.4); border-radius: 8px; overflow: hidden; display: flex; flex-direction: column;'>\n<div style='padding: 15px; border-bottom: 1px solid rgba(150&comma; 150&comma; 150&comma; 0.2); font-weight: bold; font-size: 18px; color: inherit;'>Bater\u00eda<\/div>\n<div style='padding: 15px; color: inherit;'>\n<ul style='padding-left: 20px; margin: 0; font-size: 14px; list-style-type: disc;'>\n<li style='margin-bottom: 5px;'>M\u00fasica: Hasta 32 h (sin ANC) \/ 21 h (con ANC)<\/li>\n<li style='margin-bottom: 5px;'>Conversaci\u00f3n: Hasta 20 h \/ 15 h<\/li>\n<li style='margin-bottom: 5px;'>Carga USB-C<\/li>\n<li style='margin-bottom: 5px;'>Tiempo de carga: Hasta 120 minutos<\/li>\n<li style='margin-bottom: 5px;'>45% de bater\u00eda en 30 minutos<\/li>\n<li style='margin-bottom: 5px;'>Bater\u00eda de iones de litio recargable<\/li>\n<\/ul><\/div>\n<\/p><\/div>\n<div style='flex: 1 1 250px; border: 1px solid rgba(150&comma; 150&comma; 150&comma; 0.4); border-radius: 8px; overflow: hidden; display: flex; flex-direction: column;'>\n<div style='padding: 15px; border-bottom: 1px solid rgba(150&comma; 150&comma; 150&comma; 0.2); font-weight: bold; font-size: 18px; color: inherit;'>General<\/div>\n<div style='padding: 15px; color: inherit;'>\n<ul style='padding-left: 20px; margin: 0; font-size: 14px; list-style-type: disc;'>\n<li style='margin-bottom: 5px;'>Contenido: Auricular&comma; Jabra Link 380&comma; cable USB&comma; bolsa&comma; documentos&comma; base de carga (seg\u00fan SKU)<\/li>\n<li style='margin-bottom: 5px;'>Dimensiones: 200 \u00d7 108 \u00d7 155 mm<\/li>\n<li style='margin-bottom: 5px;'>Peso: 136 g<\/li>\n<li style='margin-bottom: 5px;'>Materiales: Polipiel&comma; pl\u00e1stico PC\/ABS&comma; acero inoxidable<\/li>\n<li style='margin-bottom: 5px;'>Garant\u00eda: 2 a\u00f1os<\/li>\n<li style='margin-bottom: 5px;'>LEDs: Luz de ocupado&comma; llamada entrante&comma; acoplamiento<\/li>\n<\/ul><\/div>\n<\/p><\/div>\n<div style='flex: 1 1 250px; border: 1px solid rgba(150&comma; 150&comma; 150&comma; 0.4); border-radius: 8px; overflow: hidden; display: flex; flex-direction: column;'>\n<div style='padding: 15px; border-bottom: 1px solid rgba(150&comma; 150&comma; 150&comma; 0.2); font-weight: bold; font-size: 18px; color: inherit;'>Informaci\u00f3n ampliada<\/div>\n<div style='padding: 15px; color: inherit;'>\n<ul style='padding-left: 20px; margin: 0; font-size: 14px; list-style-type: disc;'>\n<li style='margin-bottom: 5px;'>Temperatura de operaci\u00f3n: -5 \u00b0C a 45 \u00b0C<\/li>\n<li style='margin-bottom: 5px;'>Temperatura de almacenamiento: -10 \u00b0C a 55 \u00b0C<\/li>\n<\/ul><\/div>\n<\/p><\/div>\n<\/p><\/div>\n<p> <!-- Separador --> <\/p>\n<hr style='border: 0; border-top: 1px solid rgba(150&comma;150&comma;150&comma;0.3); margin: 30px 0;'> <!-- CIERRE --> <\/p>\n<div style='background: #FFD100; color: #000; text-align: center; padding: 20px; margin-top: 40px;'> Auriculares profesionales dise\u00f1ados para el trabajo h\u00edbrido moderno <\/div>\n<\/p><\/div>\n","protected":false},"excerpt":{"rendered":"<p>Jabra Evolve2 65 Flex, Auricular stereo versi\u00f3n MS, dongle USB-A con cancelaci\u00f3n de ruido (26699-999-999)<\/p>\n","protected":false},"featured_media":87738,"comment_status":"open","ping_status":"closed","template":"","meta":[],"product_brand":[],"product_cat":[2050],"product_tag":[2051,2052,2004],"class_list":{"0":"post-87739","1":"product","2":"type-product","3":"status-publish","4":"has-post-thumbnail","6":"product_cat-auriculares","7":"product_tag-auriculares","8":"product_tag-jabra","9":"product_tag-voip-telefonia-ip-videoconferencia","11":"first","12":"instock","13":"sale","14":"shipping-taxable","15":"purchasable","16":"product-type-simple"},"_links":{"self":[{"href":"https:\/\/soydeaqui.ddns.net\/pachuca\/index.php\/wp-json\/wp\/v2\/product\/87739","targetHints":{"allow":["GET"]}}],"collection":[{"href":"https:\/\/soydeaqui.ddns.net\/pachuca\/index.php\/wp-json\/wp\/v2\/product"}],"about":[{"href":"https:\/\/soydeaqui.ddns.net\/pachuca\/index.php\/wp-json\/wp\/v2\/types\/product"}],"replies":[{"embeddable":true,"href":"https:\/\/soydeaqui.ddns.net\/pachuca\/index.php\/wp-json\/wp\/v2\/comments?post=87739"}],"wp:featuredmedia":[{"embeddable":true,"href":"https:\/\/soydeaqui.ddns.net\/pachuca\/index.php\/wp-json\/wp\/v2\/media\/87738"}],"wp:attachment":[{"href":"https:\/\/soydeaqui.ddns.net\/pachuca\/index.php\/wp-json\/wp\/v2\/media?parent=87739"}],"wp:term":[{"taxonomy":"product_brand","embeddable":true,"href":"https:\/\/soydeaqui.ddns.net\/pachuca\/index.php\/wp-json\/wp\/v2\/product_brand?post=87739"},{"taxonomy":"product_cat","embeddable":true,"href":"https:\/\/soydeaqui.ddns.net\/pachuca\/index.php\/wp-json\/wp\/v2\/product_cat?post=87739"},{"taxonomy":"product_tag","embeddable":true,"href":"https:\/\/soydeaqui.ddns.net\/pachuca\/index.php\/wp-json\/wp\/v2\/product_tag?post=87739"}],"curies":[{"name":"wp","href":"https:\/\/api.w.org\/{rel}","templated":true}]}}