{"id":87694,"date":"2026-03-19T23:18:12","date_gmt":"2026-03-19T23:18:12","guid":{"rendered":"https:\/\/soydeaqui.ddns.net\/pachuca\/index.php\/producto\/zapata-de-compresion-lcc500-12-6-para-cal-500-kcmil-doble-barreno-para-tornillo-prisionero-de-1-2-espaciado-de-orificios-44-5mm-1-pz\/"},"modified":"2026-03-19T23:18:31","modified_gmt":"2026-03-19T23:18:31","slug":"zapata-de-compresion-lcc500-12-6-para-cal-500-kcmil-doble-barreno-para-tornillo-prisionero-de-1-2-espaciado-de-orificios-44-5mm-1-pz","status":"publish","type":"product","link":"https:\/\/soydeaqui.ddns.net\/pachuca\/index.php\/producto\/zapata-de-compresion-lcc500-12-6-para-cal-500-kcmil-doble-barreno-para-tornillo-prisionero-de-1-2-espaciado-de-orificios-44-5mm-1-pz\/","title":{"rendered":"Zapata de compresi\u00f3n LCC500-12-6 para cal. 500 Kcmil, Doble barreno para tornillo prisionero de 1\/2, Espaciado de orificios 44.5mm, 1 Pz"},"content":{"rendered":"<div style='width: 100%; max-width: 1200px; margin: 0 auto; font-family: sans-serif; line-height: 1.6; color: inherit; background-color: transparent;'> <!-- Imagen de marca --> <\/p>\n<div style='margin-bottom: 30px;'> <img style='width: 300px; height: auto; border: 1px solid rgba(150&comma;150&comma;150&comma;0.3); border-radius: 8px;' src='https:\/\/ftp3.syscom.mx\/usuarios\/fotos\/SCL2\/0X\/214870-217843-panduit-logo-tm-negro-fondo_trans30-01_(002)_(1).png' alt=''> <\/div>\n<p> <!-- T\u00edtulo del producto --> <\/p>\n<div style='margin-bottom: 30px;'>\n<h1 style='font-size: 30px; font-weight: 500; margin: 0; padding: 0; color: inherit; opacity: 0.8; line-height: 1.2;'> Terminal de Compresi\u00f3n Barril&comma; 2 Orificios 1\/2&#8217;&comma; para Cable 500 KCMIL&comma; Espacio entre Orificios 1.75&#8242; <\/h1>\n<\/p><\/div>\n<p> <!-- Contenedor principal --> <\/p>\n<div style='display: flex; flex-wrap: wrap; gap: 30px;'> <!-- Columna izquierda --> <\/p>\n<div style='flex: 1 1 600px; min-width: 300px;'> <!-- N\u00famero de modelo --> <\/p>\n<div style='margin-bottom: 20px;'>\n<h3 style='font-size: 21px; font-weight: 500; margin: 0; padding: 0; color: inherit; opacity: 0.8; line-height: 1.2;'> LCC500-12-6 <\/h3>\n<\/p><\/div>\n<p> <!-- Imagen del producto --> <\/p>\n<div style='margin-bottom: 30px;'> <img style='width: 100%; height: auto; border: 1px solid rgba(150&comma;150&comma;150&comma;0.3); border-radius: 8px;' src='https:\/\/ftp3.syscom.mx\/usuarios\/fotos\/LCC500126\/220536-captura_de_pantalla_2023-07-19_a_la(s)_12.38.12.png' alt=''> <\/div>\n<p> <!-- Descripci\u00f3n --> <\/p>\n<div>\n<p style='font-size: 15px; margin-bottom: 15px; color: inherit;'> Tal\u00f3n de conector de compresi\u00f3n de cobre esta\u00f1ado LCC500-12-6&comma; dos orificios&comma; tambor largo y tambores codificados por color marcados con n\u00fameros de \u00edndice de dado de Panduit y de un competidor especificado para la adecuada selecci\u00f3n de dados. El tambor largo maximiza la cantidad de prensas y ofrece alta calidad de rendimiento y resistencia de extracci\u00f3n del cable. El tambor cerrado evita que ingrese material corrosivo en entornos hostiles. Incluido en el Listado UL y certificado por CSA. <\/p>\n<\/p><\/div>\n<\/p><\/div>\n<\/p><\/div>\n<p> <!-- Separador --> <\/p>\n<hr style='border: 0; border-top: 1px solid rgba(150&comma; 150&comma; 150&comma; 0.3); margin: 30px 0;'> <\/div>\n","protected":false},"excerpt":{"rendered":"<p>Zapata de compresi\u00f3n LCC500-12-6 para cal. 500 Kcmil, Doble barreno para tornillo prisionero de 1\/2, Espaciado de orificios 44.5mm, 1 Pz<\/p>\n","protected":false},"featured_media":87693,"comment_status":"open","ping_status":"closed","template":"","meta":[],"product_brand":[],"product_cat":[604],"product_tag":[606,445,605],"class_list":{"0":"post-87694","1":"product","2":"type-product","3":"status-publish","4":"has-post-thumbnail","6":"product_cat-accesorios-para-racks-y-gabinetes","7":"product_tag-accesorios-para-racks-y-gabinetes","8":"product_tag-panduit","9":"product_tag-racks-y-gabinetes","11":"first","12":"instock","13":"sale","14":"shipping-taxable","15":"purchasable","16":"product-type-simple"},"_links":{"self":[{"href":"https:\/\/soydeaqui.ddns.net\/pachuca\/index.php\/wp-json\/wp\/v2\/product\/87694","targetHints":{"allow":["GET"]}}],"collection":[{"href":"https:\/\/soydeaqui.ddns.net\/pachuca\/index.php\/wp-json\/wp\/v2\/product"}],"about":[{"href":"https:\/\/soydeaqui.ddns.net\/pachuca\/index.php\/wp-json\/wp\/v2\/types\/product"}],"replies":[{"embeddable":true,"href":"https:\/\/soydeaqui.ddns.net\/pachuca\/index.php\/wp-json\/wp\/v2\/comments?post=87694"}],"wp:featuredmedia":[{"embeddable":true,"href":"https:\/\/soydeaqui.ddns.net\/pachuca\/index.php\/wp-json\/wp\/v2\/media\/87693"}],"wp:attachment":[{"href":"https:\/\/soydeaqui.ddns.net\/pachuca\/index.php\/wp-json\/wp\/v2\/media?parent=87694"}],"wp:term":[{"taxonomy":"product_brand","embeddable":true,"href":"https:\/\/soydeaqui.ddns.net\/pachuca\/index.php\/wp-json\/wp\/v2\/product_brand?post=87694"},{"taxonomy":"product_cat","embeddable":true,"href":"https:\/\/soydeaqui.ddns.net\/pachuca\/index.php\/wp-json\/wp\/v2\/product_cat?post=87694"},{"taxonomy":"product_tag","embeddable":true,"href":"https:\/\/soydeaqui.ddns.net\/pachuca\/index.php\/wp-json\/wp\/v2\/product_tag?post=87694"}],"curies":[{"name":"wp","href":"https:\/\/api.w.org\/{rel}","templated":true}]}}