{"id":87687,"date":"2026-03-19T23:17:53","date_gmt":"2026-03-19T23:17:53","guid":{"rendered":"https:\/\/soydeaqui.ddns.net\/pachuca\/index.php\/producto\/zapata-de-compresion-lcd1000-00-3-para-cal-1-kcmil-lengueta-recta-ancho-55-11mm-longitud-146-55mm-1-pz\/"},"modified":"2026-03-19T23:18:00","modified_gmt":"2026-03-19T23:18:00","slug":"zapata-de-compresion-lcd1000-00-3-para-cal-1-kcmil-lengueta-recta-ancho-55-11mm-longitud-146-55mm-1-pz","status":"publish","type":"product","link":"https:\/\/soydeaqui.ddns.net\/pachuca\/index.php\/producto\/zapata-de-compresion-lcd1000-00-3-para-cal-1-kcmil-lengueta-recta-ancho-55-11mm-longitud-146-55mm-1-pz\/","title":{"rendered":"Zapata de compresi\u00f3n LCD1000-00-3 para cal. 1 Kcmil, Leng\u00fceta recta, Ancho 55.11mm, Longitud 146.55mm. 1 pz"},"content":{"rendered":"<div style='width: 100%; max-width: 1200px; margin: 0 auto; font-family: sans-serif; line-height: 1.6; color: inherit; background-color: transparent;'> <!-- Logo --> <\/p>\n<div style='margin-bottom: 20px;'> <img style='width: 100%; max-width: 300px; height: auto; border: 1px solid rgba(150&comma;150&comma;150&comma;0.3); border-radius: 8px;' src='https:\/\/ftp3.syscom.mx\/usuarios\/fotos\/SCL2\/0X\/214870-217843-panduit-logo-tm-negro-fondo_trans30-01_(002)_(1).png' alt=''> <\/div>\n<p> <!-- T\u00edtulo y modelo --> <\/p>\n<div style='margin-bottom: 20px;'>\n<h1 style='font-size: 28px; color: inherit; margin: 0 0 15px; padding: 0; font-weight: 500; line-height: 1.2; border-bottom: 2px solid currentColor; padding-bottom: 8px;'>Pan-Lug\u2122 Terminal de Compresi\u00f3n de Cobre de Leng\u00fceta Larga Plana para Cable 1000 KCMIL<\/h1>\n<h3 style='font-size: 21px; color: inherit; opacity: 0.8; margin: 0 0 10px; padding: 0; font-weight: 500;'>LCD1000-00-3<\/h3>\n<\/p><\/div>\n<p> <!-- Descripci\u00f3n --> <\/p>\n<div style='margin-bottom: 30px;'>\n<p style='font-size: 15px; color: inherit; margin: 0 0 15px;'>Tal\u00f3n de conector de compresi\u00f3n de cobre LCD1000-00-3&comma; dos orificios&comma; tambor est\u00e1ndar&comma; tambores codificados por colores marcados con n\u00fameros de \u00edndice de matriz de Panduit y de un competidor especificado para la adecuada selecci\u00f3n de matriz de prensado. Una mirilla de inspecci\u00f3n ayuda a comprobar visualmente la inserci\u00f3n total del conductor&comma; y el material esta\u00f1ado previene la corrosi\u00f3n. Est\u00e1 incluido en el Listado UL y certificado por CSA para 35kV y con calificaci\u00f3n de temperatura hasta 90\u00b0C.<\/p>\n<\/p><\/div>\n<p> <!-- Imagen del producto --> <\/p>\n<div style='margin-bottom: 30px;'> <img style='width: 100%; height: auto; border: 1px solid rgba(150&comma;150&comma;150&comma;0.3); border-radius: 8px;' src='https:\/\/ftp3.syscom.mx\/usuarios\/fotos\/LCD1000003\/220541-captura_de_pantalla_2023-07-19_a_la(s)_15.55.41.png' alt=''> <\/div>\n<\/p><\/div>\n","protected":false},"excerpt":{"rendered":"<p>Zapata de compresi\u00f3n LCD1000-00-3 para cal. 1 Kcmil, Leng\u00fceta recta, Ancho 55.11mm, Longitud 146.55mm. 1 pz<\/p>\n","protected":false},"featured_media":87686,"comment_status":"open","ping_status":"closed","template":"","meta":[],"product_brand":[],"product_cat":[604],"product_tag":[606,445,605],"class_list":{"0":"post-87687","1":"product","2":"type-product","3":"status-publish","4":"has-post-thumbnail","6":"product_cat-accesorios-para-racks-y-gabinetes","7":"product_tag-accesorios-para-racks-y-gabinetes","8":"product_tag-panduit","9":"product_tag-racks-y-gabinetes","11":"first","12":"instock","13":"sale","14":"shipping-taxable","15":"purchasable","16":"product-type-simple"},"_links":{"self":[{"href":"https:\/\/soydeaqui.ddns.net\/pachuca\/index.php\/wp-json\/wp\/v2\/product\/87687","targetHints":{"allow":["GET"]}}],"collection":[{"href":"https:\/\/soydeaqui.ddns.net\/pachuca\/index.php\/wp-json\/wp\/v2\/product"}],"about":[{"href":"https:\/\/soydeaqui.ddns.net\/pachuca\/index.php\/wp-json\/wp\/v2\/types\/product"}],"replies":[{"embeddable":true,"href":"https:\/\/soydeaqui.ddns.net\/pachuca\/index.php\/wp-json\/wp\/v2\/comments?post=87687"}],"wp:featuredmedia":[{"embeddable":true,"href":"https:\/\/soydeaqui.ddns.net\/pachuca\/index.php\/wp-json\/wp\/v2\/media\/87686"}],"wp:attachment":[{"href":"https:\/\/soydeaqui.ddns.net\/pachuca\/index.php\/wp-json\/wp\/v2\/media?parent=87687"}],"wp:term":[{"taxonomy":"product_brand","embeddable":true,"href":"https:\/\/soydeaqui.ddns.net\/pachuca\/index.php\/wp-json\/wp\/v2\/product_brand?post=87687"},{"taxonomy":"product_cat","embeddable":true,"href":"https:\/\/soydeaqui.ddns.net\/pachuca\/index.php\/wp-json\/wp\/v2\/product_cat?post=87687"},{"taxonomy":"product_tag","embeddable":true,"href":"https:\/\/soydeaqui.ddns.net\/pachuca\/index.php\/wp-json\/wp\/v2\/product_tag?post=87687"}],"curies":[{"name":"wp","href":"https:\/\/api.w.org\/{rel}","templated":true}]}}