{"id":87666,"date":"2026-03-19T23:16:59","date_gmt":"2026-03-19T23:16:59","guid":{"rendered":"https:\/\/soydeaqui.ddns.net\/pachuca\/index.php\/producto\/switch-administrable-poe-8-puertos-poe-af-at-gigabit-2-x-sfp-gigabit-administracion-cloud-gratuita-presupuesto-120-w\/"},"modified":"2026-03-19T23:17:07","modified_gmt":"2026-03-19T23:17:07","slug":"switch-administrable-poe-8-puertos-poe-af-at-gigabit-2-x-sfp-gigabit-administracion-cloud-gratuita-presupuesto-120-w","status":"publish","type":"product","link":"https:\/\/soydeaqui.ddns.net\/pachuca\/index.php\/producto\/switch-administrable-poe-8-puertos-poe-af-at-gigabit-2-x-sfp-gigabit-administracion-cloud-gratuita-presupuesto-120-w\/","title":{"rendered":"Switch Administrable PoE  \/ 8 puertos PoE af\/at Gigabit \/  2 x SFP Gigabit \/ Administraci\u00f3n Cloud Gratuita \/ Presupuesto 120 W"},"content":{"rendered":"<div style='width: 100%; max-width: 1200px; margin: 0 auto; font-family: sans-serif; line-height: 1.6; color: inherit; background-color: transparent;'>\n<div style='display: flex; flex-direction: column; gap: 30px;'>\n<div style='width: 100%; text-align: center;'> <img style='width: 100%; height: auto; border: 1px solid rgba(150&comma;150&comma;150&comma;0.3); border-radius: 8px;' src='http:\/\/ftp3.syscom.mx\/usuarios\/ftp\/2025\/04\/04\/1908\/Facil_mantenimiento.jpg_froala_67f0022118d55' alt=''> <\/div>\n<div style='display: flex; flex-direction: column; gap: 15px;'>\n<h3 style='font-size: 22px; border-bottom: 2px solid currentColor; padding-bottom: 5px; margin-top: 0; color: inherit; opacity: 0.8;'>Caracter\u00edsticas Principales<\/h3>\n<div style='width: 100%; text-align: center;'> <img style='width: 100%; height: auto; border: 1px solid rgba(150&comma;150&comma;150&comma;0.3); border-radius: 8px;' src='http:\/\/ftp3.syscom.mx\/usuarios\/ftp\/2025\/04\/04\/1908\/Cloud.jpg_froala_67eff6acb4a39' alt=''> <\/div>\n<\/p><\/div>\n<div style='display: flex; flex-direction: column; gap: 15px;'>\n<h3 style='font-size: 22px; border-bottom: 2px solid currentColor; padding-bottom: 5px; margin-top: 0; color: inherit; opacity: 0.8;'>Prevenci\u00f3n Autom\u00e1tica de Bucles<\/h3>\n<div style='width: 100%; text-align: center;'> <img style='width: 100%; height: auto; border: 1px solid rgba(150&comma;150&comma;150&comma;0.3); border-radius: 8px;' src='http:\/\/ftp3.syscom.mx\/usuarios\/ftp\/2025\/04\/04\/1908\/loop.jpg_froala_67eff8ec243f2' alt=''> <\/div>\n<\/p><\/div>\n<div style='display: flex; flex-direction: column; gap: 15px;'>\n<h3 style='font-size: 22px; border-bottom: 2px solid currentColor; padding-bottom: 5px; margin-top: 0; color: inherit; opacity: 0.8;'>Estad\u00edsticas en tiempo real&comma; monitorea y configura remotamente<\/h3>\n<div style='width: 100%; text-align: center;'> <img style='width: 100%; height: auto; border: 1px solid rgba(150&comma;150&comma;150&comma;0.3); border-radius: 8px;' src='http:\/\/ftp3.syscom.mx\/usuarios\/ftp\/2025\/04\/04\/1908\/estatus_de_red.jpg_froala_67effa1b29421' alt=''> <\/div>\n<\/p><\/div>\n<div style='display: flex; flex-direction: column; gap: 15px;'>\n<h3 style='font-size: 22px; border-bottom: 2px solid currentColor; padding-bottom: 5px; margin-top: 0; color: inherit; opacity: 0.8;'>PoE Watchdog&comma; monitorea el estado de la c\u00e1mara<\/h3>\n<div style='width: 100%; text-align: center;'> <img style='width: 100%; height: auto; border: 1px solid rgba(150&comma;150&comma;150&comma;0.3); border-radius: 8px;' src='http:\/\/ftp3.syscom.mx\/usuarios\/ftp\/2025\/04\/04\/1908\/ping_watchdog.jpg_froala_67f001e01c7a4' alt=''> <\/div>\n<\/p><\/div>\n<hr style='border: 0; border-top: 1px solid rgba(150&comma;150&comma;150&comma;0.3); margin: 30px 0;'>\n<div style='display: flex; flex-wrap: wrap; gap: 20px;'>\n<div style='flex: 1 1 250px; border: 1px solid rgba(150&comma; 150&comma; 150&comma; 0.4); border-radius: 8px; overflow: hidden; display: flex; flex-direction: column;'>\n<div style='padding: 15px; border-bottom: 1px solid rgba(150&comma; 150&comma; 150&comma; 0.2); font-weight: bold; font-size: 18px; color: inherit;'>Especificaciones<\/div>\n<div style='padding: 15px; color: inherit;'>\n<ul style='padding-left: 20px; margin: 0; font-size: 14px; list-style-type: disc;'>\n<li style='margin-bottom: 5px;'><strong>Dimensiones:<\/strong> 220 x 150 x 44 mm<\/li>\n<li style='margin-bottom: 5px;'><strong>Puertos:<\/strong> (8) Puertos RJ45&comma; 10\/100\/1000 Mbps&comma; (2) Puertos SFP&comma; 1000 Mbps<\/li>\n<li style='margin-bottom: 5px;'><strong>Puertos PoE:<\/strong> 8 puertos PoE af\/at&comma; 30W m\u00e1ximo<\/li>\n<li style='margin-bottom: 5px;'><strong>Tipo de PoE:<\/strong> End-Span<\/li>\n<li style='margin-bottom: 5px;'><strong>Presupuesto PoE:<\/strong> 120W<\/li>\n<li style='margin-bottom: 5px;'><strong>Consuma m\u00e1x:<\/strong> Equipo: 10W&comma; Con PoE: 130W<\/li>\n<li style='margin-bottom: 5px;'><strong>Alimentaci\u00f3n:<\/strong> 100-240 Vca&comma; 50\/60 Hz<\/li>\n<li style='margin-bottom: 5px;'><strong>Memoria y Flash:<\/strong> Memoria: 128K DDR3&comma; Flash: 16MB<\/li>\n<li style='margin-bottom: 5px;'><strong>Ventilador:<\/strong> 1<\/li>\n<li style='margin-bottom: 5px;'><strong>Bot\u00f3n Reset:<\/strong> S\u00ed&comma; presionar > 5 segundos<\/li>\n<\/ul><\/div>\n<\/p><\/div>\n<div style='flex: 1 1 250px; border: 1px solid rgba(150&comma; 150&comma; 150&comma; 0.4); border-radius: 8px; overflow: hidden; display: flex; flex-direction: column;'>\n<div style='padding: 15px; border-bottom: 1px solid rgba(150&comma; 150&comma; 150&comma; 0.2); font-weight: bold; font-size: 18px; color: inherit;'>Caracter\u00edsticas<\/div>\n<div style='padding: 15px; color: inherit;'>\n<ul style='padding-left: 20px; margin: 0; font-size: 14px; list-style-type: disc;'>\n<li style='margin-bottom: 5px;'><strong>Capacidad de switcheo:<\/strong> 12 Gbps<\/li>\n<li style='margin-bottom: 5px;'><strong>Reenv\u00edo de paquetes:<\/strong> 8.93 Mpps<\/li>\n<li style='margin-bottom: 5px;'><strong>Tabla MAC:<\/strong> 8k<\/li>\n<li style='margin-bottom: 5px;'><strong>Memoria Buffer:<\/strong> 4.1 Mbit<\/li>\n<li style='margin-bottom: 5px;'><strong>Jumbo Frame:<\/strong> 9 kB<\/li>\n<li style='margin-bottom: 5px;'><strong>Temperatura de operaci\u00f3n:<\/strong> -10 a 50\u00b0 C<\/li>\n<li style='margin-bottom: 5px;'><strong>Certificaciones:<\/strong> CE&comma; FCC&comma; RoHS&comma; UKCA&comma; RCM<\/li>\n<li style='margin-bottom: 5px;'><strong>Interfaz Switch:<\/strong> IP&comma; Administrador&comma; Actualizaci\u00f3n firmware&comma; Reset&comma; Reboot<\/li>\n<li style='margin-bottom: 5px;'><strong>Monitoreo:<\/strong> Estad\u00edsticas de puertos&comma; Diagn\u00f3stico de cable&comma; Protecci\u00f3n de bucles&comma; Prueba de ping<\/li>\n<li style='margin-bottom: 5px;'><strong>Configuraciones Switch:<\/strong> Port mirroring&comma; Port Insolation&comma; Port reboot&comma; Jumbo frame&comma; MAC est\u00e1tica&comma; B\u00fasqueda de MAC&comma; Lista de MAC&comma; DHCP Snooping&comma; QoS&comma; VLAN&#8217;s (1-4094)&comma; PoE<\/li>\n<li style='margin-bottom: 5px;'><strong>ONVIF:<\/strong> Identifica autom\u00e1ticamente las c\u00e1maras que soportan protocolo ONVIF<\/li>\n<\/ul><\/div>\n<\/p><\/div>\n<div style='flex: 1 1 250px; border: 1px solid rgba(150&comma; 150&comma; 150&comma; 0.4); border-radius: 8px; overflow: hidden; display: flex; flex-direction: column;'>\n<div style='padding: 15px; border-bottom: 1px solid rgba(150&comma;150&comma;150&comma;0.2); font-weight: bold; font-size: 18px; color: inherit;'>Otros<\/div>\n<div style='padding: 15px; color: inherit;'>\n<ul style='padding-left: 20px; margin: 0; font-size: 14px; list-style-type: disc;'>\n<li style='margin-bottom: 5px;'><strong>Contenido del Paquete:<\/strong> 1 Switch WI-PCES310GF&comma; 1 Cable de corriente&comma; 1 Kit montaje en rack&comma; 1 Gu\u00eda de instalaci\u00f3n r\u00e1pida<\/li>\n<\/ul><\/div>\n<\/p><\/div>\n<\/p><\/div>\n<\/p><\/div>\n<\/p><\/div>\n","protected":false},"excerpt":{"rendered":"<p>Switch Administrable PoE  \/ 8 puertos PoE af\/at Gigabit \/  2 x SFP Gigabit \/ Administraci\u00f3n Cloud Gratuita \/ Presupuesto 120 W<\/p>\n","protected":false},"featured_media":87665,"comment_status":"open","ping_status":"closed","template":"","meta":[],"product_brand":[],"product_cat":[1986],"product_tag":[664,1987,1262],"class_list":{"0":"post-87666","1":"product","2":"type-product","3":"status-publish","4":"has-post-thumbnail","6":"product_cat-switches-poe","7":"product_tag-networking","8":"product_tag-switches-poe","9":"product_tag-wi-tek","11":"first","12":"instock","13":"sale","14":"shipping-taxable","15":"purchasable","16":"product-type-simple"},"_links":{"self":[{"href":"https:\/\/soydeaqui.ddns.net\/pachuca\/index.php\/wp-json\/wp\/v2\/product\/87666","targetHints":{"allow":["GET"]}}],"collection":[{"href":"https:\/\/soydeaqui.ddns.net\/pachuca\/index.php\/wp-json\/wp\/v2\/product"}],"about":[{"href":"https:\/\/soydeaqui.ddns.net\/pachuca\/index.php\/wp-json\/wp\/v2\/types\/product"}],"replies":[{"embeddable":true,"href":"https:\/\/soydeaqui.ddns.net\/pachuca\/index.php\/wp-json\/wp\/v2\/comments?post=87666"}],"wp:featuredmedia":[{"embeddable":true,"href":"https:\/\/soydeaqui.ddns.net\/pachuca\/index.php\/wp-json\/wp\/v2\/media\/87665"}],"wp:attachment":[{"href":"https:\/\/soydeaqui.ddns.net\/pachuca\/index.php\/wp-json\/wp\/v2\/media?parent=87666"}],"wp:term":[{"taxonomy":"product_brand","embeddable":true,"href":"https:\/\/soydeaqui.ddns.net\/pachuca\/index.php\/wp-json\/wp\/v2\/product_brand?post=87666"},{"taxonomy":"product_cat","embeddable":true,"href":"https:\/\/soydeaqui.ddns.net\/pachuca\/index.php\/wp-json\/wp\/v2\/product_cat?post=87666"},{"taxonomy":"product_tag","embeddable":true,"href":"https:\/\/soydeaqui.ddns.net\/pachuca\/index.php\/wp-json\/wp\/v2\/product_tag?post=87666"}],"curies":[{"name":"wp","href":"https:\/\/api.w.org\/{rel}","templated":true}]}}