{"id":87471,"date":"2026-03-19T23:08:18","date_gmt":"2026-03-19T23:08:18","guid":{"rendered":"https:\/\/soydeaqui.ddns.net\/pachuca\/index.php\/producto\/olt-gpon-optixaccess-carrier-class-con-1-tarjeta-de-16-puertos-gpon-15-ranuras-2-fuentes-de-alimentacion-dc-11-ur\/"},"modified":"2026-03-19T23:08:21","modified_gmt":"2026-03-19T23:08:21","slug":"olt-gpon-optixaccess-carrier-class-con-1-tarjeta-de-16-puertos-gpon-15-ranuras-2-fuentes-de-alimentacion-dc-11-ur","status":"publish","type":"product","link":"https:\/\/soydeaqui.ddns.net\/pachuca\/index.php\/producto\/olt-gpon-optixaccess-carrier-class-con-1-tarjeta-de-16-puertos-gpon-15-ranuras-2-fuentes-de-alimentacion-dc-11-ur\/","title":{"rendered":"OLT GPON OptiXAccess Carrier Class con 1 tarjeta de 16 puertos GPON, 15 ranuras, 2 Fuentes de alimentaci\u00f3n DC, 11 UR"},"content":{"rendered":"<div style='width: 100%; max-width: 1200px; margin: 0 auto; font-family: sans-serif; line-height: 1.6; color: inherit; background-color: transparent;'>\n<div style='display: flex; flex-wrap: wrap; gap: 30px; margin-bottom: 30px;'>\n<div style='flex: 1 1 300px; min-width: 280px;'> <img style='width: 100%; height: auto; border: 1px solid rgba(150&comma;150&comma;150&comma;0.3); border-radius: 8px;' src='https:\/\/ftp3.syscom.mx\/usuarios\/orobles\/Huawei\/Huawei-horizontal-logo_2018.jpg' alt='Huawei Logo'> <\/div>\n<\/p><\/div>\n<div style='display: flex; flex-wrap: wrap; gap: 30px; margin-bottom: 30px;'>\n<div style='flex: 1 1 300px; min-width: 280px;'>\n<h3 style='font-size: 22px; border-bottom: 2px solid currentColor; padding-bottom: 5px; margin-top: 0; color: inherit; opacity: 0.8;'>Descripci\u00f3n<\/h3>\n<p style='font-size: 15px; color: inherit;'>Desarrollado sobre la base de la arquitectura distribuida&comma; el dispositivo de acceso multiservicio de la serie EA5800 se posiciona como el OLT de pr\u00f3xima generaci\u00f3n para NG-PON. Con la tecnolog\u00eda de acceso virtual&comma; proporciona una plataforma de transporte unificada para m\u00faltiples servicios a trav\u00e9s de una red de fibra&comma; como banda ancha&comma; inal\u00e1mbrica&comma; video y backhaul de video.<\/p>\n<\/p><\/div>\n<div style='flex: 1 1 300px; min-width: 280px;'>\n<h3 style='font-size: 22px; border-bottom: 2px solid currentColor; padding-bottom: 5px; margin-top: 0; color: inherit; opacity: 0.8;'>Aplicaciones<\/h3>\n<p style='font-size: 15px; color: inherit;'>La serie EA5800 soporta acceso GPON&comma; XG-PON&comma; XGS-PON&comma; P2P 10GE\/GE y admite redes POL&comma; FTTH&comma; FTTB y FTTC. Por lo tanto&comma; simplifica la arquitectura de red y reduce OPEX.<\/p>\n<\/p><\/div>\n<\/p><\/div>\n<div style='display: flex; flex-wrap: wrap; gap: 20px; margin-bottom: 30px;'>\n<div style='flex: 1 1 250px; border: 1px solid rgba(150&comma; 150&comma; 150&comma; 0.4); border-radius: 8px; overflow: hidden; display: flex; flex-direction: column;'>\n<div style='padding: 15px; border-bottom: 1px solid rgba(150&comma; 150&comma; 150&comma; 0.2); font-weight: bold; font-size: 18px; color: inherit;'>Caracter\u00edsticas<\/div>\n<div style='padding: 15px; color: inherit;'>\n<ul style='padding-left: 20px; margin: 0; font-size: 14px; list-style-type: disc;'>\n<li style='margin-bottom: 5px;'><strong>Dimensiones sin accesorios para montaje W x D x H (mm):<\/strong> 442 x 287 x 486 mm<\/li>\n<li style='margin-bottom: 5px;'><strong>Altura en unidades de rack:<\/strong> 11 UR<\/li>\n<li style='margin-bottom: 5px;'><strong>Ranuras de servicio:<\/strong> 15 (solo incluye 1 tarjeta de servicio)<\/li>\n<li style='margin-bottom: 5px;'><strong>Peso (incluyendo todas las tarjetas):<\/strong> 35 kg<\/li>\n<li style='margin-bottom: 5px;'><strong>Fuente de Alimentaci\u00f3n:<\/strong> DC -38.4 a -72 Vcd<\/li>\n<li style='margin-bottom: 5px;'><strong>Temperatura de operaci\u00f3n:<\/strong> -40 \u00b0C a +65 \u00b0C&comma; Temperatura recomendada: 15\u00baC a 30\u00baC<\/li>\n<li style='margin-bottom: 5px;'><strong>Temperatura de arranque:<\/strong> -25 \u00b0C a +65 \u00b0C<\/li>\n<li style='margin-bottom: 5px;'><strong>Compatibilidad:<\/strong> Tarjetas Flex-PON y XGS-PON (No incluidas)<\/li>\n<\/ul><\/div>\n<\/p><\/div>\n<div style='flex: 1 1 250px; border: 1px solid rgba(150&comma; 150&comma; 150&comma; 0.4); border-radius: 8px; overflow: hidden; display: flex; flex-direction: column;'>\n<div style='padding: 15px; border-bottom: 1px solid rgba(150&comma; 150&comma; 150&comma; 0.2); font-weight: bold; font-size: 18px; color: inherit;'>Contenido del paquete<\/div>\n<div style='padding: 15px; color: inherit;'>\n<ul style='padding-left: 20px; margin: 0; font-size: 14px; list-style-type: disc;'>\n<li style='margin-bottom: 5px;'>1 Chasis EA5800-X15 con 1 m\u00f3dulo de 6 ventiladores<\/li>\n<li style='margin-bottom: 5px;'>2 Tarjetas de Control &#038; Uplink H903MPLBE-G02<\/li>\n<li style='margin-bottom: 5px;'>2 Fuentes de Alimentaci\u00f3n DC H903PILA (No incluye Rectificador)<\/li>\n<li style='margin-bottom: 5px;'>1 Tarjeta de Servicio GPON H903GPHFE02 16 puertos con 16 m\u00f3dulos SFP clase C+<\/li>\n<li style='margin-bottom: 5px;'>1 M\u00f3dulo SFP+ monomodo Uplink (1310 nm)&comma; 10 Gb\/s&comma; 10 km<\/li>\n<li style='margin-bottom: 5px;'>2 jumpers LC\/PC-LC\/PC monomodo G.652D&comma; 2 mm&comma; 10m<\/li>\n<li style='margin-bottom: 5px;'>16 jumpers SC\/PC-SC\/PC monomodo G.652D&comma; 3 mm&comma; 20m<\/li>\n<\/ul><\/div>\n<\/p><\/div>\n<div style='flex: 1 1 250px; border: 1px solid rgba(150&comma; 150&comma; 150&comma; 0.4); border-radius: 8px; overflow: hidden; display: flex; flex-direction: column;'>\n<div style='padding: 15px; border-bottom: 1px solid rgba(150&comma; 150&comma; 150&comma; 0.2); font-weight: bold; font-size: 18px; color: inherit;'>Notas<\/div>\n<div style='padding: 15px; color: inherit;'>\n<ul style='padding-left: 20px; margin: 0; font-size: 14px; list-style-type: disc;'>\n<li style='margin-bottom: 5px;'>Compatible solo con ONUs\/ONTs Huawei EG<\/li>\n<li style='margin-bottom: 5px;'>No incluye rectificador de AC a DC<\/li>\n<\/ul><\/div>\n<\/p><\/div>\n<\/p><\/div>\n<div style='display: flex; flex-wrap: wrap; gap: 30px; margin-bottom: 30px;'>\n<div style='flex: 1 1 300px; min-width: 280px;'>\n<h3 style='font-size: 22px; border-bottom: 2px solid currentColor; padding-bottom: 5px; margin-top: 0; color: inherit; opacity: 0.8;'>Recursos<\/h3>\n<ul style='padding-left: 20px; font-size: 15px; color: inherit;'>\n<li style='margin-bottom: 5px;'><a href='https:\/\/soporte.syscom.mx\/es\/articles\/9718310-huawei-conoce-como-configurar-tu-olt-onu-desde-cero' target='_blank' rel='noopener' style='color: inherit; text-decoration: underline;'>Configuraci\u00f3n paso a paso<\/a><\/li>\n<\/ul><\/div>\n<\/p><\/div>\n<div style='display: flex; flex-wrap: wrap; gap: 30px; margin-bottom: 30px;'>\n<div style='flex: 1 1 300px; min-width: 280px;'>\n<h3 style='font-size: 22px; border-bottom: 2px solid currentColor; padding-bottom: 5px; margin-top: 0; color: inherit; opacity: 0.8;'>Videos<\/h3>\n<div style='position: relative; padding-bottom: 56.25%; height: 0; overflow: hidden; margin-bottom: 30px;'>   <\/div>\n<div style='position: relative; padding-bottom: 56.25%; height: 0; overflow: hidden; margin-bottom: 30px;'>   <\/div>\n<\/p><\/div>\n<\/p><\/div>\n<hr style='border: 0; border-top: 1px solid rgba(150&comma; 150&comma; 150&comma; 0.3); margin: 30px 0;'> <\/div>\n","protected":false},"excerpt":{"rendered":"<p>OLT GPON OptiXAccess Carrier Class con 1 tarjeta de 16 puertos GPON, 15 ranuras, 2 Fuentes de alimentaci\u00f3n DC, 11 UR<\/p>\n","protected":false},"featured_media":87470,"comment_status":"open","ping_status":"closed","template":"","meta":[],"product_brand":[],"product_cat":[2018],"product_tag":[718,2019,2011],"class_list":{"0":"post-87471","1":"product","2":"type-product","3":"status-publish","4":"has-post-thumbnail","6":"product_cat-olts","7":"product_tag-huawei","8":"product_tag-olts","9":"product_tag-redes-ftth-pon","11":"first","12":"instock","13":"sale","14":"shipping-taxable","15":"purchasable","16":"product-type-simple"},"_links":{"self":[{"href":"https:\/\/soydeaqui.ddns.net\/pachuca\/index.php\/wp-json\/wp\/v2\/product\/87471","targetHints":{"allow":["GET"]}}],"collection":[{"href":"https:\/\/soydeaqui.ddns.net\/pachuca\/index.php\/wp-json\/wp\/v2\/product"}],"about":[{"href":"https:\/\/soydeaqui.ddns.net\/pachuca\/index.php\/wp-json\/wp\/v2\/types\/product"}],"replies":[{"embeddable":true,"href":"https:\/\/soydeaqui.ddns.net\/pachuca\/index.php\/wp-json\/wp\/v2\/comments?post=87471"}],"wp:featuredmedia":[{"embeddable":true,"href":"https:\/\/soydeaqui.ddns.net\/pachuca\/index.php\/wp-json\/wp\/v2\/media\/87470"}],"wp:attachment":[{"href":"https:\/\/soydeaqui.ddns.net\/pachuca\/index.php\/wp-json\/wp\/v2\/media?parent=87471"}],"wp:term":[{"taxonomy":"product_brand","embeddable":true,"href":"https:\/\/soydeaqui.ddns.net\/pachuca\/index.php\/wp-json\/wp\/v2\/product_brand?post=87471"},{"taxonomy":"product_cat","embeddable":true,"href":"https:\/\/soydeaqui.ddns.net\/pachuca\/index.php\/wp-json\/wp\/v2\/product_cat?post=87471"},{"taxonomy":"product_tag","embeddable":true,"href":"https:\/\/soydeaqui.ddns.net\/pachuca\/index.php\/wp-json\/wp\/v2\/product_tag?post=87471"}],"curies":[{"name":"wp","href":"https:\/\/api.w.org\/{rel}","templated":true}]}}