{"id":87324,"date":"2026-03-19T23:01:36","date_gmt":"2026-03-19T23:01:36","guid":{"rendered":"https:\/\/soydeaqui.ddns.net\/pachuca\/index.php\/producto\/lora-gateway-industrial-lorawan-celular-5g-nr-con-5-puertos-10-100-1000t\/"},"modified":"2026-03-19T23:01:46","modified_gmt":"2026-03-19T23:01:46","slug":"lora-gateway-industrial-lorawan-celular-5g-nr-con-5-puertos-10-100-1000t","status":"publish","type":"product","link":"https:\/\/soydeaqui.ddns.net\/pachuca\/index.php\/producto\/lora-gateway-industrial-lorawan-celular-5g-nr-con-5-puertos-10-100-1000t\/","title":{"rendered":"(LoRa) Gateway Industrial LoRaWAN Celular 5G NR Con  5 Puertos 10\/100\/1000T"},"content":{"rendered":"<div style='width: 100%; max-width: 1200px; margin: 0 auto; font-family: sans-serif; line-height: 1.6; color: inherit; background-color: transparent;'> <!-- Iconos de caracter\u00edsticas --> <\/p>\n<div style='display: flex; flex-wrap: wrap; gap: 15px; margin-bottom: 30px; justify-content: center;'> <img style='width: 60px; height: auto; border: 1px solid rgba(150&comma;150&comma;150&comma;0.3); border-radius: 8px;' src='https:\/\/www.planet.com.tw\/storage\/icons\/689\/5G_NR.png' alt='5G NR'> <img style='width: 60px; height: auto; border: 1px solid rgba(150&comma;150&comma;150&comma;0.3); border-radius: 8px;' src='https:\/\/www.planet.com.tw\/storage\/icons\/3icon_Dual-WAN.png' alt='Dual WAN'> <img style='width: 60px; height: auto; border: 1px solid rgba(150&comma;150&comma;150&comma;0.3); border-radius: 8px;' src='https:\/\/www.planet.com.tw\/storage\/icons\/4icon_vpns.png' alt='VPN'> <img style='width: 60px; height: auto; border: 1px solid rgba(150&comma;150&comma;150&comma;0.3); border-radius: 8px;' src='https:\/\/www.planet.com.tw\/storage\/icons\/694\/LoRa.png' alt='LoRa'> <img style='width: 60px; height: auto; border: 1px solid rgba(150&comma;150&comma;150&comma;0.3); border-radius: 8px;' src='https:\/\/www.planet.com.tw\/storage\/icons\/633\/Cyber-Security.png' alt='Cyber Security'> <img style='width: 60px; height: auto; border: 1px solid rgba(150&comma;150&comma;150&comma;0.3); border-radius: 8px;' src='https:\/\/www.planet.com.tw\/storage\/icons\/7icon_Modbus-TCP.png' alt='Modbus TCP'> <\/div>\n<p> <!-- Descripci\u00f3n principal --> <\/p>\n<div style='margin-bottom: 30px; font-size: 15px;'>\n<p>PLANET LCG-300-NR es una puerta de enlace LoRaWAN celular 5G NR de grado industrial con conectividad confiable para implementaciones de IoT. Es capaz de proporcionar acceso de banda ancha ultrarr\u00e1pida con red celular 5G.<\/p>\n<p>El LCG-300-NR LoRa permite que los sensores transmitan datos en rangos extremadamente largos con bajo consumo de energ\u00eda&comma; es totalmente compatible con el protocolo LoRaWAN y admite la conexi\u00f3n de hasta 300 nodos finales.<\/p>\n<p>Tambi\u00e9n proporciona bandas de frecuencia LoRaWAN est\u00e1ndar preconfiguradas para diferentes pa\u00edses. PLANET LCG-300-NR es la mejor opci\u00f3n para ayudarlo a promover la implementaci\u00f3n de la red AIoT.<\/p>\n<\/p><\/div>\n<p> <!-- Imagen principal --> <\/p>\n<div style='margin-bottom: 30px;'> <img style='width: 100%; height: auto; border: 1px solid rgba(150&comma;150&comma;150&comma;0.3); border-radius: 8px;' src='https:\/\/www.planet.com.tw\/storage\/products\/49572\/edm_LCG-300-NR.jpg' alt='PLANET LCG300NR'> <\/div>\n<\/p><\/div>\n","protected":false},"excerpt":{"rendered":"<p>(LoRa) Gateway Industrial LoRaWAN Celular 5G NR Con  5 Puertos 10\/100\/1000T<\/p>\n","protected":false},"featured_media":87323,"comment_status":"open","ping_status":"closed","template":"","meta":[],"product_brand":[],"product_cat":[1984],"product_tag":[1985,664,2033],"class_list":{"0":"post-87324","1":"product","2":"type-product","3":"status-publish","4":"has-post-thumbnail","6":"product_cat-industrial","7":"product_tag-industrial","8":"product_tag-networking","9":"product_tag-planet","11":"first","12":"outofstock","13":"sale","14":"shipping-taxable","15":"purchasable","16":"product-type-simple"},"_links":{"self":[{"href":"https:\/\/soydeaqui.ddns.net\/pachuca\/index.php\/wp-json\/wp\/v2\/product\/87324","targetHints":{"allow":["GET"]}}],"collection":[{"href":"https:\/\/soydeaqui.ddns.net\/pachuca\/index.php\/wp-json\/wp\/v2\/product"}],"about":[{"href":"https:\/\/soydeaqui.ddns.net\/pachuca\/index.php\/wp-json\/wp\/v2\/types\/product"}],"replies":[{"embeddable":true,"href":"https:\/\/soydeaqui.ddns.net\/pachuca\/index.php\/wp-json\/wp\/v2\/comments?post=87324"}],"wp:featuredmedia":[{"embeddable":true,"href":"https:\/\/soydeaqui.ddns.net\/pachuca\/index.php\/wp-json\/wp\/v2\/media\/87323"}],"wp:attachment":[{"href":"https:\/\/soydeaqui.ddns.net\/pachuca\/index.php\/wp-json\/wp\/v2\/media?parent=87324"}],"wp:term":[{"taxonomy":"product_brand","embeddable":true,"href":"https:\/\/soydeaqui.ddns.net\/pachuca\/index.php\/wp-json\/wp\/v2\/product_brand?post=87324"},{"taxonomy":"product_cat","embeddable":true,"href":"https:\/\/soydeaqui.ddns.net\/pachuca\/index.php\/wp-json\/wp\/v2\/product_cat?post=87324"},{"taxonomy":"product_tag","embeddable":true,"href":"https:\/\/soydeaqui.ddns.net\/pachuca\/index.php\/wp-json\/wp\/v2\/product_tag?post=87324"}],"curies":[{"name":"wp","href":"https:\/\/api.w.org\/{rel}","templated":true}]}}