{"id":87319,"date":"2026-03-19T23:01:22","date_gmt":"2026-03-19T23:01:22","guid":{"rendered":"https:\/\/soydeaqui.ddns.net\/pachuca\/index.php\/producto\/convertidor-poe-industrial-entrada-poe-802-3-af-at-salida-poe-pasivo-24v-conexion-plug-and-play-alcance-de-hasta-100-metros-ideales-para-enlaces-inalambricos\/"},"modified":"2026-03-19T23:01:31","modified_gmt":"2026-03-19T23:01:31","slug":"convertidor-poe-industrial-entrada-poe-802-3-af-at-salida-poe-pasivo-24v-conexion-plug-and-play-alcance-de-hasta-100-metros-ideales-para-enlaces-inalambricos","status":"publish","type":"product","link":"https:\/\/soydeaqui.ddns.net\/pachuca\/index.php\/producto\/convertidor-poe-industrial-entrada-poe-802-3-af-at-salida-poe-pasivo-24v-conexion-plug-and-play-alcance-de-hasta-100-metros-ideales-para-enlaces-inalambricos\/","title":{"rendered":"Convertidor PoE Industrial \/ Entrada PoE 802.3 af\/at \/ Salida PoE pasivo 24V \/ Conexi\u00f3n plug and play \/ Alcance de hasta 100 metros \/ Ideales para Enlaces Inal\u00e1mbricos"},"content":{"rendered":"<div style='width: 100%; max-width: 1200px; margin: 0 auto; font-family: sans-serif; line-height: 1.6; color: inherit;'>\n<div style='display: flex; flex-direction: column; align-items: center; text-align: center; padding: 15px 0;'>\n<h2 style='font-size: 24px; margin: 0 0 10px; color: inherit; opacity: 0.9;'>Ideal para conectar Puntos de Acceso Con PoE 24V pasivo<\/h2>\n<p style='font-size: 18px; margin: 0; color: inherit; opacity: 0.8;'>La instalaci\u00f3n no es complicada&comma; solamente conectamos de nuestro switch PoE estandarizado un cable UTP hac\u00eda el convertidor&comma; posteriormente del convertidor un cable UTP hac\u00eda nuestra antena.<\/p>\n<\/p><\/div>\n<div style='display: flex; justify-content: center; padding: 15px 0;'> <img style='width: 100%; max-width: 800px; height: auto; border: 1px solid rgba(150&comma;150&comma;150&comma;0.3); border-radius: 8px;' src='https:\/\/ftp3.syscom.mx\/usuarios\/fotos\/WIPOE6124V\/217497-diagrama_en_blanco.png' alt='Diagrama de conexi\u00f3n del convertidor PoE'> <\/div>\n<div style='display: flex; justify-content: center; padding: 15px 0;'>\n<h2 style='font-size: 22px; margin: 0; color: inherit; opacity: 0.8;'>Especificaciones<\/h2>\n<\/p><\/div>\n<div style='display: flex; flex-wrap: wrap; gap: 20px; margin: 30px 0;'>\n<div style='flex: 1 1 300px; min-width: 280px; border: 1px solid rgba(150&comma;150&comma;150&comma;0.4); border-radius: 8px; overflow: hidden;'>\n<div style='padding: 15px; border-bottom: 1px solid rgba(150&comma;150&comma;150&comma;0.2); font-weight: bold; font-size: 18px; color: inherit;'>Caracter\u00edsticas F\u00edsicas<\/div>\n<div style='padding: 15px; color: inherit;'>\n<ul style='padding-left: 20px; margin: 0; font-size: 14px; list-style-type: disc; color: inherit;'>\n<li style='margin-bottom: 5px; color: inherit;'><strong>Dimensiones:<\/strong> 96 x 86 x 30 mm<\/li>\n<\/ul><\/div>\n<\/p><\/div>\n<div style='flex: 1 1 300px; min-width: 280px; border: 1px solid rgba(150&comma;150&comma;150&comma;0.4); border-radius: 8px; overflow: hidden;'>\n<div style='padding: 15px; border-bottom: 1px solid rgba(150&comma;150&comma;150&comma;0.2); font-weight: bold; font-size: 18px; color: inherit;'>Conectividad<\/div>\n<div style='padding: 15px; color: inherit;'>\n<ul style='padding-left: 20px; margin: 0; font-size: 14px; list-style-type: disc; color: inherit;'>\n<li style='margin-bottom: 5px; color: inherit;'><strong>Interfaces de Red:<\/strong> (2) Puertos RJ45 100\/1000 Mbps<\/li>\n<\/ul><\/div>\n<\/p><\/div>\n<div style='flex: 1 1 300px; min-width: 280px; border: 1px solid rgba(150&comma;150&comma;150&comma;0.4); border-radius: 8px; overflow: hidden;'>\n<div style='padding: 15px; border-bottom: 1px solid rgba(150&comma;150&comma;150&comma;0.2); font-weight: bold; font-size: 18px; color: inherit;'>Alimentaci\u00f3n<\/div>\n<div style='padding: 15px; color: inherit;'>\n<ul style='padding-left: 20px; margin: 0; font-size: 14px; list-style-type: disc; color: inherit;'>\n<li style='margin-bottom: 5px; color: inherit;'><strong>Alimentaci\u00f3n:<\/strong> PoE 802.3 af\/at\/ o 48-55 Vcc<\/li>\n<li style='margin-bottom: 5px; color: inherit;'><strong>PIN PoE:<\/strong> In: 802.3 af\/at<br \/>Out: 4&comma;5(+) 7&comma;8(-)<\/li>\n<li style='margin-bottom: 5px; color: inherit;'><strong>Puertos PoE (RJ45):<\/strong> (1) Entrada PoE 802.3 af\/at<br \/>(1) Salida PoE 24V Pasivo (24W m\u00e1x)<\/li>\n<\/ul><\/div>\n<\/p><\/div>\n<div style='flex: 1 1 300px; min-width: 280px; border: 1px solid rgba(150&comma;150&comma;150&comma;0.4); border-radius: 8px; overflow: hidden;'>\n<div style='padding: 15px; border-bottom: 1px solid rgba(150&comma;150&comma;150&comma;0.2); font-weight: bold; font-size: 18px; color: inherit;'>Condiciones de Operaci\u00f3n<\/div>\n<div style='padding: 15px; color: inherit;'>\n<ul style='padding-left: 20px; margin: 0; font-size: 14px; list-style-type: disc; color: inherit;'>\n<li style='margin-bottom: 5px; color: inherit;'><strong>Temperatura de operaci\u00f3n:<\/strong> -10 to 70\u00b0 C<\/li>\n<li style='margin-bottom: 5px; color: inherit;'><strong>Certificaciones:<\/strong> CE&comma; FCC&comma; RoHS<\/li>\n<\/ul><\/div>\n<\/p><\/div>\n<div style='flex: 1 1 300px; min-width: 280px; border: 1px solid rgba(150&comma;150&comma;150&comma;0.4); border-radius: 8px; overflow: hidden;'>\n<div style='padding: 15px; border-bottom: 1px solid rgba(150&comma;150&comma;150&comma;0.2); font-weight: bold; font-size: 18px; color: inherit;'>Contenido del Paquete<\/div>\n<div style='padding: 15px; color: inherit;'>\n<ul style='padding-left: 20px; margin: 0; font-size: 14px; list-style-type: disc; color: inherit;'>\n<li style='margin-bottom: 5px; color: inherit;'>Convertidor PoE WI-POE61-24V<\/li>\n<li style='margin-bottom: 5px; color: inherit;'>Gu\u00eda de instalaci\u00f3n<\/li>\n<\/ul><\/div>\n<\/p><\/div>\n<\/p><\/div>\n<\/p><\/div>\n","protected":false},"excerpt":{"rendered":"<p>Convertidor PoE Industrial \/ Entrada PoE 802.3 af\/at \/ Salida PoE pasivo 24V \/ Conexi\u00f3n plug and play \/ Alcance de hasta 100 metros \/ Ideales para Enlaces Inal\u00e1mbricos<\/p>\n","protected":false},"featured_media":87318,"comment_status":"open","ping_status":"closed","template":"","meta":[],"product_brand":[],"product_cat":[1260],"product_tag":[1261,664,1262],"class_list":{"0":"post-87319","1":"product","2":"type-product","3":"status-publish","4":"has-post-thumbnail","6":"product_cat-inyectores-poe","7":"product_tag-inyectores-poe","8":"product_tag-networking","9":"product_tag-wi-tek","11":"first","12":"instock","13":"sale","14":"shipping-taxable","15":"purchasable","16":"product-type-simple"},"_links":{"self":[{"href":"https:\/\/soydeaqui.ddns.net\/pachuca\/index.php\/wp-json\/wp\/v2\/product\/87319","targetHints":{"allow":["GET"]}}],"collection":[{"href":"https:\/\/soydeaqui.ddns.net\/pachuca\/index.php\/wp-json\/wp\/v2\/product"}],"about":[{"href":"https:\/\/soydeaqui.ddns.net\/pachuca\/index.php\/wp-json\/wp\/v2\/types\/product"}],"replies":[{"embeddable":true,"href":"https:\/\/soydeaqui.ddns.net\/pachuca\/index.php\/wp-json\/wp\/v2\/comments?post=87319"}],"wp:featuredmedia":[{"embeddable":true,"href":"https:\/\/soydeaqui.ddns.net\/pachuca\/index.php\/wp-json\/wp\/v2\/media\/87318"}],"wp:attachment":[{"href":"https:\/\/soydeaqui.ddns.net\/pachuca\/index.php\/wp-json\/wp\/v2\/media?parent=87319"}],"wp:term":[{"taxonomy":"product_brand","embeddable":true,"href":"https:\/\/soydeaqui.ddns.net\/pachuca\/index.php\/wp-json\/wp\/v2\/product_brand?post=87319"},{"taxonomy":"product_cat","embeddable":true,"href":"https:\/\/soydeaqui.ddns.net\/pachuca\/index.php\/wp-json\/wp\/v2\/product_cat?post=87319"},{"taxonomy":"product_tag","embeddable":true,"href":"https:\/\/soydeaqui.ddns.net\/pachuca\/index.php\/wp-json\/wp\/v2\/product_tag?post=87319"}],"curies":[{"name":"wp","href":"https:\/\/api.w.org\/{rel}","templated":true}]}}