{"id":87312,"date":"2026-03-19T23:01:03","date_gmt":"2026-03-19T23:01:03","guid":{"rendered":"https:\/\/soydeaqui.ddns.net\/pachuca\/index.php\/producto\/telefono-audioconferencias-ip-android-10-12-lineas-sip-con-12-cuentas-pantalla-tactil-8-puertos-gigabit-wi-fi-bluetooth-poe-codec-opus-ipv4-ipv6-con-gestion-en-la-nube-gdms\/"},"modified":"2026-03-19T23:01:15","modified_gmt":"2026-03-19T23:01:15","slug":"telefono-audioconferencias-ip-android-10-12-lineas-sip-con-12-cuentas-pantalla-tactil-8-puertos-gigabit-wi-fi-bluetooth-poe-codec-opus-ipv4-ipv6-con-gestion-en-la-nube-gdms","status":"publish","type":"product","link":"https:\/\/soydeaqui.ddns.net\/pachuca\/index.php\/producto\/telefono-audioconferencias-ip-android-10-12-lineas-sip-con-12-cuentas-pantalla-tactil-8-puertos-gigabit-wi-fi-bluetooth-poe-codec-opus-ipv4-ipv6-con-gestion-en-la-nube-gdms\/","title":{"rendered":"Tel\u00e9fono &#8211; Audioconferencias IP Android 10, 12 l\u00edneas SIP con 12 cuentas, pantalla t\u00e1ctil  8&#8243;, puertos Gigabit, Wi-Fi, Bluetooth, PoE, codec Opus, IPV4\/IPV6 con gesti\u00f3n en la nube GDMS"},"content":{"rendered":"<div style='width: 100%; max-width: 1200px; margin: 0 auto; font-family: sans-serif; line-height: 1.6; color: inherit; background-color: transparent;'> <!-- Secci\u00f3n principal con imagen y descripci\u00f3n --> <\/p>\n<div style='display: flex; flex-wrap: wrap; gap: 30px; margin-bottom: 30px;'>\n<div style='flex: 1 1 300px; min-width: 280px;'> <img style='width: 100%; height: auto; border: 1px solid rgba(150&comma;150&comma;150&comma;0.3); border-radius: 8px;' src='https:\/\/ftp3.syscom.mx\/usuarios\/fotos\/GAC2570\/217492-captura_de_pantalla_2023-03-30_a_la(s)_16.14.55.png' alt='Captura de pantalla del Grandstream GAC2570'> <\/div>\n<div style='flex: 1 1 300px; min-width: 280px;'>\n<h2 style='font-size: 24px; margin-top: 0; color: inherit; opacity: 0.9;'>Videotelefono IP con S.O Android 10<\/h2>\n<p style='text-align: justify; font-size: 15px; color: inherit;'> El GAC2570 es un dispositivo de conferencia de transmisi\u00f3n d\u00faplex con comunicaci\u00f3n de voz de alta calidad para salas de conferencia&comma; \u00e1reas de reuni\u00f3n&comma; salas de juntas y otros espacios colectivos de conferencia. El dispositivo cuenta con un altavoz excepcional MMAD (Dise\u00f1o de Matriz de Micr\u00f3fonos Multicanal) para ofrecer una experiencia de conferencia natural e inmersiva a los participantes locales y remotos. Este dise\u00f1o inal\u00e1mbrico est\u00e1 compuesto por un micr\u00f3fono de extensi\u00f3n inal\u00e1mbrico&comma; soporte moderno de Wi-Fi&comma; Bluetooth y bater\u00eda incorporada. Cuenta con una pantalla LCD t\u00e1ctil IPS de 7\u00bb 1280&#215;800 con soporte para conferencias de hasta 12 asistentes. El GAC2570 permite que cualquier conferencia en curso permanezca ininterrumpida en caso de cambio ocasional de sala. Este dispositivo permite un rango de captaci\u00f3n de 5 m y se puede conectar con dos micr\u00f3fonos inal\u00e1mbricos de escritorio GMD1208 a una distancia de hasta 20 m para mejorar la calidad de audio y proporcionar una cobertura completa de la habitaci\u00f3n. Adem\u00e1s&comma; su moderno dise\u00f1o empresarial y sus diversas caracter\u00edsticas lo convierten en una soluci\u00f3n personalizable para salas de conferencias peque\u00f1as y medianas y otros espacios de negocios <\/p>\n<ul style='padding-left: 20px; font-size: 15px; color: inherit;'>\n<li style='margin-bottom: 5px; text-align: justify;'>Altavoz d\u00faplex completo con c\u00e1mara ac\u00fastica HD&comma; cancelaci\u00f3n avanzada de eco ac\u00fastico y matriz de formaci\u00f3n de haces de micr\u00f3fono<\/li>\n<li style='margin-bottom: 5px; text-align: justify;'>12 micr\u00f3fonos omnidireccionales con MMAD (Multichannel Microphone Array Design)<\/li>\n<li style='margin-bottom: 5px; text-align: justify;'>Admite un rango de captaci\u00f3n de 5 m y se puede combinar con dos micr\u00f3fonos inal\u00e1mbricos de escritorio GMD1208 a una distancia de hasta 20 m para una cobertura de sala completa<\/li>\n<li style='margin-bottom: 5px; text-align: justify;'>Puerto de red de 10\/100\/1000 Mbps con PoE+ y puerto multimedia dedicado para colaboraci\u00f3n<\/li>\n<li style='margin-bottom: 5px; text-align: justify;'>Compatibilidad con Bluetooth 5.0 integrado<\/li>\n<li style='margin-bottom: 5px; text-align: justify;'>Wi-Fi 6 integrado&comma; doble banda de 2&comma;4 y 5 GHz con 802.11 a\/b\/g\/n\/ac\/ax<\/li>\n<li style='margin-bottom: 5px; text-align: justify;'>Admite conferencias de 12 participantes<\/li>\n<\/ul><\/div>\n<\/p><\/div>\n<p> <!-- Separador --> <\/p>\n<hr style='border: 0; border-top: 1px solid rgba(150&comma; 150&comma; 150&comma; 0.3); margin: 30px 0;'> <!-- Secci\u00f3n de caracter\u00edsticas en tres columnas --> <\/p>\n<div style='display: flex; flex-wrap: wrap; gap: 20px; margin-bottom: 30px;'> <!-- Caracter\u00edsticas principales --> <\/p>\n<div style='flex: 1 1 250px; border: 1px solid rgba(150&comma; 150&comma; 150&comma; 0.4); border-radius: 8px; overflow: hidden; display: flex; flex-direction: column;'>\n<div style='padding: 15px; border-bottom: 1px solid rgba(150&comma; 150&comma; 150&comma; 0.2); font-weight: bold; font-size: 18px; color: inherit;'>Caracter\u00edsticas principales:<\/div>\n<div style='padding: 15px; color: inherit;'>\n<ul style='padding-left: 20px; margin: 0; font-size: 14px; list-style-type: disc; color: inherit;'>\n<li style='margin-bottom: 5px; text-align: justify;'>12 l\u00edneas SIP<\/li>\n<li style='margin-bottom: 5px; text-align: justify;'>12 cuentas SIP<\/li>\n<li style='margin-bottom: 5px; text-align: justify;'>PoE<\/li>\n<li style='margin-bottom: 5px; text-align: justify;'>Compatibilidad con GDMS<\/li>\n<li style='margin-bottom: 5px; text-align: justify;'>Pantalla t\u00e1ctil 8&#8242;<\/li>\n<li style='margin-bottom: 5px; text-align: justify;'>Android 10<\/li>\n<li style='margin-bottom: 5px; text-align: justify;'>Bluetooth<\/li>\n<li style='margin-bottom: 5px; text-align: justify;'>Micr\u00f3fono externo Micr\u00f3fono en cascada de hasta 2 GMD1208<\/li>\n<li style='margin-bottom: 5px; text-align: justify;'>Wi-Fi 802.11 a\/b\/g\/n\/ac de doble banda integrado (2.4GHz y 5GHz)<\/li>\n<li style='margin-bottom: 5px; text-align: justify;'>Soporte para G.729A\/B&comma; G.711\u00b5\/a-law&comma; G.726&comma; G.722 (banda ancha)&comma; G.723&comma; iLBC&comma; OPUS&comma; DTMF en banda y fuera de banda (in audio&comma; RFC2833&comma; SIP INFO)&comma; VAD&comma; AEC&comma; CNG&comma; PLC&comma; AGC<\/li>\n<li style='margin-bottom: 5px; text-align: justify;'>Dos puertos Gigabit Ethernet conmutados de 10\/100\/1000 Mbps<\/li>\n<li style='margin-bottom: 5px; text-align: justify;'>12 micr\u00f3fonos omnidireccionales con MMAD<\/li>\n<\/ul><\/div>\n<\/p><\/div>\n<p> <!-- Contenido del paquete --> <\/p>\n<div style='flex: 1 1 250px; border: 1px solid rgba(150&comma; 150&comma; 150&comma; 0.4); border-radius: 8px; overflow: hidden; display: flex; flex-direction: column;'>\n<div style='padding: 15px; border-bottom: 1px solid rgba(150&comma; 150&comma; 150&comma; 0.2); font-weight: bold; font-size: 18px; color: inherit;'>Contenido del paquete:<\/div>\n<div style='padding: 15px; color: inherit;'>\n<ul style='padding-left: 20px; margin: 0; font-size: 14px; list-style-type: disc; color: inherit;'>\n<li style='margin-bottom: 5px;'>Tel\u00e9fono GAC2570<\/li>\n<li style='margin-bottom: 5px;'>Auricular con cord\u00f3n<\/li>\n<li style='margin-bottom: 5px;'>Inyector PoE<\/li>\n<li style='margin-bottom: 5px;'>Base<\/li>\n<li style='margin-bottom: 5px;'>Cable de red<\/li>\n<li style='margin-bottom: 5px;'>Cable Micro-USB<\/li>\n<li style='margin-bottom: 5px;'>Gu\u00eda de Instalaci\u00f3n R\u00e1pida<\/li>\n<\/ul><\/div>\n<\/p><\/div>\n<p> <!-- Caracter\u00edsticas F\u00edsicas y El\u00e9ctricas --> <\/p>\n<div style='flex: 1 1 250px; border: 1px solid rgba(150&comma; 150&comma; 150&comma; 0.4); border-radius: 8px; overflow: hidden; display: flex; flex-direction: column;'>\n<div style='padding: 15px; border-bottom: 1px solid rgba(150&comma; 150&comma; 150&comma; 0.2); font-weight: bold; font-size: 18px; color: inherit;'>Caracter\u00edsticas F\u00edsicas y El\u00e9ctricas:<\/div>\n<div style='padding: 15px; color: inherit;'>\n<ul style='padding-left: 20px; margin: 0; font-size: 14px; list-style-type: disc; color: inherit;'>\n<li style='margin-bottom: 5px; text-align: justify;'>PoE+ 802.3at Clase 4 integrado 3300mAh Bater\u00eda recargable incorporada para permitir un tiempo de conversaci\u00f3n de hasta 4 horas<\/li>\n<li style='margin-bottom: 5px; text-align: justify;'>Operaci\u00f3n: 0 \u00b0C a 40 \u00b0C Almacenamiento: -10 \u00b0C a 60 \u00b0C Humedad: 10% a 90% sin condensaci\u00f3n<\/li>\n<\/ul><\/div>\n<\/p><\/div>\n<\/p><\/div>\n<\/p><\/div>\n","protected":false},"excerpt":{"rendered":"<p>Tel\u00e9fono &#8211; Audioconferencias IP Android 10, 12 l\u00edneas SIP con 12 cuentas, pantalla t\u00e1ctil  8&#8243;, puertos Gigabit, Wi-Fi, Bluetooth, PoE, codec Opus, IPV4\/IPV6 con gesti\u00f3n en la nube GDMS<\/p>\n","protected":false},"featured_media":87311,"comment_status":"open","ping_status":"closed","template":"","meta":[],"product_brand":[],"product_cat":[2003],"product_tag":[909,2005,2004],"class_list":{"0":"post-87312","1":"product","2":"type-product","3":"status-publish","4":"has-post-thumbnail","6":"product_cat-telefonos-ip","7":"product_tag-grandstream","8":"product_tag-telefonos-ip","9":"product_tag-voip-telefonia-ip-videoconferencia","11":"first","12":"outofstock","13":"sale","14":"shipping-taxable","15":"purchasable","16":"product-type-simple"},"_links":{"self":[{"href":"https:\/\/soydeaqui.ddns.net\/pachuca\/index.php\/wp-json\/wp\/v2\/product\/87312","targetHints":{"allow":["GET"]}}],"collection":[{"href":"https:\/\/soydeaqui.ddns.net\/pachuca\/index.php\/wp-json\/wp\/v2\/product"}],"about":[{"href":"https:\/\/soydeaqui.ddns.net\/pachuca\/index.php\/wp-json\/wp\/v2\/types\/product"}],"replies":[{"embeddable":true,"href":"https:\/\/soydeaqui.ddns.net\/pachuca\/index.php\/wp-json\/wp\/v2\/comments?post=87312"}],"wp:featuredmedia":[{"embeddable":true,"href":"https:\/\/soydeaqui.ddns.net\/pachuca\/index.php\/wp-json\/wp\/v2\/media\/87311"}],"wp:attachment":[{"href":"https:\/\/soydeaqui.ddns.net\/pachuca\/index.php\/wp-json\/wp\/v2\/media?parent=87312"}],"wp:term":[{"taxonomy":"product_brand","embeddable":true,"href":"https:\/\/soydeaqui.ddns.net\/pachuca\/index.php\/wp-json\/wp\/v2\/product_brand?post=87312"},{"taxonomy":"product_cat","embeddable":true,"href":"https:\/\/soydeaqui.ddns.net\/pachuca\/index.php\/wp-json\/wp\/v2\/product_cat?post=87312"},{"taxonomy":"product_tag","embeddable":true,"href":"https:\/\/soydeaqui.ddns.net\/pachuca\/index.php\/wp-json\/wp\/v2\/product_tag?post=87312"}],"curies":[{"name":"wp","href":"https:\/\/api.w.org\/{rel}","templated":true}]}}