{"id":87291,"date":"2026-03-19T23:00:06","date_gmt":"2026-03-19T23:00:06","guid":{"rendered":"https:\/\/soydeaqui.ddns.net\/pachuca\/index.php\/producto\/videotelefono-ip-gxv3450-para-android-pantalla-tactil-capacitiva-de-5-pulgadas-1280-x-720-camara-cmos-de-2-megapixeles-wi-fi-5-y-bluetooth-5-0-16-lineas-sip-poe-poe-android-11-videoconf\/"},"modified":"2026-03-19T23:00:15","modified_gmt":"2026-03-19T23:00:15","slug":"videotelefono-ip-gxv3450-para-android-pantalla-tactil-capacitiva-de-5-pulgadas-1280-x-720-camara-cmos-de-2-megapixeles-wi-fi-5-y-bluetooth-5-0-16-lineas-sip-poe-poe-android-11-videoconf","status":"publish","type":"product","link":"https:\/\/soydeaqui.ddns.net\/pachuca\/index.php\/producto\/videotelefono-ip-gxv3450-para-android-pantalla-tactil-capacitiva-de-5-pulgadas-1280-x-720-camara-cmos-de-2-megapixeles-wi-fi-5-y-bluetooth-5-0-16-lineas-sip-poe-poe-android-11-videoconf\/","title":{"rendered":"Videotel\u00e9fono IP GXV3450 para Android \/ Pantalla T\u00e1ctil Capacitiva de 5 Pulgadas 1280 x 720 \/ C\u00e1mara CMOS de 2 Megap\u00edxeles \/ Wi-Fi 5 y Bluetooth 5.0 \/ 16 L\u00edneas SIP \/ PoE\/PoE+ \/ Android 11 \/ Videoconferencia HD 720p"},"content":{"rendered":"<div style='width: 100%; max-width: 1200px; margin: 0 auto; font-family: sans-serif; line-height: 1.6; color: inherit; background-color: transparent;'>\n<div style='margin-bottom: 30px;'>\n<p style='font-size: 17px; line-height: 1.6; margin: 0 0 20px; color: inherit;'>El Videotel\u00e9fono IP GXV3450 para Android combina un videotel\u00e9fono IP de 16 l\u00edneas con una soluci\u00f3n de videoconferencia multiplataforma y la funcionalidad de una tableta Android para ofrecer una soluci\u00f3n integral de comunicaciones. Este videotel\u00e9fono IP brinda una experiencia eficaz gracias a su pantalla t\u00e1ctil capacitiva de 5 pulgadas con una resoluci\u00f3n de 1280 x 720 pixeles&comma; c\u00e1mara inclinable&comma; micr\u00f3fonos duales y soporte para video HD de 720p. El GXV3450 incorpora dos puertos Gigabit con PoE\/PoE+&comma; Wi-Fi 5 y soporte Bluetooth 5.0 integrados. Tambi\u00e9n ejecuta Android 11 y ofrece acceso instant\u00e1neo a cientos de miles de aplicaciones para Android.<\/p>\n<\/p><\/div>\n<div style='margin-bottom: 30px;'>\n<h3 style='font-size: 22px; border-bottom: 2px solid currentColor; padding-bottom: 5px; margin-top: 0; margin-bottom: 20px; color: inherit; opacity: 0.8;'>Caracter\u00edsticas Principales<\/h3>\n<ul style='padding-left: 20px; font-size: 15px; color: inherit; list-style-type: disc;'>\n<li style='margin-bottom: 8px;'>Pantalla t\u00e1ctil IPS LCD capacitiva de 5 puntos y 5 pulgadas (resoluci\u00f3n de 1280 \u00d7 720)<\/li>\n<li style='margin-bottom: 8px;'>C\u00e1mara CMOS inclinable de 2 megap\u00edxeles con obturador de privacidad&comma; 1080p@30fps<\/li>\n<li style='margin-bottom: 8px;'>Bluetooth 5.0 integrado para sincronizarse con dispositivos m\u00f3viles y conectar aud\u00edfonos Bluetooth<\/li>\n<li style='margin-bottom: 8px;'>Wi-Fi 5 de doble banda (2.4GHz y 5GHz) de transmisi\u00f3n fluida con 802.11 a\/b\/g\/n\/ac<\/li>\n<li style='margin-bottom: 8px;'>Dos puertos de red conmutados de 10\/100\/1000 Mbps con detecci\u00f3n autom\u00e1tica<\/li>\n<li style='margin-bottom: 8px;'>PoE\/PoE+ integrado para encender el dispositivo y darle una conexi\u00f3n de red<\/li>\n<li style='margin-bottom: 8px;'>Micr\u00f3fono dual y altavoz HD con tecnolog\u00eda Noise Shield 2.0&comma; cancelaci\u00f3n de eco avanzada y excelente rendimiento de double-talk<\/li>\n<li style='margin-bottom: 8px;'>Capacidad de conferencia de audio para 10 participantes y videoconferencia HD de 720p y 30fps para 3 participantes<\/li>\n<\/ul><\/div>\n<div style='margin-bottom: 30px;'>\n<h3 style='font-size: 22px; border-bottom: 2px solid currentColor; padding-bottom: 5px; margin-top: 0; margin-bottom: 20px; color: inherit; opacity: 0.8;'>Detalles T\u00e9cnicos<\/h3>\n<div style='display: flex; flex-wrap: wrap; gap: 20px;'>\n<div style='flex: 1 1 400px; border: 1px solid rgba(150&comma; 150&comma; 150&comma; 0.4); border-radius: 8px; overflow: hidden; display: flex; flex-direction: column; min-width: 300px;'>\n<div style='padding: 15px; border-bottom: 1px solid rgba(150&comma; 150&comma; 150&comma; 0.2); font-weight: bold; font-size: 18px; color: inherit;'>Especificaciones<\/div>\n<div style='padding: 15px; color: inherit;'>\n<ul style='padding-left: 20px; margin: 0; font-size: 14px; list-style-type: disc;'>\n<li style='margin-bottom: 5px;'>Procesador ARM Cortex-A55 Quad Core 1.8 GHz con 2 GB de RAM y 16 GB de memoria eMMC Flash<\/li>\n<li style='margin-bottom: 5px;'>Pantalla t\u00e1ctil IPS LCD capacitiva de 5 puntos y 5 pulgadas (resoluci\u00f3n de 1280 \u00d7 720)<\/li>\n<li style='margin-bottom: 5px;'>C\u00e1mara CMOS inclinable de 2 megap\u00edxeles con obturador de privacidad&comma; 1080p@30fps<\/li>\n<li style='margin-bottom: 5px;'>Bluetooth 5.0 integrado<\/li>\n<li style='margin-bottom: 5px;'>Wi-Fi 5 de doble banda (2.4GHz y 5GHz) de transmisi\u00f3n fluida con 802.11 a\/b\/g\/n\/ac<\/li>\n<li style='margin-bottom: 5px;'>Dos puertos de red conmutados de 10\/100\/1000 Mbps con detecci\u00f3n autom\u00e1tica<\/li>\n<li style='margin-bottom: 5px;'>PoE\/PoE+ integrado para encender el dispositivo y darle una conexi\u00f3n de red<\/li>\n<li style='margin-bottom: 5px;'>Micr\u00f3fono dual y altavoz HD con tecnolog\u00eda Noise Shield 2.0&comma; cancelaci\u00f3n de eco avanzada y excelente rendimiento de double-talk<\/li>\n<\/ul><\/div>\n<\/p><\/div>\n<div style='flex: 1 1 400px; border: 1px solid rgba(150&comma; 150&comma; 150&comma; 0.4); border-radius: 8px; overflow: hidden; display: flex; flex-direction: column; min-width: 300px;'>\n<div style='padding: 15px; border-bottom: 1px solid rgba(150&comma; 150&comma; 150&comma; 0.2); font-weight: bold; font-size: 18px; color: inherit;'>Interfaces y Conectividad<\/div>\n<div style='padding: 15px; color: inherit;'>\n<ul style='padding-left: 20px; margin: 0; font-size: 14px; list-style-type: disc;'>\n<li style='margin-bottom: 5px;'>Dos puertos conmutados de 10\/100\/1000 Mbps con PoE\/PoE+ integrado<\/li>\n<li style='margin-bottom: 5px;'>Conector para aud\u00edfonos RJ9 (permitiendo EHS con aud\u00edfonos Plantronics)<\/li>\n<li style='margin-bottom: 5px;'>Puerto USB 2.0<\/li>\n<li style='margin-bottom: 5px;'>Puerto USB 3.0<\/li>\n<\/ul><\/div>\n<\/p><\/div>\n<\/p><\/div>\n<\/p><\/div>\n<div style='margin-bottom: 30px;'>\n<h3 style='font-size: 22px; border-bottom: 2px solid currentColor; padding-bottom: 5px; margin-top: 0; margin-bottom: 20px; color: inherit; opacity: 0.8;'>Aplicaciones y Casos de Uso<\/h3>\n<div style='display: flex; flex-wrap: wrap; gap: 20px;'>\n<div style='flex: 1 1 300px; border: 1px solid rgba(150&comma; 150&comma; 150&comma; 0.4); border-radius: 8px; overflow: hidden; display: flex; flex-direction: column; min-width: 250px;'>\n<div style='padding: 15px; border-bottom: 1px solid rgba(150&comma; 150&comma; 150&comma; 0.2); font-weight: bold; font-size: 18px; color: inherit;'>Comunicaciones Empresariales<\/div>\n<div style='padding: 15px; color: inherit;'>\n<p style='margin: 0; font-size: 14px; color: inherit;'>Ideal para empresas que necesitan una soluci\u00f3n integral de comunicaciones con videoconferencia y telefon\u00eda IP.<\/p>\n<\/p><\/div>\n<\/p><\/div>\n<div style='flex: 1 1 300px; border: 1px solid rgba(150&comma; 150&comma; 150&comma; 0.4); border-radius: 8px; overflow: hidden; display: flex; flex-direction: column; min-width: 250px;'>\n<div style='padding: 15px; border-bottom: 1px solid rgba(150&comma; 150&comma; 150&comma; 0.2); font-weight: bold; font-size: 18px; color: inherit;'>Productividad<\/div>\n<div style='padding: 15px; color: inherit;'>\n<p style='margin: 0; font-size: 14px; color: inherit;'>Ofrece acceso a aplicaciones Android para mejorar la productividad en el lugar de trabajo.<\/p>\n<\/p><\/div>\n<\/p><\/div>\n<div style='flex: 1 1 300px; border: 1px solid rgba(150&comma; 150&comma; 150&comma; 0.4); border-radius: 8px; overflow: hidden; display: flex; flex-direction: column; min-width: 250px;'>\n<div style='padding: 15px; border-bottom: 1px solid rgba(150&comma; 150&comma; 150&comma; 0.2); font-weight: bold; font-size: 18px; color: inherit;'>Videoconferencia<\/div>\n<div style='padding: 15px; color: inherit;'>\n<p style='margin: 0; font-size: 14px; color: inherit;'>Perfecto para reuniones virtuales con soporte para videoconferencia HD de 720p y 30fps para 3 participantes.<\/p>\n<\/p><\/div>\n<\/p><\/div>\n<\/p><\/div>\n<\/p><\/div>\n<hr style='border: 0; border-top: 1px solid rgba(150&comma; 150&comma; 150&comma; 0.3); margin: 30px 0;'> <\/div>\n","protected":false},"excerpt":{"rendered":"<p>Videotel\u00e9fono IP GXV3450 para Android \/ Pantalla T\u00e1ctil Capacitiva de 5 Pulgadas 1280 x 720 \/ C\u00e1mara CMOS de 2 Megap\u00edxeles \/ Wi-Fi 5 y Bluetooth 5.0 \/ 16 L\u00edneas SIP \/ PoE\/PoE+ \/ Android 11 \/ Videoconferencia HD 720p<\/p>\n","protected":false},"featured_media":87290,"comment_status":"open","ping_status":"closed","template":"","meta":[],"product_brand":[],"product_cat":[2003],"product_tag":[909,2005,2004],"class_list":{"0":"post-87291","1":"product","2":"type-product","3":"status-publish","4":"has-post-thumbnail","6":"product_cat-telefonos-ip","7":"product_tag-grandstream","8":"product_tag-telefonos-ip","9":"product_tag-voip-telefonia-ip-videoconferencia","11":"first","12":"instock","13":"sale","14":"shipping-taxable","15":"purchasable","16":"product-type-simple"},"_links":{"self":[{"href":"https:\/\/soydeaqui.ddns.net\/pachuca\/index.php\/wp-json\/wp\/v2\/product\/87291","targetHints":{"allow":["GET"]}}],"collection":[{"href":"https:\/\/soydeaqui.ddns.net\/pachuca\/index.php\/wp-json\/wp\/v2\/product"}],"about":[{"href":"https:\/\/soydeaqui.ddns.net\/pachuca\/index.php\/wp-json\/wp\/v2\/types\/product"}],"replies":[{"embeddable":true,"href":"https:\/\/soydeaqui.ddns.net\/pachuca\/index.php\/wp-json\/wp\/v2\/comments?post=87291"}],"wp:featuredmedia":[{"embeddable":true,"href":"https:\/\/soydeaqui.ddns.net\/pachuca\/index.php\/wp-json\/wp\/v2\/media\/87290"}],"wp:attachment":[{"href":"https:\/\/soydeaqui.ddns.net\/pachuca\/index.php\/wp-json\/wp\/v2\/media?parent=87291"}],"wp:term":[{"taxonomy":"product_brand","embeddable":true,"href":"https:\/\/soydeaqui.ddns.net\/pachuca\/index.php\/wp-json\/wp\/v2\/product_brand?post=87291"},{"taxonomy":"product_cat","embeddable":true,"href":"https:\/\/soydeaqui.ddns.net\/pachuca\/index.php\/wp-json\/wp\/v2\/product_cat?post=87291"},{"taxonomy":"product_tag","embeddable":true,"href":"https:\/\/soydeaqui.ddns.net\/pachuca\/index.php\/wp-json\/wp\/v2\/product_tag?post=87291"}],"curies":[{"name":"wp","href":"https:\/\/api.w.org\/{rel}","templated":true}]}}