{"id":87289,"date":"2026-03-19T23:00:02","date_gmt":"2026-03-19T23:00:02","guid":{"rendered":"https:\/\/soydeaqui.ddns.net\/pachuca\/index.php\/producto\/certificacion-gcp-oficial-en-networking-wireless\/"},"modified":"2026-03-19T23:00:03","modified_gmt":"2026-03-19T23:00:03","slug":"certificacion-gcp-oficial-en-networking-wireless","status":"publish","type":"product","link":"https:\/\/soydeaqui.ddns.net\/pachuca\/index.php\/producto\/certificacion-gcp-oficial-en-networking-wireless\/","title":{"rendered":"Certificaci\u00f3n GCP Oficial en Networking Wireless"},"content":{"rendered":"<div style='width: 100%; max-width: 1200px; margin: 0 auto; font-family: sans-serif; line-height: 1.6; color: inherit; background-color: transparent;'> <!-- Secci\u00f3n de t\u00edtulo --> <\/p>\n<div style='margin-bottom: 30px;'>\n<h2 style='font-size: 24px; margin: 0 0 15px 0; color: inherit; font-weight: bold; border-bottom: 2px solid currentColor; padding-bottom: 5px; opacity: 0.9;'> Certificaci\u00f3n Profesional de Networking &#8211; Wireless <\/h2>\n<p style='margin: 0; font-size: 18px; color: inherit; opacity: 0.8;'> Modalidad Presencial <\/p>\n<\/p><\/div>\n<p> <!-- Secci\u00f3n de contenido con flex --> <\/p>\n<div style='display: flex; flex-direction: column; gap: 25px; margin-bottom: 30px;'> <!-- Descripci\u00f3n --> <\/p>\n<div style='font-size: 15px; color: inherit;'>\n<h3 style='font-size: 20px; margin-top: 0; margin-bottom: 10px; color: inherit; opacity: 0.85;'> <strong>Descripci\u00f3n:<\/strong> <\/h3>\n<p style='margin: 0;'> Transforma tu red Wi-Fi con los puntos de acceso Grandstream serie GWN76XX. Esta certificaci\u00f3n te proporcionar\u00e1 los conocimientos y habilidades necesarios para dise\u00f1ar&comma; implementar y administrar redes inal\u00e1mbricas empresariales de alta calidad&comma; optimizando el rendimiento y la seguridad de tu negocio. <\/p>\n<\/p><\/div>\n<p> <!-- A quien va dirigido --> <\/p>\n<div style='font-size: 15px; color: inherit;'>\n<h3 style='font-size: 20px; margin-top: 0; margin-bottom: 10px; color: inherit; opacity: 0.85;'> <strong>A qui\u00e9n va dirigido:<\/strong> <\/h3>\n<p style='margin: 0;'> Esta certificaci\u00f3n est\u00e1 dise\u00f1ada para profesionales de TI&comma; Compa\u00f1\u00edas WISP e integradores que buscan dominar las funcionalidades avanzadas de los puntos de acceso Grandstream serie GWN76XX. Aprender\u00e1s a configurar redes Wi-Fi de alta densidad&comma; implementar soluciones de roaming y garantizar la seguridad de tu red empresarial. <\/p>\n<\/p><\/div>\n<p> <!-- Objetivo --> <\/p>\n<div style='font-size: 15px; color: inherit;'>\n<h3 style='font-size: 20px; margin-top: 0; margin-bottom: 10px; color: inherit; opacity: 0.85;'> <strong>Objetivo:<\/strong> <\/h3>\n<p style='margin: 0;'> El objetivo principal de esta certificaci\u00f3n es capacitar a los profesionales de TI para dise\u00f1ar&comma; implementar y administrar redes inal\u00e1mbricas robustas y eficientes utilizando los puntos de acceso Grandstream serie GWN76XX. A trav\u00e9s de este programa&comma; los participantes adquirir\u00e1n las habilidades necesarias para configurar&comma; optimizar y solucionar problemas en redes Wi-Fi&comma; garantizando una conectividad estable y segura. <\/p>\n<\/p><\/div>\n<p> <!-- Agenda --> <\/p>\n<div style='font-size: 15px; color: inherit;'>\n<h3 style='font-size: 20px; margin-top: 0; margin-bottom: 10px; color: inherit; opacity: 0.85;'> <strong>Agenda:<\/strong> <\/h3>\n<ul style='padding-left: 20px; margin: 0; list-style-type: disc;'>\n<li style='margin-bottom: 5px;'>Lab 1: Instalaci\u00f3n y despliegue<\/li>\n<li style='margin-bottom: 5px;'>Lab 2: Gesti\u00f3n centralizada de APs desde GDMS<\/li>\n<li style='margin-bottom: 5px;'>Lab 3: Mapa de calor<\/li>\n<li style='margin-bottom: 5px;'>Lab 4: Esc\u00e1ner WiFi<\/li>\n<li style='margin-bottom: 5px;'>Lab 5: Portal cautivo<\/li>\n<li style='margin-bottom: 5px;'>Lab 6: Gesti\u00f3n de SSID<\/li>\n<\/ul><\/div>\n<p> <!-- Requisitos --> <\/p>\n<div style='font-size: 15px; color: inherit;'>\n<h3 style='font-size: 20px; margin-top: 0; margin-bottom: 10px; color: inherit; opacity: 0.85;'> <strong>Requisitos:<\/strong> <\/h3>\n<ul style='padding-left: 20px; margin: 0; list-style-type: disc;'>\n<li style='margin-bottom: 5px;'>Certificado GCS de GWN aprobado<\/li>\n<li style='margin-bottom: 5px;'>1 AP de la serie GWN (Incluido en la certificaci\u00f3n)<\/li>\n<li style='margin-bottom: 5px;'>Switch PoE (Incluido en la certificaci\u00f3n)<\/li>\n<li style='margin-bottom: 5px;'>Cuenta activa de GDMS<\/li>\n<li style='margin-bottom: 5px;'>Aplicaci\u00f3n GWN.cloud<\/li>\n<li style='margin-bottom: 5px;'>Switch PoE<\/li>\n<li style='margin-bottom: 5px;'>1 laptop con puerto de red ethernet o adaptador ethernet por participante.<\/li>\n<\/ul><\/div>\n<p> <!-- Nota importante --> <\/p>\n<div style='font-size: 15px; color: inherit;'>\n<h3 style='font-size: 20px; margin-top: 0; margin-bottom: 10px; color: inherit; opacity: 0.85;'> <strong>Nota Importante:<\/strong> <\/h3>\n<p style='margin: 0;'> Los participantes deben contar con el nivel GCS GWN Aprobado&comma; para optar a la certificaci\u00f3n Profesional. Con el link a continuaci\u00f3n&comma; los participantes tienen una oportunidad por semana de presentar el examen del nivel GCS GWN desde el siguiente enlace: <a href='https:\/\/academy.grandstream.com\/s\/latam-gcs-networking-training' style='color: inherit; text-decoration: underline;'> https:\/\/academy.grandstream.com\/s\/latam-gcs-networking-training <\/a> <\/p>\n<\/p><\/div>\n<\/p><\/div>\n<p> <!-- Separador final --> <\/p>\n<hr style='border: 0; border-top: 1px solid rgba(150&comma; 150&comma; 150&comma; 0.3); margin: 30px 0;'> <\/div>\n","protected":false},"excerpt":{"rendered":"<p>Certificaci\u00f3n GCP Oficial en Networking Wireless<\/p>\n","protected":false},"featured_media":87288,"comment_status":"open","ping_status":"closed","template":"","meta":[],"product_brand":[],"product_cat":[1794],"product_tag":[909,1795,1479],"class_list":{"0":"post-87289","1":"product","2":"type-product","3":"status-publish","4":"has-post-thumbnail","6":"product_cat-puntos-de-acceso","7":"product_tag-grandstream","8":"product_tag-puntos-de-acceso","9":"product_tag-redes-wifi","11":"first","12":"instock","13":"sale","14":"shipping-taxable","15":"purchasable","16":"product-type-simple"},"_links":{"self":[{"href":"https:\/\/soydeaqui.ddns.net\/pachuca\/index.php\/wp-json\/wp\/v2\/product\/87289","targetHints":{"allow":["GET"]}}],"collection":[{"href":"https:\/\/soydeaqui.ddns.net\/pachuca\/index.php\/wp-json\/wp\/v2\/product"}],"about":[{"href":"https:\/\/soydeaqui.ddns.net\/pachuca\/index.php\/wp-json\/wp\/v2\/types\/product"}],"replies":[{"embeddable":true,"href":"https:\/\/soydeaqui.ddns.net\/pachuca\/index.php\/wp-json\/wp\/v2\/comments?post=87289"}],"wp:featuredmedia":[{"embeddable":true,"href":"https:\/\/soydeaqui.ddns.net\/pachuca\/index.php\/wp-json\/wp\/v2\/media\/87288"}],"wp:attachment":[{"href":"https:\/\/soydeaqui.ddns.net\/pachuca\/index.php\/wp-json\/wp\/v2\/media?parent=87289"}],"wp:term":[{"taxonomy":"product_brand","embeddable":true,"href":"https:\/\/soydeaqui.ddns.net\/pachuca\/index.php\/wp-json\/wp\/v2\/product_brand?post=87289"},{"taxonomy":"product_cat","embeddable":true,"href":"https:\/\/soydeaqui.ddns.net\/pachuca\/index.php\/wp-json\/wp\/v2\/product_cat?post=87289"},{"taxonomy":"product_tag","embeddable":true,"href":"https:\/\/soydeaqui.ddns.net\/pachuca\/index.php\/wp-json\/wp\/v2\/product_tag?post=87289"}],"curies":[{"name":"wp","href":"https:\/\/api.w.org\/{rel}","templated":true}]}}