{"id":87241,"date":"2026-03-19T22:57:58","date_gmt":"2026-03-19T22:57:58","guid":{"rendered":"https:\/\/soydeaqui.ddns.net\/pachuca\/index.php\/producto\/switch-gigabit-no-administrable-8-puertos-10-100-1000-mbps\/"},"modified":"2026-03-19T22:58:07","modified_gmt":"2026-03-19T22:58:07","slug":"switch-gigabit-no-administrable-8-puertos-10-100-1000-mbps","status":"publish","type":"product","link":"https:\/\/soydeaqui.ddns.net\/pachuca\/index.php\/producto\/switch-gigabit-no-administrable-8-puertos-10-100-1000-mbps\/","title":{"rendered":"Switch Gigabit No Administrable \/ 8 puertos 10\/100\/1000 Mbps"},"content":{"rendered":"<div style='width: 100%; max-width: 1200px; margin: 0 auto; font-family: sans-serif; line-height: 1.6; color: inherit; background-color: transparent;'>\n<div style='display: flex; flex-wrap: wrap; gap: 30px; margin-bottom: 30px;'>\n<div style='flex: 1 1 400px;'> <img style='width: 100%; height: auto; border: 1px solid rgba(150&comma;150&comma;150&comma;0.3); border-radius: 8px;' src='https:\/\/ftp3.syscom.mx\/usuarios\/fotos\/GWN7701\/217531-gwn7701_2.png' alt='Switch Gigabit No Administrable Grandstream GWN7701'> <\/div>\n<div style='flex: 1 1 400px;'>\n<h1 style='font-size: 22px; margin-top: 0; color: inherit; opacity: 0.8;'>Switches de red no administrables Serie GWN7700<\/h1>\n<ul style='padding-left: 20px; font-size: 15px; color: inherit;'>\n<li style='margin-bottom: 5px;'>8 puertos Gigabit Ethernet.<\/li>\n<li style='margin-bottom: 5px;'>La tecnolog\u00eda verde reduce el consumo de energ\u00eda<\/li>\n<li style='margin-bottom: 5px;'>Indicadores LED; Por puerto: Enlace\/Actividad\/ Velocidad Por dispositivo: Potencia<\/li>\n<li style='margin-bottom: 5px;'>Auto MDI\/MDIX Crossover para todos los puertos<\/li>\n<li style='margin-bottom: 5px;'>Broadcast\/Multicast\/ Unicast Storm Control (fijo a 100Mbps) para monitorear los niveles de tr\u00e1fico<\/li>\n<li style='margin-bottom: 5px;'>QoS \u2013 Permite prioridad estricta predeterminada cuando est\u00e1 presente<\/li>\n<li style='margin-bottom: 5px;'>Funci\u00f3n de limpieza de base de datos de reenv\u00edo (solo GWN7701\/GWN7701P\/ GWN7701PA)<\/li>\n<\/ul><\/div>\n<\/p><\/div>\n<div style='display: flex; flex-wrap: wrap; gap: 20px; margin-bottom: 30px;'>\n<div style='flex: 1 1 250px; border: 1px solid rgba(150&comma; 150&comma; 150&comma; 0.4); border-radius: 8px; overflow: hidden; display: flex; flex-direction: column;'>\n<div style='padding: 15px; border-bottom: 1px solid rgba(150&comma; 150&comma; 150&comma; 0.2); font-weight: bold; font-size: 18px; color: inherit;'>Caracter\u00edsticas principales<\/div>\n<div style='padding: 15px; color: inherit;'>\n<ul style='padding-left: 20px; margin: 0; font-size: 14px; list-style-type: disc;'>\n<li style='margin-bottom: 5px;'>8 puertos RJ45 de 10\/100\/1000 Mbps.<\/li>\n<li style='margin-bottom: 5px;'>Tabla de direcciones MAC 8K<\/li>\n<li style='margin-bottom: 5px;'>Capacidad de conmutaci\u00f3n 16 Gbps.<\/li>\n<li style='margin-bottom: 5px;'>Marco Jumbo 9KB<\/li>\n<li style='margin-bottom: 5px;'>MDI\/MDIX Autom\u00e1tico<\/li>\n<\/ul><\/div>\n<\/p><\/div>\n<div style='flex: 1 1 250px; border: 1px solid rgba(150&comma; 150&comma; 150&comma; 0.4); border-radius: 8px; overflow: hidden; display: flex; flex-direction: column;'>\n<div style='padding: 15px; border-bottom: 1px solid rgba(150&comma; 150&comma; 150&comma; 0.2); font-weight: bold; font-size: 18px; color: inherit;'>Caracter\u00edsticas F\u00edsicas y El\u00e9ctricas<\/div>\n<div style='padding: 15px; color: inherit;'>\n<ul style='padding-left: 20px; margin: 0; font-size: 14px; list-style-type: disc;'>\n<li style='margin-bottom: 5px;'>Peso Unidad: 0.17KG Paquete Completo: 0.38KG<\/li>\n<li style='margin-bottom: 5px;'>Dimensiones Unidad: 164 x 80 x 30mm Paquete: 202 x 166 x 54mm<\/li>\n<li style='margin-bottom: 5px;'>Temperatura de funcionamiento: 0\u201340 \u00b0C.<\/li>\n<li style='margin-bottom: 5px;'>Temperatura de almacenamiento: -10\u201370 \u00b0C.<\/li>\n<li style='margin-bottom: 5px;'>Fuente de alimentaci\u00f3n Externo 5V\/0.6A (Fuente incluida).<\/li>\n<\/ul><\/div>\n<\/p><\/div>\n<div style='flex: 1 1 250px; border: 1px solid rgba(150&comma; 150&comma; 150&comma; 0.4); border-radius: 8px; overflow: hidden; display: flex; flex-direction: column;'>\n<div style='padding: 15px; border-bottom: 1px solid rgba(150&comma; 150&comma; 150&comma; 0.2); font-weight: bold; font-size: 18px; color: inherit;'>Contenido<\/div>\n<div style='padding: 15px; color: inherit;'>\n<ul style='padding-left: 20px; margin: 0; font-size: 14px; list-style-type: disc;'>\n<li style='margin-bottom: 5px;'>Switch GWN7701<\/li>\n<li style='margin-bottom: 5px;'>Adaptador de corriente<\/li>\n<li style='margin-bottom: 5px;'>Gu\u00eda de instalaci\u00f3n.<\/li>\n<\/ul><\/div>\n<\/p><\/div>\n<\/p><\/div>\n<\/p><\/div>\n","protected":false},"excerpt":{"rendered":"<p>Switch Gigabit No Administrable \/ 8 puertos 10\/100\/1000 Mbps<\/p>\n","protected":false},"featured_media":87240,"comment_status":"open","ping_status":"closed","template":"","meta":[],"product_brand":[],"product_cat":[1970],"product_tag":[909,664,1971],"class_list":{"0":"post-87241","1":"product","2":"type-product","3":"status-publish","4":"has-post-thumbnail","6":"product_cat-switches","7":"product_tag-grandstream","8":"product_tag-networking","9":"product_tag-switches","11":"first","12":"instock","13":"sale","14":"shipping-taxable","15":"purchasable","16":"product-type-simple"},"_links":{"self":[{"href":"https:\/\/soydeaqui.ddns.net\/pachuca\/index.php\/wp-json\/wp\/v2\/product\/87241","targetHints":{"allow":["GET"]}}],"collection":[{"href":"https:\/\/soydeaqui.ddns.net\/pachuca\/index.php\/wp-json\/wp\/v2\/product"}],"about":[{"href":"https:\/\/soydeaqui.ddns.net\/pachuca\/index.php\/wp-json\/wp\/v2\/types\/product"}],"replies":[{"embeddable":true,"href":"https:\/\/soydeaqui.ddns.net\/pachuca\/index.php\/wp-json\/wp\/v2\/comments?post=87241"}],"wp:featuredmedia":[{"embeddable":true,"href":"https:\/\/soydeaqui.ddns.net\/pachuca\/index.php\/wp-json\/wp\/v2\/media\/87240"}],"wp:attachment":[{"href":"https:\/\/soydeaqui.ddns.net\/pachuca\/index.php\/wp-json\/wp\/v2\/media?parent=87241"}],"wp:term":[{"taxonomy":"product_brand","embeddable":true,"href":"https:\/\/soydeaqui.ddns.net\/pachuca\/index.php\/wp-json\/wp\/v2\/product_brand?post=87241"},{"taxonomy":"product_cat","embeddable":true,"href":"https:\/\/soydeaqui.ddns.net\/pachuca\/index.php\/wp-json\/wp\/v2\/product_cat?post=87241"},{"taxonomy":"product_tag","embeddable":true,"href":"https:\/\/soydeaqui.ddns.net\/pachuca\/index.php\/wp-json\/wp\/v2\/product_tag?post=87241"}],"curies":[{"name":"wp","href":"https:\/\/api.w.org\/{rel}","templated":true}]}}