{"id":87200,"date":"2026-03-19T22:56:08","date_gmt":"2026-03-19T22:56:08","guid":{"rendered":"https:\/\/soydeaqui.ddns.net\/pachuca\/index.php\/producto\/switch-gigabit-poe-administrable-24-puertos-10-100-1000-mbps-16-de-ellos-poe-2-puertos-sfp-uplink-hasta-240w-alta-labscloud\/"},"modified":"2026-03-19T22:56:09","modified_gmt":"2026-03-19T22:56:09","slug":"switch-gigabit-poe-administrable-24-puertos-10-100-1000-mbps-16-de-ellos-poe-2-puertos-sfp-uplink-hasta-240w-alta-labscloud","status":"publish","type":"product","link":"https:\/\/soydeaqui.ddns.net\/pachuca\/index.php\/producto\/switch-gigabit-poe-administrable-24-puertos-10-100-1000-mbps-16-de-ellos-poe-2-puertos-sfp-uplink-hasta-240w-alta-labscloud\/","title":{"rendered":"Switch Gigabit PoE+ Administrable \/ 24 puertos 10\/100\/1000 Mbps (16 de ellos POE+) + 2 Puertos SFP Uplink \/ Hasta 240W \/ Alta LabsCloud."},"content":{"rendered":"<div style='width: 100%; max-width: 1200px; margin: 0 auto; font-family: sans-serif; line-height: 1.6; color: inherit; background-color: transparent;'>\n<div style='width: 100%; margin-bottom: 30px;'> <img style='width: 100%; height: auto; border: 1px solid rgba(150&comma;150&comma;150&comma;0.3); border-radius: 8px;' src='https:\/\/ftp3.syscom.mx\/usuarios\/fotos\/AP6AL\/218268-captura_de_pantalla_2023-06-05_a_la(s)_14.26.46.png' alt=''> <\/div>\n<div style='display: flex; flex-wrap: wrap; gap: 30px; margin-bottom: 30px;'>\n<div style='flex: 1 1 300px; min-width: 280px;'>\n<div style='border-left: 5px solid #0091ff; border-radius: 5px; padding: 5px; box-shadow: 2px 2px 10px rgba(216&comma;216&comma;216&comma;0.4);'> <strong style='font-size: 18px; color: inherit;'>Caracter\u00edsticas principales:<\/strong> <\/p>\n<ul style='padding-left: 20px; font-size: 15px; color: inherit;'>\n<li style='margin-bottom: 5px;'><strong>24 puertos 10\/100\/1000 Mbps<\/strong><\/li>\n<li style='margin-bottom: 5px;'><strong>SOLO 16 puertos son POE+ 802.3af\/at<\/strong><\/li>\n<li style='margin-bottom: 5px;'>2 puertos SFP+<\/li>\n<li style='margin-bottom: 5px;'>Capacidad de conmutacion 88 Gbps<\/li>\n<li style='margin-bottom: 5px;'>Procesamiento sin bloqueo 44 Gbps<\/li>\n<li style='margin-bottom: 5px;'>Tasa de reenvio 65.5 Gbps<\/li>\n<li style='margin-bottom: 5px;'><strong>POE Maximo 240W<\/strong><\/li>\n<li style='margin-bottom: 5px;'>Suministro POE 30W por puerto<\/li>\n<\/ul><\/div>\n<\/p><\/div>\n<div style='flex: 1 1 300px; min-width: 280px;'>\n<div style='border-left: 5px solid #0091ff; border-radius: 5px; padding: 5px; box-shadow: 2px 2px 10px rgba(216&comma;216&comma;216&comma;0.4);'> <strong style='font-size: 18px; color: inherit;'>Caracteristicas fisicas y electricas<\/strong> <\/p>\n<ul style='padding-left: 20px; font-size: 15px; color: inherit;'>\n<li style='margin-bottom: 5px;'>Consumo maximo de energia sin POE: 53W<\/li>\n<li style='margin-bottom: 5px;'>Consumo maximo de energia con POE: 295W<\/li>\n<li style='margin-bottom: 5px;'>Alimentacion: 100 &#8211; 240 Vca 50\/60 Hz Interna<\/li>\n<li style='margin-bottom: 5px;'>Temperatura de operacion: -5 a 50\u00b0 C (23 a 122\u00b0 F)<\/li>\n<li style='margin-bottom: 5px;'>Dimensiones: 44 x 254 x 441.5 mm (1.7 x 10 x 17.4&#8242;)<\/li>\n<li style='margin-bottom: 5px;'>Color: Gris metalico<\/li>\n<\/ul><\/div>\n<\/p><\/div>\n<div style='flex: 1 1 300px; min-width: 280px;'>\n<div style='border-left: 5px solid #0091ff; border-radius: 5px; padding: 5px; box-shadow: 2px 2px 10px rgba(216&comma;216&comma;216&comma;0.4);'> <strong style='font-size: 18px; color: inherit;'>Gesti\u00f3n basada en la nube<\/strong> <\/p>\n<ul style='padding-left: 20px; font-size: 15px; color: inherit;'>\n<li style='margin-bottom: 5px;'>Permite a los usuarios acceder y administrar su red desde cualquier lugar con una conexi\u00f3n a Internet.<\/li>\n<li style='margin-bottom: 5px;'>Gesti\u00f3n escalable de m\u00faltiples sitios<\/li>\n<li style='margin-bottom: 5px;'>Estado en tiempo real<\/li>\n<li style='margin-bottom: 5px;'>Tablero personalizable<\/li>\n<li style='margin-bottom: 5px;'>Infraestructura global en la nube<\/li>\n<li style='margin-bottom: 5px;'>Implemente y administre m\u00faltiples sitios de forma r\u00e1pida y f\u00e1cilmente.<\/li>\n<li style='margin-bottom: 5px;'>Agregue&comma; elimine o cambie el nombre de los sitios al instante.<\/li>\n<li style='margin-bottom: 5px;'><strong>NOTA: Requiere INTERNET para ser administrado&comma; desde <a style='color: #3598db; text-decoration: underline;' href='https:\/\/manage.alta.inc\/' target='_blank' rel='noopener'>manage.alta.inc<\/a> o la app m\u00f3vil. NO cuenta con interfaz gr\u00e1fica local.<\/strong><\/li>\n<\/ul><\/div>\n<\/p><\/div>\n<\/p><\/div>\n<div style='width: 100%; margin-bottom: 30px;'>\n<div style='position: relative; padding-bottom: 56.25%; height: 0; overflow: hidden; margin-bottom: 30px;'> <img style='position: absolute; top: 0; left: 0; width: 100%; height: 100%; border: none; object-fit: contain;' src='https:\/\/ftp3.syscom.mx\/usuarios\/fotos\/S8POE\/218269-64d51acfcceeb3e71f814869_mockup_latest.png' alt=''> <\/div>\n<div style='text-align: center; padding: 20px;'>\n<h2 style='margin: 0; font-size: 20px; color: inherit;'><strong>Aplicaci\u00f3n M\u00f3vil<\/strong><\/h2>\n<p style='margin: 10px 0 0 0; color: inherit;'>Monitoree y administre su red desde cualquier parte del mundo con su dispositivo m\u00f3vil.<\/p>\n<\/p><\/div>\n<\/p><\/div>\n<div style='display: flex; flex-wrap: wrap; gap: 30px; margin-bottom: 30px;'>\n<div style='flex: 1 1 300px; min-width: 280px;'>\n<div style='text-align: center; padding: 20px;'>\n<h2 style='margin: 0; font-size: 20px; color: inherit;'><strong>Configuraci\u00f3n Intuitiva de Dispositivos y VLAN<\/strong><\/h2>\n<p style='margin: 10px 0 0 0; color: inherit;'>mediante la plataforma Alta Cloud Management<\/p>\n<\/p><\/div>\n<\/p><\/div>\n<div style='flex: 1 1 300px; min-width: 280px;'>\n<div style='width: 100%;'> <img style='width: 100%; height: auto; border: 1px solid rgba(150&comma;150&comma;150&comma;0.3); border-radius: 8px;' src='https:\/\/ftp3.syscom.mx\/usuarios\/fotos\/S8POE\/218269-puertos.png' alt=''> <\/div>\n<\/p><\/div>\n<\/p><\/div>\n<div style='display: flex; flex-wrap: wrap; gap: 30px; margin-bottom: 30px;'>\n<div style='flex: 1 1 300px; min-width: 280px;'>\n<div style='width: 100%;'> <img style='width: 100%; height: auto; border: 1px solid rgba(150&comma;150&comma;150&comma;0.3); border-radius: 8px;' src='https:\/\/ftp3.syscom.mx\/usuarios\/fotos\/S8POE\/218269-speedlimit1.gif' alt=''> <\/div>\n<\/p><\/div>\n<div style='flex: 1 1 300px; min-width: 280px;'>\n<div style='text-align: center; padding: 20px;'>\n<h2 style='margin: 0; font-size: 20px; color: inherit;'><strong>L\u00edmite de velocidad de carga y descarga<\/strong><\/h2>\n<p style='margin: 10px 0 0 0; color: inherit;'>El tr\u00e1fico entrante y saliente se puede limitar a una parte del ancho de banda disponible por conexi\u00f3n.<\/p>\n<\/p><\/div>\n<\/p><\/div>\n<\/p><\/div>\n<div style='display: flex; flex-wrap: wrap; gap: 30px; margin-bottom: 30px;'>\n<div style='flex: 1 1 300px; min-width: 280px;'>\n<div style='text-align: center; padding: 20px;'>\n<h2 style='margin: 0; font-size: 20px; color: inherit;'><strong>Flexibilidad PoE (240W)<\/strong><\/h2>\n<p style='margin: 10px 0 0 0; color: inherit;'>Ya sea que tenga un entorno SOHO o una red empresarial&comma; los switches de Alta Labs est\u00e1n dise\u00f1ados para satisfacer sus necesidades.<\/p>\n<\/p><\/div>\n<\/p><\/div>\n<div style='flex: 1 1 300px; min-width: 280px;'>\n<div style='width: 100%;'> <img style='width: 100%; height: auto; border: 1px solid rgba(150&comma;150&comma;150&comma;0.3); border-radius: 8px;' src='https:\/\/ftp3.syscom.mx\/usuarios\/fotos\/S8POE\/218269-switches_poe.png' alt=''> <\/div>\n<\/p><\/div>\n<\/p><\/div>\n<div style='display: flex; flex-wrap: wrap; gap: 30px; margin-bottom: 30px;'>\n<div style='flex: 1 1 300px; min-width: 280px;'>\n<div style='width: 100%;'> <img style='width: 100%; height: auto; border: 1px solid rgba(150&comma;150&comma;150&comma;0.3); border-radius: 8px;' src='https:\/\/ftp3.syscom.mx\/usuarios\/fotos\/S24POE\/218271-proyecto_nuevo_(1).png' alt=''> <\/div>\n<\/p><\/div>\n<div style='flex: 1 1 300px; min-width: 280px;'>\n<div style='text-align: center; padding: 20px;'>\n<h2 style='margin: 0; font-size: 20px; color: inherit;'><strong>2 Puertos SFP+ para Fibra \u00d3ptica<\/strong><\/h2>\n<p style='margin: 10px 0 0 0; color: inherit;'>Cuenta con 2 puertos Uplink SFP de 10 Gbps&comma; listos para colocar un M\u00f3dulo MiniGbic<\/p>\n<\/p><\/div>\n<\/p><\/div>\n<\/p><\/div>\n<div style='text-align: center; margin: 40px 0 20px;'>\n<h2 style='margin: 0; font-size: 20px; color: inherit;'><strong>Contenido del Paquete<\/strong><\/h2>\n<\/p><\/div>\n<div style='width: 100%; margin-bottom: 30px;'> <img style='width: 100%; height: auto; border: 1px solid rgba(150&comma;150&comma;150&comma;0.3); border-radius: 8px;' src='https:\/\/ftp3.syscom.mx\/usuarios\/fotos\/S24POE\/218271-s24poe_package_content.jpg' alt=''> <\/div>\n<\/p><\/div>\n","protected":false},"excerpt":{"rendered":"<p>Switch Gigabit PoE+ Administrable \/ 24 puertos 10\/100\/1000 Mbps (16 de ellos POE+) + 2 Puertos SFP Uplink \/ Hasta 240W \/ Alta LabsCloud.<\/p>\n","protected":false},"featured_media":87199,"comment_status":"open","ping_status":"closed","template":"","meta":[],"product_brand":[],"product_cat":[1986],"product_tag":[2148,664,1987],"class_list":{"0":"post-87200","1":"product","2":"type-product","3":"status-publish","4":"has-post-thumbnail","6":"product_cat-switches-poe","7":"product_tag-alta-labs","8":"product_tag-networking","9":"product_tag-switches-poe","11":"first","12":"instock","13":"sale","14":"shipping-taxable","15":"purchasable","16":"product-type-simple"},"_links":{"self":[{"href":"https:\/\/soydeaqui.ddns.net\/pachuca\/index.php\/wp-json\/wp\/v2\/product\/87200","targetHints":{"allow":["GET"]}}],"collection":[{"href":"https:\/\/soydeaqui.ddns.net\/pachuca\/index.php\/wp-json\/wp\/v2\/product"}],"about":[{"href":"https:\/\/soydeaqui.ddns.net\/pachuca\/index.php\/wp-json\/wp\/v2\/types\/product"}],"replies":[{"embeddable":true,"href":"https:\/\/soydeaqui.ddns.net\/pachuca\/index.php\/wp-json\/wp\/v2\/comments?post=87200"}],"wp:featuredmedia":[{"embeddable":true,"href":"https:\/\/soydeaqui.ddns.net\/pachuca\/index.php\/wp-json\/wp\/v2\/media\/87199"}],"wp:attachment":[{"href":"https:\/\/soydeaqui.ddns.net\/pachuca\/index.php\/wp-json\/wp\/v2\/media?parent=87200"}],"wp:term":[{"taxonomy":"product_brand","embeddable":true,"href":"https:\/\/soydeaqui.ddns.net\/pachuca\/index.php\/wp-json\/wp\/v2\/product_brand?post=87200"},{"taxonomy":"product_cat","embeddable":true,"href":"https:\/\/soydeaqui.ddns.net\/pachuca\/index.php\/wp-json\/wp\/v2\/product_cat?post=87200"},{"taxonomy":"product_tag","embeddable":true,"href":"https:\/\/soydeaqui.ddns.net\/pachuca\/index.php\/wp-json\/wp\/v2\/product_tag?post=87200"}],"curies":[{"name":"wp","href":"https:\/\/api.w.org\/{rel}","templated":true}]}}