{"id":87193,"date":"2026-03-19T22:55:49","date_gmt":"2026-03-19T22:55:49","guid":{"rendered":"https:\/\/soydeaqui.ddns.net\/pachuca\/index.php\/producto\/switch-gigabit-poe-administrable-16-puertos-10-100-1000-mbps-2-puertos-sfp-uplink-presupuesto-poe-hasta-120w-administracion-gratuita-en-la-nube\/"},"modified":"2026-03-19T22:55:51","modified_gmt":"2026-03-19T22:55:51","slug":"switch-gigabit-poe-administrable-16-puertos-10-100-1000-mbps-2-puertos-sfp-uplink-presupuesto-poe-hasta-120w-administracion-gratuita-en-la-nube","status":"publish","type":"product","link":"https:\/\/soydeaqui.ddns.net\/pachuca\/index.php\/producto\/switch-gigabit-poe-administrable-16-puertos-10-100-1000-mbps-2-puertos-sfp-uplink-presupuesto-poe-hasta-120w-administracion-gratuita-en-la-nube\/","title":{"rendered":"Switch Gigabit PoE+ Administrable \/ 16 puertos 10\/100\/1000 Mbps + 2 Puertos SFP Uplink \/ Presupuesto PoE hasta 120W \/ Administraci\u00f3n Gratuita en la Nube"},"content":{"rendered":"<div style='width: 100%; max-width: 1200px; margin: 0 auto; font-family: sans-serif; line-height: 1.6; color: inherit; background-color: transparent;'>\n<div style='display: flex; flex-wrap: wrap; gap: 30px; margin-bottom: 30px;'>\n<div style='flex: 1 1 300px; min-width: 280px;'>\n<h3 style='font-size: 22px; border-bottom: 2px solid currentColor; padding-bottom: 5px; margin-top: 0; color: inherit; opacity: 0.8;'>S8-PoE<\/h3>\n<ul style='padding-left: 20px; font-size: 15px; color: inherit;'>\n<li style='margin-bottom: 5px;'>Alta Labs crea una tecnolog\u00eda de red revolucionaria impulsada por dise\u00f1os de software y hardware propietarios. El Switch S8-PoE es un conmutador compacto con 8 puertos Gigabit&comma; solamnete 4 puertos son PoE+&comma; son adminsitrables&comma; haciendo m\u00e1s robusta nuestra red.<\/li>\n<li style='margin-bottom: 5px;'>La administraci\u00f3n es sencilla&comma; mediante la plataforma en la nube&comma; una nube gratuita sin restricciones.<\/li>\n<\/ul><\/div>\n<div style='flex: 1 1 300px; min-width: 280px;'> <img style='width: 100%; height: auto; border: 1px solid rgba(150&comma;150&comma;150&comma;0.3); border-radius: 8px;' src='https:\/\/ftp3.syscom.mx\/usuarios\/fotos\/S8POE\/218269-s8.jpg' alt='Switch S8-PoE'> <\/div>\n<\/p><\/div>\n<div style='display: flex; flex-wrap: wrap; gap: 30px; margin-bottom: 30px;'>\n<div style='flex: 1 1 300px; min-width: 280px;'>\n<h3 style='font-size: 22px; border-bottom: 2px solid currentColor; padding-bottom: 5px; margin-top: 0; color: inherit; opacity: 0.8;'>Power Over Ethernet<\/h3>\n<ul style='padding-left: 20px; font-size: 15px; color: inherit;'>\n<li style='margin-bottom: 5px;'>Los switches Alta Labs cuentan con conectividad PoE+ con una cantidad de puertos capaces de proporcionar hasta 30W de potencia por puerto.<\/li>\n<li style='margin-bottom: 5px;'>Los switches admiten el est\u00e1ndar PoE+ 802.3at y son compatibles con el est\u00e1ndar PoE 802.3af.<\/li>\n<li style='margin-bottom: 5px;'>El S8\u2013PoE ofrece cuatro puertos PoE+ con un presupuesto PoE de 60W. Alimente sus puntos de acceso Alta Labs y otros dispositivos que admitan los est\u00e1ndares 802.3at o 802.3af.<\/li>\n<\/ul><\/div>\n<div style='flex: 1 1 300px; min-width: 280px;'> <img style='width: 100%; height: auto; border: 1px solid rgba(150&comma;150&comma;150&comma;0.3); border-radius: 8px;' src='https:\/\/ftp3.syscom.mx\/usuarios\/fotos\/S8POE\/218269-s81_copia.png' alt='Power Over Ethernet'> <\/div>\n<\/p><\/div>\n<div style='display: flex; flex-wrap: wrap; gap: 30px; margin-bottom: 30px;'>\n<div style='flex: 1 1 300px; min-width: 280px;'> <img style='width: 100%; height: auto; border: 1px solid rgba(150&comma;150&comma;150&comma;0.3); border-radius: 8px;' src='https:\/\/ftp3.syscom.mx\/usuarios\/fotos\/S8POE\/218269-s82_copia.png' alt='Configuraci\u00f3n Sencilla'> <\/div>\n<div style='flex: 1 1 300px; min-width: 280px;'>\n<h3 style='font-size: 22px; border-bottom: 2px solid currentColor; padding-bottom: 5px; margin-top: 0; color: inherit; opacity: 0.8;'>Configuraci\u00f3n Sencilla&comma; mediante Bluetooth o el cloud (Internet necesario)<\/h3>\n<ul style='padding-left: 20px; font-size: 15px; color: inherit;'>\n<li style='margin-bottom: 5px;'>Los conmutadores incluyen funcionalidad de Bluetooth que permite una configuraci\u00f3n r\u00e1pida y sencilla mediante la aplicaci\u00f3n m\u00f3vil.<\/li>\n<li style='margin-bottom: 5px;'>Tambien podemos realizar la configuraci\u00f3n mediante el portal&comma; para este punto&comma; es necesario contar con conexi\u00f3n a internet en el sitio que instalaremos el switch.<\/li>\n<\/ul><\/div>\n<\/p><\/div>\n<div style='display: flex; flex-wrap: wrap; gap: 30px; margin-bottom: 30px;'>\n<div style='flex: 1 1 300px; min-width: 280px;'>\n<h3 style='font-size: 22px; border-bottom: 2px solid currentColor; padding-bottom: 5px; margin-top: 0; color: inherit; opacity: 0.8;'>Admite Configuraciones Especificas<\/h3>\n<ul style='padding-left: 20px; font-size: 15px; color: inherit;'>\n<li style='margin-bottom: 5px;'>Es puede separar la red mediante la configuraci\u00f3n de VLAN\u00b4s&comma; implementar control de traf\u00edco para un mejor rendimiento de la red&comma; protecci\u00f3n de loop&comma; admite Voice VLAN y bloqueo de direcciones MAC.<\/li>\n<\/ul><\/div>\n<div style='flex: 1 1 300px; min-width: 280px;'> <img style='width: 100%; height: auto; border: 1px solid rgba(150&comma;150&comma;150&comma;0.3); border-radius: 8px;' src='https:\/\/ftp3.syscom.mx\/usuarios\/fotos\/S8POE\/218269-s84.png' alt='Configuraciones Especificas'> <\/div>\n<\/p><\/div>\n<div style='display: flex; flex-wrap: wrap; gap: 30px; margin-bottom: 30px;'>\n<div style='flex: 1 1 300px; min-width: 280px;'> <img style='width: 100%; height: auto; border: 1px solid rgba(150&comma;150&comma;150&comma;0.3); border-radius: 8px;' src='https:\/\/ftp3.syscom.mx\/usuarios\/fotos\/S8POE\/218269-s83_copia.png' alt='Aplicaci\u00f3n M\u00f3vil'> <\/div>\n<div style='flex: 1 1 300px; min-width: 280px;'>\n<h3 style='font-size: 22px; border-bottom: 2px solid currentColor; padding-bottom: 5px; margin-top: 0; color: inherit; opacity: 0.8;'>Aplicaci\u00f3n M\u00f3vil<\/h3>\n<ul style='padding-left: 20px; font-size: 15px; color: inherit;'>\n<li style='margin-bottom: 5px;'>Monitorea y administra tus redes desde la comodidad de tu dispositivo m\u00f3vil con la aplicaci\u00f3n Alta Networks. Reg\u00edstrate para obtener una cuenta de Alta Labs usando solo tu nombre&comma; correo electr\u00f3nico y contrase\u00f1a o inicia sesi\u00f3n con tu cuenta de Google o Apple.<\/li>\n<\/ul><\/div>\n<\/p><\/div>\n<div style='display: flex; flex-wrap: wrap; gap: 20px; margin-bottom: 30px;'>\n<div style='flex: 1 1 250px; border: 1px solid rgba(150&comma; 150&comma; 150&comma; 0.4); border-radius: 8px; overflow: hidden; display: flex; flex-direction: column;'>\n<div style='padding: 15px; border-bottom: 1px solid rgba(150&comma; 150&comma; 150&comma; 0.2); font-weight: bold; font-size: 18px; color: inherit;'>Caracter\u00edsticas<\/div>\n<div style='padding: 15px; color: inherit;'>\n<ul style='padding-left: 20px; margin: 0; font-size: 14px; list-style-type: disc;'>\n<li style='margin-bottom: 5px;'><strong>Dimensiones:<\/strong> 441.5 x 254 x 44 mm.<\/li>\n<li style='margin-bottom: 5px;'><strong>Puertos:<\/strong> (16) Puertos LAN 10\/100\/1000 Mbps (SOLO 8 Puertos Son PoE af\/at)&comma; (2) Puertos SFP<\/li>\n<li style='margin-bottom: 5px;'><strong>Boton Reset:<\/strong> S\u00ed<\/li>\n<li style='margin-bottom: 5px;'><strong>Garant\u00eda:<\/strong> 3 a\u00f1os<\/li>\n<li style='margin-bottom: 5px;'><strong>Gesti\u00f3n web:<\/strong> Mediante la nube es GRATUITA<\/li>\n<\/ul><\/div>\n<\/p><\/div>\n<div style='flex: 1 1 250px; border: 1px solid rgba(150&comma; 150&comma; 150&comma; 0.4); border-radius: 8px; overflow: hidden; display: flex; flex-direction: column;'>\n<div style='padding: 15px; border-bottom: 1px solid rgba(150&comma; 150&comma; 150&comma; 0.2); font-weight: bold; font-size: 18px; color: inherit;'>Especificaciones<\/div>\n<div style='padding: 15px; color: inherit;'>\n<ul style='padding-left: 20px; margin: 0; font-size: 14px; list-style-type: disc;'>\n<li style='margin-bottom: 5px;'><strong>Consumo m\u00e1x:<\/strong> 143W Entregando PoE en los 8 puertos \/ 23W sin PoE<\/li>\n<li style='margin-bottom: 5px;'><strong>Alimentaci\u00f3n:<\/strong> 100 a 240 Vca&comma; 50\/60 Hz<\/li>\n<li style='margin-bottom: 5px;'><strong>Presupuesto PoE:<\/strong> 120W<\/li>\n<li style='margin-bottom: 5px;'><strong>Capacidad de conmutaci\u00f3n:<\/strong> 36 Gbps<\/li>\n<li style='margin-bottom: 5px;'><strong>Procesamiento sin Bloqueo:<\/strong> 18 Gbps<\/li>\n<\/ul><\/div>\n<\/p><\/div>\n<div style='flex: 1 1 250px; border: 1px solid rgba(150&comma; 150&comma; 150&comma; 0.4); border-radius: 8px; overflow: hidden; display: flex; flex-direction: column;'>\n<div style='padding: 15px; border-bottom: 1px solid rgba(150&comma; 150&comma; 150&comma; 0.2); font-weight: bold; font-size: 18px; color: inherit;'>Otros<\/div>\n<div style='padding: 15px; color: inherit;'>\n<ul style='padding-left: 20px; margin: 0; font-size: 14px; list-style-type: disc;'>\n<li style='margin-bottom: 5px;'><strong>Tasa de reenv\u00edo:<\/strong> 26.8 Gbps<\/li>\n<li style='margin-bottom: 5px;'><strong>Tabla MAC:<\/strong> 8 K<\/li>\n<li style='margin-bottom: 5px;'><strong>B\u00fafer:<\/strong> 4.1 Mbit<\/li>\n<li style='margin-bottom: 5px;'><strong>VLAN:<\/strong> S\u00ed<\/li>\n<li style='margin-bottom: 5px;'><strong>IGMP:<\/strong> S\u00ed<\/li>\n<\/ul><\/div>\n<\/p><\/div>\n<div style='flex: 1 1 250px; border: 1px solid rgba(150&comma; 150&comma; 150&comma; 0.4); border-radius: 8px; overflow: hidden; display: flex; flex-direction: column;'>\n<div style='padding: 15px; border-bottom: 1px solid rgba(150&comma; 150&comma; 150&comma; 0.2); font-weight: bold; font-size: 18px; color: inherit;'>Caracter\u00edsticas Adicionales<\/div>\n<div style='padding: 15px; color: inherit;'>\n<ul style='padding-left: 20px; margin: 0; font-size: 14px; list-style-type: disc;'>\n<li style='margin-bottom: 5px;'><strong>Voice VLAN:<\/strong> S\u00ed<\/li>\n<li style='margin-bottom: 5px;'><strong>Certificaciones:<\/strong> CE&comma; FCC&comma; RoHS<\/li>\n<li style='margin-bottom: 5px;'><strong>Temperatura:<\/strong> Operando -5 a 50 \u00baC<\/li>\n<li style='margin-bottom: 5px;'><strong>Humedad:<\/strong> Operando 10 a 90% sin condensaci\u00f3n<\/li>\n<li style='margin-bottom: 5px;'><strong>Certificaciones:<\/strong> CE&comma; FCC&comma; IC<\/li>\n<\/ul><\/div>\n<\/p><\/div>\n<div style='flex: 1 1 250px; border: 1px solid rgba(150&comma; 150&comma; 150&comma; 0.4); border-radius: 8px; overflow: hidden; display: flex; flex-direction: column;'>\n<div style='padding: 15px; border-bottom: 1px solid rgba(150&comma; 150&comma; 150&comma; 0.2); font-weight: bold; font-size: 18px; color: inherit;'>Informaci\u00f3n Adicional<\/div>\n<div style='padding: 15px; color: inherit;'>\n<ul style='padding-left: 20px; margin: 0; font-size: 14px; list-style-type: disc;'>\n<li style='margin-bottom: 5px;'><strong>Gesti\u00f3n centralizada:<\/strong> Mediante la Nube: <a href='https:\/\/manage.alta.inc' style='color: inherit; text-decoration: underline;' target='_blank' rel='noopener'>P\u00e1gina Alta Labs<\/a><\/li>\n<li style='margin-bottom: 5px;'><strong>Contenido del Paquete:<\/strong> S16-PoE&comma; Fuente de alimentaci\u00f3n&comma; Soporte para Montaje<\/li>\n<\/ul><\/div>\n<\/p><\/div>\n<\/p><\/div>\n<hr style='border: 0; border-top: 1px solid rgba(150&comma; 150&comma; 150&comma; 0.3); margin: 30px 0;'> <\/div>\n","protected":false},"excerpt":{"rendered":"<p>Switch Gigabit PoE+ Administrable \/ 16 puertos 10\/100\/1000 Mbps + 2 Puertos SFP Uplink \/ Presupuesto PoE hasta 120W \/ Administraci\u00f3n Gratuita en la Nube<\/p>\n","protected":false},"featured_media":87192,"comment_status":"open","ping_status":"closed","template":"","meta":[],"product_brand":[],"product_cat":[1986],"product_tag":[2148,664,1987],"class_list":{"0":"post-87193","1":"product","2":"type-product","3":"status-publish","4":"has-post-thumbnail","6":"product_cat-switches-poe","7":"product_tag-alta-labs","8":"product_tag-networking","9":"product_tag-switches-poe","11":"first","12":"instock","13":"sale","14":"shipping-taxable","15":"purchasable","16":"product-type-simple"},"_links":{"self":[{"href":"https:\/\/soydeaqui.ddns.net\/pachuca\/index.php\/wp-json\/wp\/v2\/product\/87193","targetHints":{"allow":["GET"]}}],"collection":[{"href":"https:\/\/soydeaqui.ddns.net\/pachuca\/index.php\/wp-json\/wp\/v2\/product"}],"about":[{"href":"https:\/\/soydeaqui.ddns.net\/pachuca\/index.php\/wp-json\/wp\/v2\/types\/product"}],"replies":[{"embeddable":true,"href":"https:\/\/soydeaqui.ddns.net\/pachuca\/index.php\/wp-json\/wp\/v2\/comments?post=87193"}],"wp:featuredmedia":[{"embeddable":true,"href":"https:\/\/soydeaqui.ddns.net\/pachuca\/index.php\/wp-json\/wp\/v2\/media\/87192"}],"wp:attachment":[{"href":"https:\/\/soydeaqui.ddns.net\/pachuca\/index.php\/wp-json\/wp\/v2\/media?parent=87193"}],"wp:term":[{"taxonomy":"product_brand","embeddable":true,"href":"https:\/\/soydeaqui.ddns.net\/pachuca\/index.php\/wp-json\/wp\/v2\/product_brand?post=87193"},{"taxonomy":"product_cat","embeddable":true,"href":"https:\/\/soydeaqui.ddns.net\/pachuca\/index.php\/wp-json\/wp\/v2\/product_cat?post=87193"},{"taxonomy":"product_tag","embeddable":true,"href":"https:\/\/soydeaqui.ddns.net\/pachuca\/index.php\/wp-json\/wp\/v2\/product_tag?post=87193"}],"curies":[{"name":"wp","href":"https:\/\/api.w.org\/{rel}","templated":true}]}}