{"id":87155,"date":"2026-03-19T22:54:07","date_gmt":"2026-03-19T22:54:07","guid":{"rendered":"https:\/\/soydeaqui.ddns.net\/pachuca\/index.php\/producto\/ponchadora-crimpadora-hidraulica-de-12-toneladas-opera-a-bateria-con-estuche\/"},"modified":"2026-03-19T22:54:20","modified_gmt":"2026-03-19T22:54:20","slug":"ponchadora-crimpadora-hidraulica-de-12-toneladas-opera-a-bateria-con-estuche","status":"publish","type":"product","link":"https:\/\/soydeaqui.ddns.net\/pachuca\/index.php\/producto\/ponchadora-crimpadora-hidraulica-de-12-toneladas-opera-a-bateria-con-estuche\/","title":{"rendered":"Ponchadora (Crimpadora) Hidr\u00e1ulica de 12 Toneladas, opera a Bater\u00eda. Con Estuche"},"content":{"rendered":"<div style='width: 100%; max-width: 1200px; margin: 0 auto; font-family: sans-serif; line-height: 1.6; color: inherit; background-color: transparent;'>\n<div style='display: flex; flex-wrap: wrap; gap: 30px; margin-bottom: 30px;'>\n<div style='flex: 1 1 300px; min-width: 280px;'> <img style='width: 100%; height: auto; border: 1px solid rgba(150&comma;150&comma;150&comma;0.3); border-radius: 8px;' src='https:\/\/ftp3.syscom.mx\/usuarios\/fotos\/SCL2\/0X\/214870-217843-panduit-logo-tm-negro-fondo_trans30-01_(002)_(1).png' alt=''> <\/div>\n<\/p><\/div>\n<div style='display: flex; flex-wrap: wrap; gap: 30px; margin-bottom: 30px;'>\n<div style='flex: 1 1 300px; min-width: 280px;'>\n<h3 style='font-size: 22px; border-bottom: 2px solid currentColor; padding-bottom: 5px; margin-top: 0; color: inherit; opacity: 0.8;'>CT-2931\/ST<\/h3>\n<p style='font-size: 15px; color: inherit;'>La herramienta para prensar BlackFin\u2122 CT-2931\/ST funciona con bater\u00edas y prensa con solo tocar un bot\u00f3n. Los cables pueden terminarse r\u00e1pida y f\u00e1cilmente con un cabezal de prensado abatible que gira 355 grados. La herramienta para prensar tiene una fuerza de 12 toneladas y prensa la mayor\u00eda de los terminales&comma; empalmes&comma; terminales de desconexi\u00f3n&comma; f\u00e9rulas y algunos talones de cobre Pan-Term\u2122. Esta herramienta cumple con las normas de seguridad para productos el\u00e9ctricos y mec\u00e1nicos establecidas por la OSHA para herramientas el\u00e9ctricas manuales y accionadas por motor.<\/p>\n<p style='font-size: 15px; color: inherit;'><a href='https:\/\/www.syscom.mx\/principal\/buscar?global_search=dado%20codigo&#038;ordenar=Relevancia&#038;pag=1&#038;marca=panduit' style='color: inherit; text-decoration: none;'><strong>** Matrices de Prensado (DADOS) No Incluidos.<\/strong><\/a><\/p>\n<p style='font-size: 15px; color: inherit;'><strong><span style='color: #2880b9;'>Ver accesorios para la correcta selecci\u00f3n de Dados y Terminales de compresi\u00f3n dependiendo del cable a crimpar.<\/span><\/strong><\/p>\n<\/p><\/div>\n<\/p><\/div>\n<div style='display: flex; flex-wrap: wrap; gap: 30px; margin-bottom: 30px;'>\n<div style='flex: 1 1 300px; min-width: 280px;'> <img style='width: 100%; height: auto; border: 1px solid rgba(150&comma;150&comma;150&comma;0.3); border-radius: 8px;' src='https:\/\/ftp3.syscom.mx\/usuarios\/fotos\/CT2931\/ST\/220836-captura_de_pantalla_2023-07-31_a_la(s)_10.18.48.png' alt=''> <\/div>\n<\/p><\/div>\n<div style='position: relative; padding-bottom: 56.25%; height: 0; overflow: hidden; margin-bottom: 30px;'>   <\/div>\n<\/p><\/div>\n","protected":false},"excerpt":{"rendered":"<p>Ponchadora (Crimpadora) Hidr\u00e1ulica de 12 Toneladas, opera a Bater\u00eda. Con Estuche<\/p>\n","protected":false},"featured_media":87154,"comment_status":"open","ping_status":"closed","template":"","meta":[],"product_brand":[],"product_cat":[130],"product_tag":[25,131,445],"class_list":{"0":"post-87155","1":"product","2":"type-product","3":"status-publish","4":"has-post-thumbnail","6":"product_cat-herramientas-electricas","7":"product_tag-herramientas","8":"product_tag-herramientas-electricas","9":"product_tag-panduit","11":"first","12":"outofstock","13":"sale","14":"shipping-taxable","15":"purchasable","16":"product-type-simple"},"_links":{"self":[{"href":"https:\/\/soydeaqui.ddns.net\/pachuca\/index.php\/wp-json\/wp\/v2\/product\/87155","targetHints":{"allow":["GET"]}}],"collection":[{"href":"https:\/\/soydeaqui.ddns.net\/pachuca\/index.php\/wp-json\/wp\/v2\/product"}],"about":[{"href":"https:\/\/soydeaqui.ddns.net\/pachuca\/index.php\/wp-json\/wp\/v2\/types\/product"}],"replies":[{"embeddable":true,"href":"https:\/\/soydeaqui.ddns.net\/pachuca\/index.php\/wp-json\/wp\/v2\/comments?post=87155"}],"wp:featuredmedia":[{"embeddable":true,"href":"https:\/\/soydeaqui.ddns.net\/pachuca\/index.php\/wp-json\/wp\/v2\/media\/87154"}],"wp:attachment":[{"href":"https:\/\/soydeaqui.ddns.net\/pachuca\/index.php\/wp-json\/wp\/v2\/media?parent=87155"}],"wp:term":[{"taxonomy":"product_brand","embeddable":true,"href":"https:\/\/soydeaqui.ddns.net\/pachuca\/index.php\/wp-json\/wp\/v2\/product_brand?post=87155"},{"taxonomy":"product_cat","embeddable":true,"href":"https:\/\/soydeaqui.ddns.net\/pachuca\/index.php\/wp-json\/wp\/v2\/product_cat?post=87155"},{"taxonomy":"product_tag","embeddable":true,"href":"https:\/\/soydeaqui.ddns.net\/pachuca\/index.php\/wp-json\/wp\/v2\/product_tag?post=87155"}],"curies":[{"name":"wp","href":"https:\/\/api.w.org\/{rel}","templated":true}]}}