{"id":86979,"date":"2026-03-19T22:46:32","date_gmt":"2026-03-19T22:46:32","guid":{"rendered":"https:\/\/soydeaqui.ddns.net\/pachuca\/index.php\/producto\/switch-administrable-capa-3-12-puertos-sfp-10g-base-x-1-puerto-de-consola-rj45\/"},"modified":"2026-03-19T22:46:38","modified_gmt":"2026-03-19T22:46:38","slug":"switch-administrable-capa-3-12-puertos-sfp-10g-base-x-1-puerto-de-consola-rj45","status":"publish","type":"product","link":"https:\/\/soydeaqui.ddns.net\/pachuca\/index.php\/producto\/switch-administrable-capa-3-12-puertos-sfp-10g-base-x-1-puerto-de-consola-rj45\/","title":{"rendered":"Switch Administrable Capa 3, 12 Puertos SFP+ 10G BASE-X, 1 Puerto de Consola  RJ45."},"content":{"rendered":"<div style='width: 100%; max-width: 1200px; margin: 0 auto; font-family: sans-serif; line-height: 1.6; color: inherit; background-color: transparent;'> <!-- Im\u00e1genes de caracter\u00edsticas --> <\/p>\n<div style='display: flex; flex-wrap: wrap; gap: 15px; justify-content: center; margin-bottom: 30px;'> <img style='width: 60px; height: auto; border: 1px solid rgba(150&comma;150&comma;150&comma;0.3); border-radius: 8px;' src='https:\/\/planet.com.tw\/storage\/icons\/0icon_IPv6IPv4_Routing.png' alt='Enrutamiento IPv6\/IPv4'> <img style='width: 60px; height: auto; border: 1px solid rgba(150&comma;150&comma;150&comma;0.3); border-radius: 8px;' src='https:\/\/planet.com.tw\/storage\/icons\/4icon_L3_OSPF_Routing.png' alt='Enrutamiento L3 OSPF'> <img style='width: 60px; height: auto; border: 1px solid rgba(150&comma;150&comma;150&comma;0.3); border-radius: 8px;' src='https:\/\/planet.com.tw\/storage\/icons\/6icon_RING.png' alt='ANILLO'> <img style='width: 60px; height: auto; border: 1px solid rgba(150&comma;150&comma;150&comma;0.3); border-radius: 8px;' src='https:\/\/planet.com.tw\/storage\/icons\/3icon_L3_RIP_Routing.png' alt='Enrutamiento RIP L3'> <img style='width: 60px; height: auto; border: 1px solid rgba(150&comma;150&comma;150&comma;0.3); border-radius: 8px;' src='https:\/\/planet.com.tw\/storage\/icons\/1icon_IPv6-Management.png' alt='Gesti\u00f3n de IPv6'> <img style='width: 60px; height: auto; border: 1px solid rgba(150&comma;150&comma;150&comma;0.3); border-radius: 8px;' src='https:\/\/planet.com.tw\/storage\/icons\/3icon_10Gbps_SFP+.png' alt='SFP+ de 10 Gbps'> <\/div>\n<p> <!-- Descripci\u00f3n general --> <\/p>\n<div style='margin-bottom: 30px; font-size: 16px;'>\n<p>PLANET XGS-6311-12X es un switch de 10 Gbps administrable&comma; dise\u00f1ado para la demanda de equipos de red que requieren un alto ancho de banda&comma; como AP inal\u00e1mbrico Wi-Fi 6\/6E&comma; NAS y estaci\u00f3n de trabajo. Cuenta con 12 puertos de fibra 10GBASE-X SFP+ que est\u00e1n dise\u00f1ados de manera flexible para extender la distancia de conexi\u00f3n.<\/p>\n<\/p><\/div>\n<p> <!-- Im\u00e1genes del producto --> <\/p>\n<div style='display: flex; flex-wrap: wrap; gap: 20px; justify-content: center; margin-bottom: 30px;'> <img style='width: 100%; max-width: 600px; height: auto; border: 1px solid rgba(150&comma;150&comma;150&comma;0.3); border-radius: 8px;' src='https:\/\/planet.com.tw\/storage\/products\/49648\/edm_XGS-6311-12X.jpg' alt=''> <img style='width: 100%; max-width: 600px; height: auto; border: 1px solid rgba(150&comma;150&comma;150&comma;0.3); border-radius: 8px;' src='https:\/\/planet.com.tw\/storage\/products\/49648\/XGS-6311-12X_Front-Panel-Introduction.png' alt=''> <\/div>\n<p> <!-- Secciones de especificaciones --> <\/p>\n<div style='display: flex; flex-wrap: wrap; gap: 30px; margin-bottom: 30px;'>\n<div style='flex: 1 1 300px; min-width: 280px;'>\n<h3 style='font-size: 22px; border-bottom: 2px solid currentColor; padding-bottom: 5px; margin-top: 0; color: inherit; opacity: 0.8;'>Caracter\u00edsticas principales<\/h3>\n<ul style='padding-left: 20px; font-size: 15px; color: inherit;'>\n<li style='margin-bottom: 5px;'><strong>Puertos f\u00edsicos:<\/strong><\/li>\n<ul style='padding-left: 20px; margin-top: 5px; margin-bottom: 15px;'>\n<li style='margin-bottom: 5px;'>12 ranuras 10GBASE-SR\/LR SFP+&comma; compatible con 1000BASE-SX\/LX\/BX SFP<\/li>\n<li style='margin-bottom: 5px;'>Interfaz de consola RS232 tipo RJ45 para administraci\u00f3n y configuraci\u00f3n b\u00e1sica del switch<\/li>\n<\/ul>\n<li style='margin-bottom: 5px;'><strong>Hardware:<\/strong><\/li>\n<ul style='padding-left: 20px; margin-top: 5px; margin-bottom: 15px;'>\n<li style='margin-bottom: 5px;'>CPU: MIPS 800MHz<\/li>\n<li style='margin-bottom: 5px;'>RAM: 512 Mbytes<\/li>\n<\/ul>\n<li style='margin-bottom: 5px;'><strong>Caracter\u00edsticas f\u00edsicas:<\/strong><\/li>\n<ul style='padding-left: 20px; margin-top: 5px; margin-bottom: 15px;'>\n<li style='margin-bottom: 5px;'>Dimensiones: 330 x 230 x 43.6 mm&comma; 1U<\/li>\n<li style='margin-bottom: 5px;'>Peso: 1.98 kgs<\/li>\n<li style='margin-bottom: 5px;'>Max consumo: 30.2 Watts<\/li>\n<li style='margin-bottom: 5px;'>Voltaje de entrada: 100 &#8211; 240V&comma; 50\/60 Hz<\/li>\n<\/ul>\n<\/ul><\/div>\n<div style='flex: 1 1 300px; min-width: 280px;'>\n<h3 style='font-size: 22px; border-bottom: 2px solid currentColor; padding-bottom: 5px; margin-top: 0; color: inherit; opacity: 0.8;'>Funcionalidades avanzadas<\/h3>\n<ul style='padding-left: 20px; font-size: 15px; color: inherit;'>\n<li style='margin-bottom: 5px;'><strong>Capa 3:<\/strong><\/li>\n<ul style='padding-left: 20px; margin-top: 5px; margin-bottom: 15px;'>\n<li style='margin-bottom: 5px;'>Protocolo de enrutamiento IP (Ruta est\u00e1tica&comma; RIPv1\/v2&comma; OSFPv2)<\/li>\n<li style='margin-bottom: 5px;'>Protocolo de capa 3 (ARP&comma; Proxy ARP&comma; Proxy IGMP)<\/li>\n<li style='margin-bottom: 5px;'>Otro: ICMPv6&comma; ND&comma; DNSv6<\/li>\n<\/ul>\n<li style='margin-bottom: 5px;'><strong>Capa 2:<\/strong><\/li>\n<ul style='padding-left: 20px; margin-top: 5px; margin-bottom: 15px;'>\n<li style='margin-bottom: 5px;'>Configuraci\u00f3n del puerto<\/li>\n<li style='margin-bottom: 5px;'>Estado del puerto<\/li>\n<li style='margin-bottom: 5px;'>VLAN<\/li>\n<li style='margin-bottom: 5px;'>Control de ancho de banda<\/li>\n<li style='margin-bottom: 5px;'>Link Aggregation<\/li>\n<li style='margin-bottom: 5px;'>QoS<\/li>\n<li style='margin-bottom: 5px;'>Multicast<\/li>\n<\/ul>\n<\/ul><\/div>\n<div style='flex: 1 1 300px; min-width: 280px;'>\n<h3 style='font-size: 22px; border-bottom: 2px solid currentColor; padding-bottom: 5px; margin-top: 0; color: inherit; opacity: 0.8;'>Seguridad y gesti\u00f3n<\/h3>\n<ul style='padding-left: 20px; font-size: 15px; color: inherit;'>\n<li style='margin-bottom: 5px;'><strong>Seguridad:<\/strong><\/li>\n<ul style='padding-left: 20px; margin-top: 5px; margin-bottom: 15px;'>\n<li style='margin-bottom: 5px;'>Lista de control de acceso<\/li>\n<li style='margin-bottom: 5px;'>Aislamiento de puerto<\/li>\n<li style='margin-bottom: 5px;'>Identificaci\u00f3n y filtrado de ACL basado en L2\/L3\/L4<\/li>\n<li style='margin-bottom: 5px;'>Defensa contra ataques de DOS o TCP<\/li>\n<li style='margin-bottom: 5px;'>Supresi\u00f3n de paquetes de difusi\u00f3n&comma; Multidifusi\u00f3n y unidifusi\u00f3n desconocidos<\/li>\n<li style='margin-bottom: 5px;'>DHCP Snooping<\/li>\n<li style='margin-bottom: 5px;'>AAA<\/li>\n<li style='margin-bottom: 5px;'>Autenticaci\u00f3n: Control de acceso a la red basado en puerto IEEE 802.1x<\/li>\n<\/ul>\n<li style='margin-bottom: 5px;'><strong>Gesti\u00f3n:<\/strong><\/li>\n<ul style='padding-left: 20px; margin-top: 5px; margin-bottom: 15px;'>\n<li style='margin-bottom: 5px;'>Configuraci\u00f3n del sistema (Consola&comma; Telnet&comma; navegador web&comma; SNMP v1&comma; v2c)<\/li>\n<li style='margin-bottom: 5px;'>Interfaces de gesti\u00f3n segura (SSHv2&comma; TLSv1.2&comma; SNMPv3)<\/li>\n<\/ul>\n<\/ul><\/div>\n<div style='flex: 1 1 300px; min-width: 280px;'>\n<h3 style='font-size: 22px; border-bottom: 2px solid currentColor; padding-bottom: 5px; margin-top: 0; color: inherit; opacity: 0.8;'>Especificaciones adicionales<\/h3>\n<ul style='padding-left: 20px; font-size: 15px; color: inherit;'>\n<li style='margin-bottom: 5px;'><strong>Temperatura:<\/strong><\/li>\n<ul style='padding-left: 20px; margin-top: 5px; margin-bottom: 15px;'>\n<li style='margin-bottom: 5px;'>Temperatura 0 &#8211; 50 \u00b0C<\/li>\n<li style='margin-bottom: 5px;'>Humedad relativa 5 &#8211; 90% (sin condensaci\u00f3n)<\/li>\n<\/ul>\n<li style='margin-bottom: 5px;'><strong>Garant\u00eda:<\/strong><\/li>\n<ul style='padding-left: 20px; margin-top: 5px; margin-bottom: 15px;'>\n<li style='margin-bottom: 5px;'>3 a\u00f1os<\/li>\n<\/ul>\n<li style='margin-bottom: 5px;'><strong>Contenido del paquete:<\/strong><\/li>\n<ul style='padding-left: 20px; margin-top: 5px; margin-bottom: 15px;'>\n<li style='margin-bottom: 5px;'>Gu\u00eda de instalaci\u00f3n<\/li>\n<li style='margin-bottom: 5px;'>Cable de consola<\/li>\n<li style='margin-bottom: 5px;'>Kit de montaje para rack<\/li>\n<li style='margin-bottom: 5px;'>Switch serie XGS<\/li>\n<li style='margin-bottom: 5px;'>Cable de alimentaci\u00f3n<\/li>\n<li style='margin-bottom: 5px;'>12 capuchas para puertos SFP<\/li>\n<li style='margin-bottom: 5px;'>4 patas de goma<\/li>\n<\/ul>\n<\/ul><\/div>\n<\/p><\/div>\n<\/p><\/div>\n","protected":false},"excerpt":{"rendered":"<p>Switch Administrable Capa 3, 12 Puertos SFP+ 10G BASE-X, 1 Puerto de Consola  RJ45.<\/p>\n","protected":false},"featured_media":86978,"comment_status":"open","ping_status":"closed","template":"","meta":[],"product_brand":[],"product_cat":[1970],"product_tag":[664,2033,1971],"class_list":{"0":"post-86979","1":"product","2":"type-product","3":"status-publish","4":"has-post-thumbnail","6":"product_cat-switches","7":"product_tag-networking","8":"product_tag-planet","9":"product_tag-switches","11":"first","12":"instock","13":"sale","14":"shipping-taxable","15":"purchasable","16":"product-type-simple"},"_links":{"self":[{"href":"https:\/\/soydeaqui.ddns.net\/pachuca\/index.php\/wp-json\/wp\/v2\/product\/86979","targetHints":{"allow":["GET"]}}],"collection":[{"href":"https:\/\/soydeaqui.ddns.net\/pachuca\/index.php\/wp-json\/wp\/v2\/product"}],"about":[{"href":"https:\/\/soydeaqui.ddns.net\/pachuca\/index.php\/wp-json\/wp\/v2\/types\/product"}],"replies":[{"embeddable":true,"href":"https:\/\/soydeaqui.ddns.net\/pachuca\/index.php\/wp-json\/wp\/v2\/comments?post=86979"}],"wp:featuredmedia":[{"embeddable":true,"href":"https:\/\/soydeaqui.ddns.net\/pachuca\/index.php\/wp-json\/wp\/v2\/media\/86978"}],"wp:attachment":[{"href":"https:\/\/soydeaqui.ddns.net\/pachuca\/index.php\/wp-json\/wp\/v2\/media?parent=86979"}],"wp:term":[{"taxonomy":"product_brand","embeddable":true,"href":"https:\/\/soydeaqui.ddns.net\/pachuca\/index.php\/wp-json\/wp\/v2\/product_brand?post=86979"},{"taxonomy":"product_cat","embeddable":true,"href":"https:\/\/soydeaqui.ddns.net\/pachuca\/index.php\/wp-json\/wp\/v2\/product_cat?post=86979"},{"taxonomy":"product_tag","embeddable":true,"href":"https:\/\/soydeaqui.ddns.net\/pachuca\/index.php\/wp-json\/wp\/v2\/product_tag?post=86979"}],"curies":[{"name":"wp","href":"https:\/\/api.w.org\/{rel}","templated":true}]}}