{"id":86894,"date":"2026-03-19T22:42:40","date_gmt":"2026-03-19T22:42:40","guid":{"rendered":"https:\/\/soydeaqui.ddns.net\/pachuca\/index.php\/producto\/amplificador-de-audio-multicanal-con-conexion-analoga-ydif-8-canales-140w-8-ohms-70-100v\/"},"modified":"2026-03-19T22:42:44","modified_gmt":"2026-03-19T22:42:44","slug":"amplificador-de-audio-multicanal-con-conexion-analoga-ydif-8-canales-140w-8-ohms-70-100v","status":"publish","type":"product","link":"https:\/\/soydeaqui.ddns.net\/pachuca\/index.php\/producto\/amplificador-de-audio-multicanal-con-conexion-analoga-ydif-8-canales-140w-8-ohms-70-100v\/","title":{"rendered":"Amplificador de Audio Multicanal con Conexi\u00f3n An\u00e1loga \/ YDIF | 8 Canales, 140W | 8 OHMS | 70\/100V"},"content":{"rendered":"<div style='width: 100%; max-width: 1200px; margin: 0 auto; font-family: sans-serif; line-height: 1.6; color: inherit; background-color: transparent;'> <!-- Imagen 1 --> <\/p>\n<div style='width: 100%; margin-bottom: 30px;'> <img style='width: 100%; height: auto; border: 1px solid rgba(150&comma;150&comma;150&comma;0.3); border-radius: 8px;' src='https:\/\/ftp3.syscom.mx\/usuarios\/luis.vargas\/YAMAHA\/XMV\/XMV_series.PNG' alt='XMV Series'> <\/div>\n<p> <!-- T\u00edtulo destacado --> <\/p>\n<div style='margin-bottom: 30px;'>\n<h2 style='font-size: 24px; font-weight: 500; text-align: center; color: inherit; opacity: 0.8; margin: 0; padding: 15px; border: 1px solid rgba(150&comma;150&comma;150&comma;0.3); border-radius: 8px; background-color: rgba(150&comma;150&comma;150&comma;0.05);'> Equipado con el nuevo formato de audio digital YDIF (Yamaha Digital Interface) para una f\u00e1cil instalaci\u00f3n <\/h2>\n<\/p><\/div>\n<p> <!-- Secci\u00f3n de imagen y texto --> <\/p>\n<div style='display: flex; flex-wrap: wrap; gap: 30px; margin-bottom: 30px;'>\n<div style='flex: 1 1 300px; min-width: 280px;'> <img style='width: 100%; height: auto; border: 1px solid rgba(150&comma;150&comma;150&comma;0.3); border-radius: 8px;' src='https:\/\/ftp3.syscom.mx\/usuarios\/luis.vargas\/YAMAHA\/XMV\/XMV_1.png' alt='XMV Series'> <\/div>\n<div style='flex: 1 1 300px; min-width: 280px;'>\n<div style='font-size: 16px; color: inherit; margin-bottom: 15px;'> Las etapas de potencia XMV ofrecen una soluci\u00f3n conveniente para las aplicaciones de sonido instalado. Pueden funcionar en modos de alta y baja impedancia al mismo tiempo&comma; eliminando la necesidad de amplificadores o transformadores externos adicionales. Adem\u00e1s&comma; permiten la operaci\u00f3n en 70V y 100V para cada par de canales&comma; sin afectar el n\u00famero de canales de salida disponibles. Esto simplifica el proceso de instalaci\u00f3n y ofrece flexibilidad y eficiencia. Las etapas de potencia XMV son ideales para aplicaciones que requieren conectividad de alta y baja impedancia en un mismo lugar. <\/div>\n<\/p><\/div>\n<\/p><\/div>\n<p> <!-- Secci\u00f3n de texto e imagen --> <\/p>\n<div style='display: flex; flex-wrap: wrap; gap: 30px; margin-bottom: 30px;'>\n<div style='flex: 1 1 300px; min-width: 280px;'>\n<div style='font-size: 16px; color: inherit; margin-bottom: 15px;'> Amplificadores de potencia XMV se utilizan en sistemas con procesadores de la serie MTX los ajustes tales como el mute de encendido \/ apagado o cambios de atenuador se puede establecer a trav\u00e9s del ordenador utilizando el software de Editor de MTX. Los puertos YDIF hacen que la configuraci\u00f3n del sistema sea sencilla y r\u00e1pida con una conexi\u00f3n instant\u00e1nea y control de par\u00e1metros flexibles. Originalmente la fuente de entrada de la serie XMV era com\u00fan a todos los canales. A partir de la versi\u00f3n 3.1&comma; ahora es posible seleccionar individualmente fuentes de entrada para cada canal. Es posible mezclar conexiones digitales y anal\u00f3gicas para cada canal de entrada de un XMV. <\/div>\n<\/p><\/div>\n<div style='flex: 1 1 300px; min-width: 280px;'> <img style='width: 100%; height: auto; border: 1px solid rgba(150&comma;150&comma;150&comma;0.3); border-radius: 8px;' src='https:\/\/ftp3.syscom.mx\/usuarios\/luis.vargas\/YAMAHA\/XMV\/XMV8280_MAINSCREEN.PNG' alt='Pantalla principal XMV8280'> <\/div>\n<\/p><\/div>\n<p> <!-- Imagen GIF --> <\/p>\n<div style='width: 100%; margin-bottom: 30px;'> <img style='width: 100%; height: auto; border: 1px solid rgba(150&comma;150&comma;150&comma;0.3); border-radius: 8px;' src='https:\/\/ftp3.syscom.mx\/usuarios\/luis.vargas\/YAMAHA\/XMV\/video_gifYamaha.gif' alt='Funcionamiento XMV Series'> <\/div>\n<p> <!-- Secci\u00f3n de caracter\u00edsticas --> <\/p>\n<div style='display: flex; flex-wrap: wrap; gap: 30px; margin-bottom: 30px;'>\n<div style='flex: 1 1 300px; min-width: 280px;'>\n<h3 style='font-size: 22px; border-bottom: 2px solid currentColor; padding-bottom: 5px; margin-top: 0; color: inherit; opacity: 0.8;'>Caracter\u00edsticas Generales<\/h3>\n<ul style='padding-left: 20px; font-size: 15px; color: inherit;'>\n<li style='margin-bottom: 5px;'>Interfaz simple y f\u00e1cil de usar<\/li>\n<li style='margin-bottom: 5px;'>Conmutable para sistemas de impedancia baja (4\/8 \u03a9) y alta (70\/100 V)<\/li>\n<li style='margin-bottom: 5px;'>Baja impedancia:<\/li>\n<li style='margin-bottom: 5px;'>8 x 140W @8\/4\u03a9<\/li>\n<li style='margin-bottom: 5px;'>4 x 125W @4\u03a9 \/ 8\u03a9 en modo de doble potencia<\/li>\n<li style='margin-bottom: 5px;'>Alta impedancia:<\/li>\n<li style='margin-bottom: 5px;'>4 x 280W @70V \/ 100V<\/li>\n<li style='margin-bottom: 5px;'>Alimentaci\u00f3n: 100V&comma; 120V&comma; 230V &#8211; 240V&comma; 50Hz \/ 60Hz<\/li>\n<li style='margin-bottom: 5px;'>Peso: 10.1kg<\/li>\n<li style='margin-bottom: 5px;'>Dimensiones: W: 480mm&comma; H:88mm&comma; D: 422mm<\/li>\n<\/ul><\/div>\n<div style='flex: 1 1 300px; min-width: 280px;'>\n<h3 style='font-size: 22px; border-bottom: 2px solid currentColor; padding-bottom: 5px; margin-top: 0; color: inherit; opacity: 0.8;'>Caracter\u00edsticas Adicionales<\/h3>\n<ul style='padding-left: 20px; font-size: 15px; color: inherit;'>\n<li style='margin-bottom: 5px;'>Equipado con el nuevo formato de audio digital YDIF para una f\u00e1cil instalaci\u00f3n<\/li>\n<li style='margin-bottom: 5px;'>Entradas digitales en RJ45 YDIF y ethernet<\/li>\n<li style='margin-bottom: 5px;'>Entradas anal\u00f3gicas en euroblock<\/li>\n<li style='margin-bottom: 5px;'>Funciones redundantes de Backup y Override<\/li>\n<li style='margin-bottom: 5px;'>Dise\u00f1o para montaje en rack 2U<\/li>\n<li style='margin-bottom: 5px;'>Nuevo modo de doble potencia<\/li>\n<li style='margin-bottom: 5px;'>Protecci\u00f3n t\u00e9rmica al llegar el disipador a los 90\u00b0C el equipo autom\u00e1ticamente se silenciar\u00e1&comma; y se restaura autom\u00e1ticamente al descender la temperatura<\/li>\n<li style='margin-bottom: 5px;'>Amplificaci\u00f3n clase D<\/li>\n<li style='margin-bottom: 5px;'>Confiabilidad y control de calidad de Yamaha l\u00edderes en la industria<\/li>\n<\/ul><\/div>\n<\/p><\/div>\n<p> <!-- Separador --> <\/p>\n<hr style='border: 0; border-top: 1px solid rgba(150&comma; 150&comma; 150&comma; 0.3); margin: 30px 0;'> <!-- Secci\u00f3n de videos --> <\/p>\n<div style='display: flex; flex-wrap: wrap; gap: 20px; margin-bottom: 30px;'> <!-- Video 1 --> <\/p>\n<div style='flex: 1 1 300px; min-width: 280px;'>\n<div style='position: relative; padding-bottom: 56.25%; height: 0; overflow: hidden;'>   <\/div>\n<\/p><\/div>\n<p> <!-- Video 2 --> <\/p>\n<div style='flex: 1 1 300px; min-width: 280px;'>\n<div style='position: relative; padding-bottom: 56.25%; height: 0; overflow: hidden;'>   <\/div>\n<\/p><\/div>\n<p> <!-- Video 3 --> <\/p>\n<div style='flex: 1 1 300px; min-width: 280px;'>\n<div style='position: relative; padding-bottom: 56.25%; height: 0; overflow: hidden;'>   <\/div>\n<\/p><\/div>\n<\/p><\/div>\n<\/p><\/div>\n","protected":false},"excerpt":{"rendered":"<p>Amplificador de Audio Multicanal con Conexi\u00f3n An\u00e1loga \/ YDIF | 8 Canales, 140W | 8 OHMS | 70\/100V<\/p>\n","protected":false},"featured_media":86893,"comment_status":"open","ping_status":"closed","template":"","meta":[],"product_brand":[],"product_cat":[2125],"product_tag":[2127,2126,2128],"class_list":{"0":"post-86894","1":"product","2":"type-product","3":"status-publish","4":"has-post-thumbnail","6":"product_cat-amplificadores","7":"product_tag-amplificadores","8":"product_tag-audio-profesional","9":"product_tag-yamaha","11":"first","12":"outofstock","13":"sale","14":"shipping-taxable","15":"purchasable","16":"product-type-simple"},"_links":{"self":[{"href":"https:\/\/soydeaqui.ddns.net\/pachuca\/index.php\/wp-json\/wp\/v2\/product\/86894","targetHints":{"allow":["GET"]}}],"collection":[{"href":"https:\/\/soydeaqui.ddns.net\/pachuca\/index.php\/wp-json\/wp\/v2\/product"}],"about":[{"href":"https:\/\/soydeaqui.ddns.net\/pachuca\/index.php\/wp-json\/wp\/v2\/types\/product"}],"replies":[{"embeddable":true,"href":"https:\/\/soydeaqui.ddns.net\/pachuca\/index.php\/wp-json\/wp\/v2\/comments?post=86894"}],"wp:featuredmedia":[{"embeddable":true,"href":"https:\/\/soydeaqui.ddns.net\/pachuca\/index.php\/wp-json\/wp\/v2\/media\/86893"}],"wp:attachment":[{"href":"https:\/\/soydeaqui.ddns.net\/pachuca\/index.php\/wp-json\/wp\/v2\/media?parent=86894"}],"wp:term":[{"taxonomy":"product_brand","embeddable":true,"href":"https:\/\/soydeaqui.ddns.net\/pachuca\/index.php\/wp-json\/wp\/v2\/product_brand?post=86894"},{"taxonomy":"product_cat","embeddable":true,"href":"https:\/\/soydeaqui.ddns.net\/pachuca\/index.php\/wp-json\/wp\/v2\/product_cat?post=86894"},{"taxonomy":"product_tag","embeddable":true,"href":"https:\/\/soydeaqui.ddns.net\/pachuca\/index.php\/wp-json\/wp\/v2\/product_tag?post=86894"}],"curies":[{"name":"wp","href":"https:\/\/api.w.org\/{rel}","templated":true}]}}