{"id":86854,"date":"2026-03-19T22:40:53","date_gmt":"2026-03-19T22:40:53","guid":{"rendered":"https:\/\/soydeaqui.ddns.net\/pachuca\/index.php\/producto\/cincho-de-acero-inoxidable-4-6-x-200-mm-100pzs-4100-01000\/"},"modified":"2026-03-19T22:40:56","modified_gmt":"2026-03-19T22:40:56","slug":"cincho-de-acero-inoxidable-4-6-x-200-mm-100pzs-4100-01000","status":"publish","type":"product","link":"https:\/\/soydeaqui.ddns.net\/pachuca\/index.php\/producto\/cincho-de-acero-inoxidable-4-6-x-200-mm-100pzs-4100-01000\/","title":{"rendered":"Cincho de Acero Inoxidable, 4.6 x 200 mm  (100pzs) (4100-01000)"},"content":{"rendered":"<div style='width: 100%; max-width: 1200px; margin: 0 auto; font-family: sans-serif; line-height: 1.6; color: inherit; background-color: transparent;'>\n<div style='display: flex; flex-direction: column; gap: 30px;'> <!-- Imagen principal --> <\/p>\n<div> <img style='width: 100%; height: auto; border: 1px solid rgba(150&comma;150&comma;150&comma;0.3); border-radius: 8px;' src='https:\/\/ftp3.syscom.mx\/usuarios\/fotos\/TC5X8\/76676-thorsmanarriba.jpg' alt=''> <\/div>\n<p> <!-- Descripci\u00f3n --> <\/p>\n<div>\n<h3 style='font-size: 22px; border-bottom: 2px solid currentColor; padding-bottom: 5px; margin-top: 0; color: inherit; opacity: 0.8;'>Descripci\u00f3n<\/h3>\n<ul style='padding-left: 20px; font-size: 15px; color: inherit;'>\n<li style='margin-bottom: 5px;'>Cinturones para sujetar&comma; amarrar y ordenar.<\/li>\n<li style='margin-bottom: 5px;'>De instalaci\u00f3n f\u00e1cil y r\u00e1pida.<\/li>\n<li style='margin-bottom: 5px;'>Para uso en interiores y exteriores.<\/li>\n<li style='margin-bottom: 5px;'>Dise\u00f1ados para aplicaciones en altas temperaturas en condiciones ambientales extremas.<\/li>\n<\/ul><\/div>\n<p> <!-- Propiedades del Producto --> <\/p>\n<div>\n<h3 style='font-size: 22px; border-bottom: 2px solid currentColor; padding-bottom: 5px; margin-top: 0; color: inherit; opacity: 0.8;'>Propiedades del Producto<\/h3>\n<ul style='padding-left: 20px; font-size: 15px; color: inherit;'>\n<li style='margin-bottom: 5px;'>Alta resistencia a la corrosi\u00f3n y a la tensi\u00f3n.<\/li>\n<li style='margin-bottom: 5px;'>Cincho de Acero Inoxidable 4.6 x 200 mm<\/li>\n<li style='margin-bottom: 5px;'>Cintho de acero inoxidable: -80\u00b0C a +150\u00b0C.<\/li>\n<li style='margin-bottom: 5px;'>Color Gris Plata.<\/li>\n<li style='margin-bottom: 5px;'>No es Flamable<\/li>\n<li style='margin-bottom: 5px;'>Acero Inoxidable 201SS<\/li>\n<li style='margin-bottom: 5px;'>Certificaciones\/Normas\/Pruebas ASTM B117-07&comma; ISO 9227 NSS<\/li>\n<\/ul><\/div>\n<p> <!-- Imagenes adicionales --> <\/p>\n<div style='display: flex; flex-wrap: wrap; gap: 15px; justify-content: center;'> <img style='width: 100px; height: auto; border: 1px solid rgba(150&comma;150&comma;150&comma;0.3); border-radius: 8px;' src='http:\/\/ftp3.syscom.mx\/usuarios\/egomez\/Hecho%20en%20Mexico.jpg' alt='Hecho en M\u00e9xico'> <img style='width: 100%; max-width: 700px; height: auto; border: 1px solid rgba(150&comma;150&comma;150&comma;0.3); border-radius: 8px;' src='https:\/\/ftp3.syscom.mx\/usuarios\/fotos\/TH200INOX\/218447-1.jpg' alt='Producto'> <img style='width: 100%; max-width: 700px; height: auto; border: 1px solid rgba(150&comma;150&comma;150&comma;0.3); border-radius: 8px;' src='https:\/\/ftp3.syscom.mx\/usuarios\/fotos\/TC5X8\/76676-thorsmanabajo.png' alt='Detalles'> <\/div>\n<\/p><\/div>\n<\/p><\/div>\n","protected":false},"excerpt":{"rendered":"<p>Cincho de Acero Inoxidable, 4.6 x 200 mm  (100pzs) (4100-01000)<\/p>\n","protected":false},"featured_media":86853,"comment_status":"open","ping_status":"closed","template":"","meta":[],"product_brand":[],"product_cat":[574],"product_tag":[572,575,583],"class_list":{"0":"post-86854","1":"product","2":"type-product","3":"status-publish","4":"has-post-thumbnail","6":"product_cat-fijacion","7":"product_tag-canalizacion","8":"product_tag-fijacion","9":"product_tag-thorsman","11":"first","12":"outofstock","13":"sale","14":"shipping-taxable","15":"purchasable","16":"product-type-simple"},"_links":{"self":[{"href":"https:\/\/soydeaqui.ddns.net\/pachuca\/index.php\/wp-json\/wp\/v2\/product\/86854","targetHints":{"allow":["GET"]}}],"collection":[{"href":"https:\/\/soydeaqui.ddns.net\/pachuca\/index.php\/wp-json\/wp\/v2\/product"}],"about":[{"href":"https:\/\/soydeaqui.ddns.net\/pachuca\/index.php\/wp-json\/wp\/v2\/types\/product"}],"replies":[{"embeddable":true,"href":"https:\/\/soydeaqui.ddns.net\/pachuca\/index.php\/wp-json\/wp\/v2\/comments?post=86854"}],"wp:featuredmedia":[{"embeddable":true,"href":"https:\/\/soydeaqui.ddns.net\/pachuca\/index.php\/wp-json\/wp\/v2\/media\/86853"}],"wp:attachment":[{"href":"https:\/\/soydeaqui.ddns.net\/pachuca\/index.php\/wp-json\/wp\/v2\/media?parent=86854"}],"wp:term":[{"taxonomy":"product_brand","embeddable":true,"href":"https:\/\/soydeaqui.ddns.net\/pachuca\/index.php\/wp-json\/wp\/v2\/product_brand?post=86854"},{"taxonomy":"product_cat","embeddable":true,"href":"https:\/\/soydeaqui.ddns.net\/pachuca\/index.php\/wp-json\/wp\/v2\/product_cat?post=86854"},{"taxonomy":"product_tag","embeddable":true,"href":"https:\/\/soydeaqui.ddns.net\/pachuca\/index.php\/wp-json\/wp\/v2\/product_tag?post=86854"}],"curies":[{"name":"wp","href":"https:\/\/api.w.org\/{rel}","templated":true}]}}