{"id":86474,"date":"2026-03-19T22:24:13","date_gmt":"2026-03-19T22:24:13","guid":{"rendered":"https:\/\/soydeaqui.ddns.net\/pachuca\/index.php\/producto\/firewall-huawei-hisecengine-de-15-gbps-para-empresas-grandes-incluye-licencias-por-1-ano-de-threat-protection-av-ips-url-y-licencia-n1\/"},"modified":"2026-03-19T22:24:13","modified_gmt":"2026-03-19T22:24:13","slug":"firewall-huawei-hisecengine-de-15-gbps-para-empresas-grandes-incluye-licencias-por-1-ano-de-threat-protection-av-ips-url-y-licencia-n1","status":"publish","type":"product","link":"https:\/\/soydeaqui.ddns.net\/pachuca\/index.php\/producto\/firewall-huawei-hisecengine-de-15-gbps-para-empresas-grandes-incluye-licencias-por-1-ano-de-threat-protection-av-ips-url-y-licencia-n1\/","title":{"rendered":"Firewall HUAWEI HiSecEngine de 15 Gbps para Empresas Grandes. Incluye Licencias por 1 A\u00f1o de Threat Protection (AV, IPS, URL) y Licencia N1"},"content":{"rendered":"<div style='width: 100%; max-width: 1200px; margin: 0 auto; font-family: sans-serif; line-height: 1.6; color: inherit; background-color: transparent;'>\n<header style='background-color: #cf0a2c; color: #fff; padding: 20px; text-align: center;'>\n<h1 style='margin: 0; font-size: 24px; color: inherit;'>Huawei HiSecEngine USG6615F<\/h1>\n<\/header>\n<section id='vision' style='padding: 20px; margin: 30px 0;'>\n<h2 style='font-size: 20px; border-bottom: 2px solid currentColor; padding-bottom: 5px; margin-top: 0; margin-bottom: 15px; color: #cf0a2c; opacity: 0.8;'>Visi\u00f3n General<\/h2>\n<p>La serie <strong>Huawei HiSecEngine USG6000F<\/strong> son firewalls de IA de pr\u00f3xima generaci\u00f3n que ofrecen defensa inteligente&comma; un rendimiento excepcional y operaciones simplificadas. Estos firewalls abordan de manera efectiva los desaf\u00edos de seguridad y son ideales para empresas. La serie USG6000F utiliza tecnolog\u00edas de inteligencia para bloquear amenazas conocidas y desconocidas con precisi\u00f3n. Equipados con m\u00faltiples motores de aceleraci\u00f3n dedicados a la seguridad&comma; admiten reenv\u00edo mejorado&comma; detecci\u00f3n de seguridad de contenido y aceleraci\u00f3n de servicios IPsec.<\/p>\n<ul style='list-style-type: none; padding-left: 0; margin: 20px 0;'>\n<li style='margin-bottom: 10px;'><strong>Alto Rendimiento:<\/strong> Los firewalls USG6000F asignan din\u00e1micamente recursos a m\u00f3dulos de servicio a trav\u00e9s del motor de seguridad adaptativo (ASE)&comma; maximizando la utilizaci\u00f3n de recursos y mejorando el rendimiento.<\/li>\n<\/ul>\n<div style='position: relative; padding-bottom: 56.25%; height: 0; overflow: hidden; margin: 20px 0;'> <video style='position: absolute; top: 0; left: 0; width: 100%; height: 100%; border: 1px solid rgba(150&comma;150&comma;150&comma;0.3); border-radius: 8px;' poster='thumbnail.jpg' loop muted controls><source src='https:\/\/ftp3.syscom.mx\/usuarios\/mnunez\/Huawei\/USG6615F.mp4' type='video\/mp4' \/>Your browser does not support the video tag.<\/video> <\/div>\n<\/section>\n<section id='threat' style='padding: 20px; margin: 30px 0;'>\n<h2 style='font-size: 20px; border-bottom: 2px solid currentColor; padding-bottom: 5px; margin-top: 0; margin-bottom: 15px; color: #cf0a2c; opacity: 0.8;'>Licencia de Threat Protection<\/h2>\n<p>La licencia de Threat Protection permite mantener actualizada la base de firmas antivirus&comma; bloquear tr\u00e1fico por aplicaci\u00f3n y filtrar URLs con una base de datos de m\u00e1s de 120 millones de URL en la nube. Tambi\u00e9n incluye servicio de prevenci\u00f3n de intrusiones (IPS) que vigila la red en busca de actividades maliciosas.<\/p>\n<\/section>\n<section id='Hii-care' style='padding: 20px; margin: 30px 0;'>\n<h2 style='font-size: 20px; border-bottom: 2px solid currentColor; padding-bottom: 5px; margin-top: 0; margin-bottom: 15px; color: #cf0a2c; opacity: 0.8;'>Hi-Care Nivel Est\u00e1ndar<\/h2>\n<p>El servicio Hi-Care Standard Support es una soluci\u00f3n de mantenimiento que ofrece servicios de garant\u00eda&comma; asistencia t\u00e9cnica (TAC)&comma; soporte y reemplazo avanzado de hardware dentro del tiempo m\u00e1s corto. Ayuda a mantener una red eficiente y estable&comma; mejorando la productividad.<\/p>\n<\/section>\n<section id='renovacion' style='padding: 20px; margin: 30px 0;'>\n<h2 style='font-size: 20px; border-bottom: 2px solid currentColor; padding-bottom: 5px; margin-top: 0; margin-bottom: 15px; color: #cf0a2c; opacity: 0.8;'>Renovaci\u00f3n de Licencias y Hi-Care<\/h2>\n<p>Si no se renuevan las licencias o Hi-Care&comma; se deshabilitar\u00e1n las operaciones&comma; configuraciones y beneficios que incluyen. Para renovar&comma; considere los siguientes modelos:<\/p>\n<ul style='list-style-type: none; padding-left: 0; margin: 20px 0;'>\n<li style='margin-bottom: 10px;'><span style='color: #cf0a2c;'><strong><a style='color: #cf0a2c; text-decoration: none;' href='https:\/\/www.syscom.mx\/producto\/LIC-USG6615F-1Y-HUAWEI-219632.html' target='_blank' rel='noopener'>LIC-USG6615F-1Y<\/a><\/strong>:<\/span> Incluye Threat protection (Antivirus&comma; IPS y Filtrado web y bloqueo de aplicaciones) + N1License (esta licencia libera las VPN para que no tenga un limite en SSL VPN).<\/li>\n<li><span style='color: #cf0a2c;'><strong><a style='color: #cf0a2c; text-decoration: none;' href='https:\/\/www.syscom.mx\/producto\/HC-ST-USG6615F-1Y-HUAWEI-220205.html' target='_blank' rel='noopener'>HC-ST-USG6615F-1Y<\/a><\/strong>:<\/span> Es el servicio Hi-Care por 1 a\u00f1o <strong>(Se vende por separado)<\/strong>.<\/li>\n<\/ul>\n<p style='margin-top: 20px;'><strong>Nota: Cuando se compra el equipo es necesario mandar un correo a <a style='color: inherit; text-decoration: none;' href='mailto:licencias@syscom.mx'>licencias@syscom.mx<\/a> para entregar las licencias incluidas&comma; agregando n\u00famero de ser\u00ede fisico y factura.<\/strong><\/p>\n<\/section>\n<section id='vpn' style='padding: 20px; margin: 30px 0;'>\n<h2 style='font-size: 20px; border-bottom: 2px solid currentColor; padding-bottom: 5px; margin-top: 0; margin-bottom: 15px; color: #cf0a2c; opacity: 0.8;'>VPN y Software Cliente<\/h2>\n<p><strong>Software Cliente Propio:<\/strong> S\u00ed&comma; Huawei Secoclient es un software de cliente VPN que ayuda a los administradores m\u00f3viles a establecer un acceso seguro a trav\u00e9s de Internet de manera conveniente.<\/p>\n<ul style='list-style-type: square; padding-left: 20px; margin: 20px 0;'>\n<li><strong>Licencias para VPN:<\/strong> Secoclient proporciona varios tipos de conexiones VPN y admite cifrado con varios algoritmos para garantizar la transmisi\u00f3n de datos segura y fiable. El n\u00famero de t\u00faneles es limitado y depende del tipo de t\u00fanel.\n<ul style='list-style-type: square; padding-left: 20px; margin: 10px 0;'>\n<li><strong>L2TP\/L2TP con IPSec:<\/strong> 4000 LAN a LAN o Cliente a LAN.<\/li>\n<li><strong>SSL VPN:<\/strong> Por defecto&comma; admite 1000 (Activa por N1 License)<\/li>\n<\/ul>\n<\/li>\n<\/ul>\n<p style='color: #cf0a2c; margin-top: 20px;'><strong style='color: inherit;'>Teniendo en cuenta la diversidad de roles de los usuarios&comma; El software es compratible en diferentes sistemas operativos como Windows&comma; MacOS&comma; Linux e incluso versiones m\u00f3viles para iOS y Android.<\/strong><\/p>\n<\/section>\n<section id='features' style='padding: 20px; margin: 30px 0;'>\n<h2 style='font-size: 20px; border-bottom: 2px solid currentColor; padding-bottom: 5px; margin-top: 0; margin-bottom: 15px; color: #cf0a2c; opacity: 0.8;'>Caracter\u00edsticas Especiales<\/h2>\n<div style='margin: 20px 0;'> <img style='width: 100%; height: auto; border: 1px solid rgba(150&comma;150&comma;150&comma;0.3); border-radius: 8px;' src='https:\/\/ftp3.syscom.mx\/usuarios\/fotos\/USG6615F\/219448-caracteristicas.png' alt=''> <\/div>\n<p style='margin-top: 20px;'><em><strong>Nota:<\/strong> No incluye segunda fuente de alimentaci\u00f3n (se vende por separado) <span style='color: #cf0a2c;'><a style='color: #cf0a2c; text-decoration: none;' href='https:\/\/www.syscom.mx\/producto\/PAC600S12-PB-HUAWEI-220292.html' target='_blank' rel='noopener'><strong>PAC600S12-PB<\/strong><\/a><\/span><\/em><\/p>\n<\/section>\n<hr style='border: 0; border-top: 1px solid rgba(150&comma; 150&comma; 150&comma; 0.3); margin: 30px 0;'> <\/div>\n","protected":false},"excerpt":{"rendered":"<p>Firewall HUAWEI HiSecEngine de 15 Gbps para Empresas Grandes. Incluye Licencias por 1 A\u00f1o de Threat Protection (AV, IPS, URL) y Licencia N1<\/p>\n","protected":false},"featured_media":86473,"comment_status":"open","ping_status":"closed","template":"","meta":[],"product_brand":[],"product_cat":[2036,2035,2034],"product_tag":[2039,2038,718,664,2037],"class_list":{"0":"post-86474","1":"product","2":"type-product","3":"status-publish","4":"has-post-thumbnail","6":"product_cat-balanceadores","7":"product_cat-firewalls","8":"product_cat-routers","9":"product_tag-balanceadores","10":"product_tag-firewalls","11":"product_tag-huawei","12":"product_tag-networking","13":"product_tag-routers","15":"first","16":"instock","17":"sale","18":"shipping-taxable","19":"purchasable","20":"product-type-simple"},"_links":{"self":[{"href":"https:\/\/soydeaqui.ddns.net\/pachuca\/index.php\/wp-json\/wp\/v2\/product\/86474","targetHints":{"allow":["GET"]}}],"collection":[{"href":"https:\/\/soydeaqui.ddns.net\/pachuca\/index.php\/wp-json\/wp\/v2\/product"}],"about":[{"href":"https:\/\/soydeaqui.ddns.net\/pachuca\/index.php\/wp-json\/wp\/v2\/types\/product"}],"replies":[{"embeddable":true,"href":"https:\/\/soydeaqui.ddns.net\/pachuca\/index.php\/wp-json\/wp\/v2\/comments?post=86474"}],"wp:featuredmedia":[{"embeddable":true,"href":"https:\/\/soydeaqui.ddns.net\/pachuca\/index.php\/wp-json\/wp\/v2\/media\/86473"}],"wp:attachment":[{"href":"https:\/\/soydeaqui.ddns.net\/pachuca\/index.php\/wp-json\/wp\/v2\/media?parent=86474"}],"wp:term":[{"taxonomy":"product_brand","embeddable":true,"href":"https:\/\/soydeaqui.ddns.net\/pachuca\/index.php\/wp-json\/wp\/v2\/product_brand?post=86474"},{"taxonomy":"product_cat","embeddable":true,"href":"https:\/\/soydeaqui.ddns.net\/pachuca\/index.php\/wp-json\/wp\/v2\/product_cat?post=86474"},{"taxonomy":"product_tag","embeddable":true,"href":"https:\/\/soydeaqui.ddns.net\/pachuca\/index.php\/wp-json\/wp\/v2\/product_tag?post=86474"}],"curies":[{"name":"wp","href":"https:\/\/api.w.org\/{rel}","templated":true}]}}