{"id":86232,"date":"2026-03-19T22:13:25","date_gmt":"2026-03-19T22:13:25","guid":{"rendered":"https:\/\/soydeaqui.ddns.net\/pachuca\/index.php\/producto\/ltap-mini-lte-modem-4glte-para-sim-con-wi-fi-2-4-ghz-para-uso-en-vehiculos-c-puerto-fast-ethernet-2-sim-bandas12378203840\/"},"modified":"2026-03-19T22:13:33","modified_gmt":"2026-03-19T22:13:33","slug":"ltap-mini-lte-modem-4glte-para-sim-con-wi-fi-2-4-ghz-para-uso-en-vehiculos-c-puerto-fast-ethernet-2-sim-bandas12378203840","status":"publish","type":"product","link":"https:\/\/soydeaqui.ddns.net\/pachuca\/index.php\/producto\/ltap-mini-lte-modem-4glte-para-sim-con-wi-fi-2-4-ghz-para-uso-en-vehiculos-c-puerto-fast-ethernet-2-sim-bandas12378203840\/","title":{"rendered":"(LtAP mini LTE) Modem 4G(LTE) para SIM, con Wi-Fi 2.4 GHz, Para uso en veh\u00edculos, c\/puerto fast ethernet, 2 SIM, Bandas(1,2,3,7,8,20,38,40)"},"content":{"rendered":"<div style='width: 100%; max-width: 1200px; margin: 0 auto; font-family: sans-serif; line-height: 1.6; color: inherit; background-color: transparent;'> <!-- Im\u00e1genes --> <\/p>\n<div style='display: flex; flex-wrap: wrap; gap: 15px; margin-bottom: 30px;'> <img style='width: 100%; height: auto; border: 1px solid rgba(150&comma;150&comma;150&comma;0.3); border-radius: 8px;' src='https:\/\/ftp3.syscom.mx\/usuarios\/fotos\/RB912R2NDLTMKIT\/165676-banner_ltap_lte_int.png' alt='Banner' \/> <a href='https:\/\/soporte.syscom.mx\/es\/collections\/3502429-mikrotik'> <img style='width: 100%; height: auto; border: 1px solid rgba(150&comma;150&comma;150&comma;0.3); border-radius: 8px;' src='https:\/\/ftp3.syscom.mx\/usuarios\/raragon\/Imagenes_Generales\/Manuales_de_configuracion.jpg' alt='Manuales de configuraci\u00f3n' \/> <\/a> <\/div>\n<p> <!-- T\u00edtulo --> <\/p>\n<h1 style='font-size: 22px; border-bottom: 2px solid currentColor; padding-bottom: 5px; margin-top: 0; margin-bottom: 15px; color: inherit; opacity: 0.8;'> <a href='http:\/\/soporte.syscom.mx\/networking\/mikrotik\/mikrotik-caracteristicas-principales-de-routeros' style='color: inherit; text-decoration: none;'>Caracter\u00edsticas principales de RouterOS<\/a> <\/h1>\n<p> <!-- Descripci\u00f3n --> <\/p>\n<div style='margin-bottom: 30px;'>\n<p style='font-size: 15px; margin-bottom: 15px; color: inherit;'>El kit LtAP mini LTE es un peque\u00f1o punto de acceso inal\u00e1mbrico resistente a la intemperie con un m\u00f3dem m\u00f3vil integrado que admite conectividad 2G&comma; 3G y 4G (LTE) en las bandas internacionales LTE 1&comma;2&comma;3&comma;7&comma;8&comma;20&comma;38 y 40.<\/p>\n<p style='font-size: 15px; margin-bottom: 15px; color: inherit;'>Con\u00e9ctese a la conexi\u00f3n inal\u00e1mbrica 802.11b\/g\/n integrada del LtAP mini y acceda a la red LTE desde su tel\u00e9fono o cualquier otro dispositivo inal\u00e1mbrico. El LtAP mini LTE tambi\u00e9n tiene un puerto LAN Ethernet 10\/100 para sus dispositivos con cable. El puerto serie RS232 le da acceso a la consola para la depuraci\u00f3n.<\/p>\n<p style='font-size: 15px; margin-bottom: 15px; color: inherit;'>LtAP mini tiene una carcasa especial con un kit de montaje en pared&comma; dos ranuras SIM para alternar entre proveedores de telefon\u00eda m\u00f3vil y soporte GPS integrado&comma; lo que lo convierte en un dispositivo perfecto para su uso en veh\u00edculos en movimiento como autom\u00f3viles&comma; autobuses o trenes. La antena GPS externa est\u00e1 disponible para pedir por separado (no incluida&comma; c\u00f3digo de producto ACGPSA).<\/p>\n<p style='font-size: 15px; margin-bottom: 15px; color: inherit;'>La tarjeta LTE est\u00e1 conectada a dos antenas internas con conectores u.FL&comma; por lo que si lo desea&comma; puede desenchufar los conectores y agregar su propia antena LTE externa para una mejor cobertura. La unidad tiene varias opciones de alimentaci\u00f3n: entrada PoE de 12-57 V a trav\u00e9s del puerto Ethernet&comma; conector de 8-30 V CC y microUSB de 5 V.<\/p>\n<p style='font-size: 15px; margin-bottom: 15px; color: inherit;'>Utilice el m\u00f3dulo GPS integrado para rastrear la ubicaci\u00f3n de su veh\u00edculo en tiempo real&comma; incluso hemos proporcionado un simple ejemplo de aplicaci\u00f3n de seguimiento en la documentaci\u00f3n de RouterOS&comma; para ayudarle a iniciar el desarrollo de su plataforma.<\/p>\n<\/p><\/div>\n<p> <!-- Secciones de especificaciones --> <\/p>\n<div style='display: flex; flex-wrap: wrap; gap: 30px;'> <!-- Especificaciones --> <\/p>\n<div style='flex: 1 1 300px; min-width: 280px;'>\n<h3 style='font-size: 20px; border-bottom: 2px solid currentColor; padding-bottom: 5px; margin-top: 0; color: inherit; opacity: 0.8;'>Especificaciones<\/h3>\n<ul style='padding-left: 20px; font-size: 14px; color: inherit;'>\n<li style='margin-bottom: 8px;'><strong>C\u00f3digo de producto:<\/strong> RB912R-2nD-LTm&#038;R11e-LTE<\/li>\n<li style='margin-bottom: 8px;'><strong>Arquitectura:<\/strong> MIPSBE<\/li>\n<li style='margin-bottom: 8px;'><strong>CPU:<\/strong> QCA9531<\/li>\n<li style='margin-bottom: 8px;'><strong>N\u00facleos:<\/strong> 1<\/li>\n<li style='margin-bottom: 8px;'><strong>Frecuencia CPU:<\/strong> 650 MHz<\/li>\n<li style='margin-bottom: 8px;'><strong>Dimensiones:<\/strong> 139 x 77 x 28&comma;5 mm<\/li>\n<li style='margin-bottom: 8px;'><strong>Licencia RouterOS:<\/strong> Nivel 4<\/li>\n<li style='margin-bottom: 8px;'><strong>Sistema operativo:<\/strong> <a href='https:\/\/help.mikrotik.com\/docs\/display\/ROS\/RouterOS' target='_blank' rel='noopener' style='color: inherit; text-decoration: underline;'>RouterOS<\/a><\/li>\n<li style='margin-bottom: 8px;'><strong>Memoria RAM:<\/strong> 64 MB<\/li>\n<li style='margin-bottom: 8px;'><strong>Almacenamiento:<\/strong> 16 MB Flash<\/li>\n<li style='margin-bottom: 8px;'><strong>MTBF:<\/strong> Aproximadamente 200.000 horas a 25\u00b0C<\/li>\n<li style='margin-bottom: 8px;'><strong>Temperatura operaci\u00f3n:<\/strong> -40 \u00b0C a 50 \u00b0C<\/li>\n<\/ul><\/div>\n<p> <!-- Alimentaci\u00f3n --> <\/p>\n<div style='flex: 1 1 300px; min-width: 280px;'>\n<h3 style='font-size: 20px; border-bottom: 2px solid currentColor; padding-bottom: 5px; margin-top: 0; color: inherit; opacity: 0.8;'>Alimentaci\u00f3n<\/h3>\n<ul style='padding-left: 20px; font-size: 14px; color: inherit;'>\n<li style='margin-bottom: 8px;'><strong>Voltaje MicroUSB:<\/strong> 5 V<\/li>\n<li style='margin-bottom: 8px;'><strong>Entradas CC:<\/strong> 3 (conector CC&comma; PoE-IN&comma; MicroUSB)<\/li>\n<li style='margin-bottom: 8px;'><strong>Voltaje conector CC:<\/strong> 8-30 V<\/li>\n<li style='margin-bottom: 8px;'><strong>Consumo m\u00e1ximo:<\/strong> 9 W<\/li>\n<li style='margin-bottom: 8px;'><strong>Refrigeraci\u00f3n:<\/strong> Pasivo<\/li>\n<li style='margin-bottom: 8px;'><strong>PoE:<\/strong> 802.3af\/at<\/li>\n<li style='margin-bottom: 8px;'><strong>Voltaje PoE:<\/strong> 12-57 V<\/li>\n<\/ul><\/div>\n<p> <!-- M\u00f3vil --> <\/p>\n<div style='flex: 1 1 300px; min-width: 280px;'>\n<h3 style='font-size: 20px; border-bottom: 2px solid currentColor; padding-bottom: 5px; margin-top: 0; color: inherit; opacity: 0.8;'>Conectividad M\u00f3vil<\/h3>\n<ul style='padding-left: 20px; font-size: 14px; color: inherit;'>\n<li style='margin-bottom: 8px;'><strong>Categor\u00eda 2G:<\/strong> Clase 12<\/li>\n<li style='margin-bottom: 8px;'><strong>Bandas 2G:<\/strong> 2 (1900 MHz) \/ 3 (1800 MHz) \/ 5 (850 MHz) \/ 8 (900 MHz)<\/li>\n<li style='margin-bottom: 8px;'><strong>Categor\u00eda 3G:<\/strong> R7 (21 Mbps descarga&comma; 5&comma;76 Mbps subida)<\/li>\n<li style='margin-bottom: 8px;'><strong>Bandas 3G:<\/strong> 1 (2100 MHz) \/ 2 (1900 MHz) \/ 5 (850 MHz) \/ 8 (900 MHz)<\/li>\n<li style='margin-bottom: 8px;'><strong>Categor\u00eda LTE:<\/strong> 4 (150 Mbps descarga&comma; 50 Mbps subida)<\/li>\n<li style='margin-bottom: 8px;'><strong>Bandas LTE FDD:<\/strong> 1 (2100MHz) \/ 2 (1900MHz) \/ 3 (1800MHz) \/ 7 (2600MHz) \/ 8 (900 MHz) \/ 20 (800MHz)<\/li>\n<li style='margin-bottom: 8px;'><strong>Bandas LTE TDD:<\/strong> 38 (2600 MHz) \/ 40 (2300 MHz)<\/li>\n<li style='margin-bottom: 8px;'><strong>TAC:<\/strong> 35565409<\/li>\n<\/ul><\/div>\n<p> <!-- Inal\u00e1mbrico --> <\/p>\n<div style='flex: 1 1 300px; min-width: 280px;'>\n<h3 style='font-size: 20px; border-bottom: 2px solid currentColor; padding-bottom: 5px; margin-top: 0; color: inherit; opacity: 0.8;'>Inal\u00e1mbrico<\/h3>\n<ul style='padding-left: 20px; font-size: 14px; color: inherit;'>\n<li style='margin-bottom: 8px;'><strong>Velocidad 2.4GHz:<\/strong> 300 Mbit\/s<\/li>\n<li style='margin-bottom: 8px;'><strong>Cadenas 2.4GHz:<\/strong> 2<\/li>\n<li style='margin-bottom: 8px;'><strong>Est\u00e1ndares:<\/strong> 802.11b\/g\/n<\/li>\n<li style='margin-bottom: 8px;'><strong>Ganancia antena:<\/strong> 1.5 dBi<\/li>\n<li style='margin-bottom: 8px;'><strong>Chipset:<\/strong> QCA9531<\/li>\n<li style='margin-bottom: 8px;'><strong>Generaci\u00f3n:<\/strong> Wi-Fi 4<\/li>\n<\/ul><\/div>\n<p> <!-- Ethernet --> <\/p>\n<div style='flex: 1 1 300px; min-width: 280px;'>\n<h3 style='font-size: 20px; border-bottom: 2px solid currentColor; padding-bottom: 5px; margin-top: 0; color: inherit; opacity: 0.8;'>Ethernet<\/h3>\n<ul style='padding-left: 20px; font-size: 14px; color: inherit;'>\n<li style='margin-bottom: 8px;'><strong>Puerto 10\/100:<\/strong> 1<\/li>\n<\/ul><\/div>\n<p> <!-- Perif\u00e9ricos --> <\/p>\n<div style='flex: 1 1 300px; min-width: 280px;'>\n<h3 style='font-size: 20px; border-bottom: 2px solid currentColor; padding-bottom: 5px; margin-top: 0; color: inherit; opacity: 0.8;'>Perif\u00e9ricos<\/h3>\n<ul style='padding-left: 20px; font-size: 14px; color: inherit;'>\n<li style='margin-bottom: 8px;'><strong>Ranuras SIM:<\/strong> 2 (Mini SIM)<\/li>\n<li style='margin-bottom: 8px;'><strong>Ranuras MiniPCI-e:<\/strong> 1<\/li>\n<li style='margin-bottom: 8px;'><strong>Puerto consola:<\/strong> RS232<\/li>\n<li style='margin-bottom: 8px;'><strong>Puertos USB:<\/strong> 1<\/li>\n<li style='margin-bottom: 8px;'><strong>Restablecimiento USB:<\/strong> S\u00ed<\/li>\n<li style='margin-bottom: 8px;'><strong>Tipo USB:<\/strong> microUSB AB<\/li>\n<li style='margin-bottom: 8px;'><strong>Corriente USB:<\/strong> 1 A<\/li>\n<\/ul><\/div>\n<p> <!-- Otros --> <\/p>\n<div style='flex: 1 1 300px; min-width: 280px;'>\n<h3 style='font-size: 20px; border-bottom: 2px solid currentColor; padding-bottom: 5px; margin-top: 0; color: inherit; opacity: 0.8;'>Otros<\/h3>\n<ul style='padding-left: 20px; font-size: 14px; color: inherit;'>\n<li style='margin-bottom: 8px;'><strong>Bot\u00f3n modo:<\/strong> S\u00ed<\/li>\n<li style='margin-bottom: 8px;'><strong>Est\u00e1ndares GNSS:<\/strong> GPS<\/li>\n<li style='margin-bottom: 8px;'><strong>Conector GPS:<\/strong> uUFL<\/li>\n<li style='margin-bottom: 8px;'><strong>Certificaciones:<\/strong> CE&comma; FCC&comma; IC&comma; E-MARK&comma; EAC&comma; ROHS<\/li>\n<li style='margin-bottom: 8px;'><strong>Protecci\u00f3n:<\/strong> IP54<\/li>\n<\/ul><\/div>\n<p> <!-- Especificaciones inal\u00e1mbricas detalladas --> <\/p>\n<div style='flex: 1 1 300px; min-width: 280px;'>\n<h3 style='font-size: 20px; border-bottom: 2px solid currentColor; padding-bottom: 5px; margin-top: 0; color: inherit; opacity: 0.8;'>Especificaciones Inal\u00e1mbricas<\/h3>\n<ul style='padding-left: 20px; font-size: 14px; color: inherit;'>\n<li style='margin-bottom: 8px;'><strong>1MBit\/s:<\/strong> Transmitir 22dBm \/ Recibir -96dBm<\/li>\n<li style='margin-bottom: 8px;'><strong>11MBit\/s:<\/strong> Transmitir 22dBm \/ Recibir -89dBm<\/li>\n<li style='margin-bottom: 8px;'><strong>6MBit\/s:<\/strong> Transmitir 20dBm \/ Recibir -93dBm<\/li>\n<li style='margin-bottom: 8px;'><strong>54MBit\/s:<\/strong> Transmitir 18dBm \/ Recibir -74dBm<\/li>\n<li style='margin-bottom: 8px;'><strong>MCS0:<\/strong> Transmitir 20dBm \/ Recibir -93dBm<\/li>\n<li style='margin-bottom: 8px;'><strong>MCS7:<\/strong> Transmitir 16dBm \/ Recibir -71dBm<\/li>\n<\/ul><\/div>\n<\/p><\/div>\n<p> <!-- Piezas incluidas --> <\/p>\n<div style='margin-top: 30px;'>\n<h3 style='font-size: 20px; border-bottom: 2px solid currentColor; padding-bottom: 5px; margin-top: 0; color: inherit; opacity: 0.8;'>Piezas incluidas<\/h3>\n<div style='display: grid; grid-template-columns: repeat(auto-fill&comma; minmax(130px&comma; 1fr)); gap: 15px; margin-top: 15px;'>\n<div style='text-align: center;'> <a href='https:\/\/i.mt.lv\/cdn\/rb_images\/part771632132141m.jpg' target='_blank'> <img style='width: 100%; height: auto; border: 1px solid rgba(150&comma;150&comma;150&comma;0.3); border-radius: 8px;' src='https:\/\/i.mt.lv\/cdn\/rb_images\/part771632132141s.jpg' alt='Kit de tornillos K-55' \/> <\/p>\n<p style='margin-top: 8px; font-size: 13px; color: inherit;'>Kit de tornillos K-55<\/p>\n<p> <\/a> <\/div>\n<div style='text-align: center;'> <a href='https:\/\/i.mt.lv\/cdn\/rb_images\/part781524643704m.jpg' target='_blank'> <img style='width: 100%; height: auto; border: 1px solid rgba(150&comma;150&comma;150&comma;0.3); border-radius: 8px;' src='https:\/\/i.mt.lv\/cdn\/rb_images\/part781524643704s.jpg' alt='Cable de CC externo' \/> <\/p>\n<p style='margin-top: 8px; font-size: 13px; color: inherit;'>Cable de CC externo<\/p>\n<p> <\/a> <\/div>\n<div style='text-align: center;'> <a href='https:\/\/i.mt.lv\/cdn\/rb_images\/part101391160012m.jpg' target='_blank'> <img style='width: 100%; height: auto; border: 1px solid rgba(150&comma;150&comma;150&comma;0.3); border-radius: 8px;' src='https:\/\/i.mt.lv\/cdn\/rb_images\/part101391160012s.jpg' alt='Inyector PoE' \/> <\/p>\n<p style='margin-top: 8px; font-size: 13px; color: inherit;'>Inyector PoE<\/p>\n<p> <\/a> <\/div>\n<div style='text-align: center;'> <a href='https:\/\/i.mt.lv\/cdn\/rb_images\/part331393422988m.jpg' target='_blank'> <img style='width: 100%; height: auto; border: 1px solid rgba(150&comma;150&comma;150&comma;0.3); border-radius: 8px;' src='https:\/\/i.mt.lv\/cdn\/rb_images\/part331393422988s.jpg' alt='Adaptador de corriente' \/> <\/p>\n<p style='margin-top: 8px; font-size: 13px; color: inherit;'>Adaptador de corriente de 24 V y 1&comma;2 A<\/p>\n<p> <\/a> <\/div>\n<\/p><\/div>\n<\/p><\/div>\n<p> <!-- Nota final --> <\/p>\n<div style='margin-top: 30px; padding: 15px; border: 1px solid rgba(150&comma;150&comma;150&comma;0.3); border-radius: 8px;'>\n<p style='font-size: 14px; color: inherit; margin: 0;'><em>El dispositivo tiene un sistema operativo preinstalado y con licencia. No es necesaria una compra por separado y el producto est\u00e1 listo para usar. El dispositivo incluye actualizaciones de software gratuitas durante la vida \u00fatil del producto o un m\u00ednimo de 5 a\u00f1os a partir de la fecha de compra.<\/em><\/p>\n<\/p><\/div>\n<p> <!-- Garant\u00eda --> <\/p>\n<div style='margin-top: 30px; text-align: center;'> <img style='width: 302px; height: auto; border: 1px solid rgba(150&comma;150&comma;150&comma;0.3); border-radius: 8px;' src='https:\/\/ftp3.syscom.mx\/usuarios\/fotos\/CCR101612G\/81966-garantia1.png' alt='Garant\u00eda' \/> <\/div>\n<\/p><\/div>\n","protected":false},"excerpt":{"rendered":"<p>(LtAP mini LTE) Modem 4G(LTE) para SIM, con Wi-Fi 2.4 GHz, Para uso en veh\u00edculos, c\/puerto fast ethernet, 2 SIM, Bandas(1,2,3,7,8,20,38,40)<\/p>\n","protected":false},"featured_media":86231,"comment_status":"open","ping_status":"closed","template":"","meta":[],"product_brand":[],"product_cat":[2024],"product_tag":[643,1479,2025],"class_list":{"0":"post-86232","1":"product","2":"type-product","3":"status-publish","4":"has-post-thumbnail","6":"product_cat-routers-inalambricos","7":"product_tag-mikrotik","8":"product_tag-redes-wifi","9":"product_tag-routers-inalambricos","11":"first","12":"outofstock","13":"sale","14":"shipping-taxable","15":"purchasable","16":"product-type-simple"},"_links":{"self":[{"href":"https:\/\/soydeaqui.ddns.net\/pachuca\/index.php\/wp-json\/wp\/v2\/product\/86232","targetHints":{"allow":["GET"]}}],"collection":[{"href":"https:\/\/soydeaqui.ddns.net\/pachuca\/index.php\/wp-json\/wp\/v2\/product"}],"about":[{"href":"https:\/\/soydeaqui.ddns.net\/pachuca\/index.php\/wp-json\/wp\/v2\/types\/product"}],"replies":[{"embeddable":true,"href":"https:\/\/soydeaqui.ddns.net\/pachuca\/index.php\/wp-json\/wp\/v2\/comments?post=86232"}],"wp:featuredmedia":[{"embeddable":true,"href":"https:\/\/soydeaqui.ddns.net\/pachuca\/index.php\/wp-json\/wp\/v2\/media\/86231"}],"wp:attachment":[{"href":"https:\/\/soydeaqui.ddns.net\/pachuca\/index.php\/wp-json\/wp\/v2\/media?parent=86232"}],"wp:term":[{"taxonomy":"product_brand","embeddable":true,"href":"https:\/\/soydeaqui.ddns.net\/pachuca\/index.php\/wp-json\/wp\/v2\/product_brand?post=86232"},{"taxonomy":"product_cat","embeddable":true,"href":"https:\/\/soydeaqui.ddns.net\/pachuca\/index.php\/wp-json\/wp\/v2\/product_cat?post=86232"},{"taxonomy":"product_tag","embeddable":true,"href":"https:\/\/soydeaqui.ddns.net\/pachuca\/index.php\/wp-json\/wp\/v2\/product_tag?post=86232"}],"curies":[{"name":"wp","href":"https:\/\/api.w.org\/{rel}","templated":true}]}}