{"id":8613,"date":"2026-03-18T07:11:34","date_gmt":"2026-03-18T07:11:34","guid":{"rendered":"https:\/\/soydeaqui.ddns.net\/pachuca\/index.php\/producto\/placa-salida-a-tubo-automatica-para-tuberia-de-3-4-1-y-1-1-4\/"},"modified":"2026-03-18T07:11:36","modified_gmt":"2026-03-18T07:11:36","slug":"placa-salida-a-tubo-automatica-para-tuberia-de-3-4-1-y-1-1-4","status":"publish","type":"product","link":"https:\/\/soydeaqui.ddns.net\/pachuca\/index.php\/producto\/placa-salida-a-tubo-automatica-para-tuberia-de-3-4-1-y-1-1-4\/","title":{"rendered":"Placa salida a tubo autom\u00e1tica para tuber\u00eda de 3\/4, 1 y 1 1\/4"},"content":{"rendered":"<div style='width: 100%; max-width: 1200px; margin: 0 auto; font-family: sans-serif; line-height: 1.6; color: inherit; background-color: transparent;'> <!-- Secci\u00f3n de caracter\u00edsticas principales --> <\/p>\n<div style='display: flex; flex-wrap: wrap; gap: 30px; margin-bottom: 30px;'>\n<div style='flex: 1 1 300px; min-width: 280px;'>\n<h3 style='font-size: 22px; border-bottom: 2px solid currentColor; padding-bottom: 5px; margin-top: 0; color: inherit; opacity: 0.8;'>Caracter\u00edsticas Principales<\/h3>\n<ul style='padding-left: 20px; font-size: 15px; color: inherit;'>\n<li style='margin-bottom: 5px;'>Uso autom\u00e1tico para tubos de 3\/4&comma; 1&comma; 1 1\/4 pulgadas<\/li>\n<li style='margin-bottom: 5px;'>Dise\u00f1o ergon\u00f3mico para instalaci\u00f3n sencilla<\/li>\n<li style='margin-bottom: 5px;'>Compatible con sistemas de plomer\u00eda est\u00e1ndar<\/li>\n<li style='margin-bottom: 5px;'>Material resistente a la corrosi\u00f3n<\/li>\n<li style='margin-bottom: 5px;'>Alta durabilidad para entornos industriales<\/li>\n<\/ul><\/div>\n<\/p><\/div>\n<p> <!-- Secci\u00f3n de especificaciones t\u00e9cnicas --> <\/p>\n<div style='display: flex; flex-wrap: wrap; gap: 20px; margin-bottom: 30px;'>\n<div style='flex: 1 1 250px; border: 1px solid rgba(150&comma; 150&comma; 150&comma; 0.4); border-radius: 8px; overflow: hidden; display: flex; flex-direction: column;'>\n<div style='padding: 15px; border-bottom: 1px solid rgba(150&comma; 150&comma; 150&comma; 0.2); font-weight: bold; font-size: 18px; color: inherit;'>Especificaciones T\u00e9cnicas<\/div>\n<div style='padding: 15px; color: inherit;'>\n<ul style='padding-left: 20px; margin: 0; font-size: 14px; list-style-type: disc;'>\n<li style='margin-bottom: 5px;'><strong>Tama\u00f1o:<\/strong> Para tuber\u00eda de 3\/4&#8217;&comma; 1&#8242; y 1 1\/4&#8242;<\/li>\n<li style='margin-bottom: 5px;'><strong>Material:<\/strong> L\u00e1mina galvanizada (G60)<\/li>\n<li style='margin-bottom: 5px;'><strong>Modelo:<\/strong> CH-PSU-EZ<\/li>\n<li style='margin-bottom: 5px;'><strong>Peso:<\/strong> 5 kg<\/li>\n<li style='margin-bottom: 5px;'><strong>Dimensiones:<\/strong> 141.6 mm x 8.09 mm<\/li>\n<\/ul><\/div>\n<\/p><\/div>\n<p> <!-- Secci\u00f3n de normas de referencia --> <\/p>\n<div style='flex: 1 1 250px; border: 1px solid rgba(150&comma; 150&comma; 150&comma; 0.4); border-radius: 8px; overflow: hidden; display: flex; flex-direction: column;'>\n<div style='padding: 15px; border-bottom: 1px solid rgba(150&comma; 150&comma; 150&comma; 0.2); font-weight: bold; font-size: 18px; color: inherit;'>Normas de Referencia<\/div>\n<div style='padding: 15px; color: inherit;'>\n<h4 style='font-size: 16px; margin-top: 0; margin-bottom: 10px; color: inherit; opacity: 0.9;'>Nacionales:<\/h4>\n<ul style='padding-left: 20px; margin: 0 0 15px 0; font-size: 14px; list-style-type: disc;'>\n<li style='margin-bottom: 5px;'>NMX-D-122<\/li>\n<li style='margin-bottom: 5px;'>NMX-H-074<\/li>\n<li style='margin-bottom: 5px;'>NMX-004<\/li>\n<li style='margin-bottom: 5px;'>NMX-013<\/li>\n<\/ul>\n<h4 style='font-size: 16px; margin-top: 0; margin-bottom: 10px; color: inherit; opacity: 0.9;'>Internacionales:<\/h4>\n<ul style='padding-left: 20px; margin: 0; font-size: 14px; list-style-type: disc;'>\n<li style='margin-bottom: 5px;'>ASTM 635A<\/li>\n<li style='margin-bottom: 5px;'>NF A 91-102<\/li>\n<li style='margin-bottom: 5px;'>NF A 91-121<\/li>\n<li style='margin-bottom: 5px;'>NF A 91-122<\/li>\n<li style='margin-bottom: 5px;'>NFX 41002<\/li>\n<li style='margin-bottom: 5px;'>NFEN 12330<\/li>\n<li style='margin-bottom: 5px;'>IMQ &#038; NF IEC-61537<\/li>\n<\/ul><\/div>\n<\/p><\/div>\n<\/p><\/div>\n<p> <!-- Secci\u00f3n de aplicaciones --> <\/p>\n<div style='display: flex; flex-wrap: wrap; gap: 30px; margin-bottom: 30px;'>\n<div style='flex: 1 1 300px; min-width: 280px;'>\n<h3 style='font-size: 22px; border-bottom: 2px solid currentColor; padding-bottom: 5px; margin-top: 0; color: inherit; opacity: 0.8;'>Aplicaciones<\/h3>\n<ul style='padding-left: 20px; font-size: 15px; color: inherit;'>\n<li style='margin-bottom: 5px;'>Salida a tubo<\/li>\n<li style='margin-bottom: 5px;'>Sistemas de plomer\u00eda<\/li>\n<li style='margin-bottom: 5px;'>Instalaciones industriales<\/li>\n<li style='margin-bottom: 5px;'>Sistemas de distribuci\u00f3n de fluidos<\/li>\n<\/ul><\/div>\n<\/p><\/div>\n<p> <!-- Separador --> <\/p>\n<hr style='border: 0; border-top: 1px solid rgba(150&comma; 150&comma; 150&comma; 0.3); margin: 30px 0;'> <\/div>\n","protected":false},"excerpt":{"rendered":"<p>Placa salida a tubo autom\u00e1tica para tuber\u00eda de 3\/4, 1 y 1 1\/4<\/p>\n","protected":false},"featured_media":8612,"comment_status":"open","ping_status":"closed","template":"","meta":[],"product_brand":[],"product_cat":[597],"product_tag":[93,580,593],"class_list":{"0":"post-8613","1":"product","2":"type-product","3":"status-publish","4":"has-post-thumbnail","6":"product_cat-accesorios-charola","7":"product_tag-accesorios","8":"product_tag-charofil","9":"product_tag-charola","11":"first","12":"instock","13":"sale","14":"shipping-taxable","15":"purchasable","16":"product-type-simple"},"_links":{"self":[{"href":"https:\/\/soydeaqui.ddns.net\/pachuca\/index.php\/wp-json\/wp\/v2\/product\/8613","targetHints":{"allow":["GET"]}}],"collection":[{"href":"https:\/\/soydeaqui.ddns.net\/pachuca\/index.php\/wp-json\/wp\/v2\/product"}],"about":[{"href":"https:\/\/soydeaqui.ddns.net\/pachuca\/index.php\/wp-json\/wp\/v2\/types\/product"}],"replies":[{"embeddable":true,"href":"https:\/\/soydeaqui.ddns.net\/pachuca\/index.php\/wp-json\/wp\/v2\/comments?post=8613"}],"wp:featuredmedia":[{"embeddable":true,"href":"https:\/\/soydeaqui.ddns.net\/pachuca\/index.php\/wp-json\/wp\/v2\/media\/8612"}],"wp:attachment":[{"href":"https:\/\/soydeaqui.ddns.net\/pachuca\/index.php\/wp-json\/wp\/v2\/media?parent=8613"}],"wp:term":[{"taxonomy":"product_brand","embeddable":true,"href":"https:\/\/soydeaqui.ddns.net\/pachuca\/index.php\/wp-json\/wp\/v2\/product_brand?post=8613"},{"taxonomy":"product_cat","embeddable":true,"href":"https:\/\/soydeaqui.ddns.net\/pachuca\/index.php\/wp-json\/wp\/v2\/product_cat?post=8613"},{"taxonomy":"product_tag","embeddable":true,"href":"https:\/\/soydeaqui.ddns.net\/pachuca\/index.php\/wp-json\/wp\/v2\/product_tag?post=8613"}],"curies":[{"name":"wp","href":"https:\/\/api.w.org\/{rel}","templated":true}]}}